{"id":13810,"date":"2020-10-06T01:17:17","date_gmt":"2020-10-06T01:17:17","guid":{"rendered":"https:\/\/www.48hopenhousebarcelona.org\/els-edificis\/palau-moja\/"},"modified":"2025-08-06T08:58:39","modified_gmt":"2025-08-06T08:58:39","slug":"palau-moja","status":"publish","type":"edificis","link":"https:\/\/www.48hopenhousebarcelona.org\/ca\/els-edificis\/palau-moja\/","title":{"rendered":"PALAU MOJA"},"content":{"rendered":"<p><span data-sheets-value=\"{&quot;1&quot;:2,&quot;2&quot;:&quot;Palau senyorial que va fer edificar el marqu\u00e8s de Moja ocupant una de les torres de la Porta Ferrissa, oberta a les muralles de la Rambla. El seu estil mostra els darrers moments del barroc, juntament amb influ\u00e8ncies del neoclassicisme franc\u00e8s. Al final del segle passat, el palau va ser adquirit pel marqu\u00e8s de Comillas i, despr\u00e9s d\u2019un llarg aband\u00f3, durant el qual va patir un parell d\u2019incendis, el 1984 va ser rehabilitat i adaptat com a seu de la Direcci\u00f3 General del Patrimoni Cultural de la Generalitat de Catalunya.&quot;}\" data-sheets-userformat=\"{&quot;2&quot;:15295,&quot;3&quot;:{&quot;1&quot;:0},&quot;4&quot;:{&quot;1&quot;:2,&quot;2&quot;:65535},&quot;5&quot;:{&quot;1&quot;:[{&quot;1&quot;:2,&quot;2&quot;:0,&quot;5&quot;:{&quot;1&quot;:2,&quot;2&quot;:0}},{&quot;1&quot;:0,&quot;2&quot;:0,&quot;3&quot;:3},{&quot;1&quot;:1,&quot;2&quot;:0,&quot;4&quot;:1}]},&quot;6&quot;:{&quot;1&quot;:[{&quot;1&quot;:2,&quot;2&quot;:0,&quot;5&quot;:{&quot;1&quot;:2,&quot;2&quot;:0}},{&quot;1&quot;:0,&quot;2&quot;:0,&quot;3&quot;:3},{&quot;1&quot;:1,&quot;2&quot;:0,&quot;4&quot;:1}]},&quot;7&quot;:{&quot;1&quot;:[{&quot;1&quot;:2,&quot;2&quot;:0,&quot;5&quot;:{&quot;1&quot;:2,&quot;2&quot;:0}},{&quot;1&quot;:0,&quot;2&quot;:0,&quot;3&quot;:3},{&quot;1&quot;:1,&quot;2&quot;:0,&quot;4&quot;:1}]},&quot;8&quot;:{&quot;1&quot;:[{&quot;1&quot;:2,&quot;2&quot;:0,&quot;5&quot;:{&quot;1&quot;:2,&quot;2&quot;:0}},{&quot;1&quot;:0,&quot;2&quot;:0,&quot;3&quot;:3},{&quot;1&quot;:1,&quot;2&quot;:0,&quot;4&quot;:1}]},&quot;10&quot;:0,&quot;11&quot;:4,&quot;12&quot;:0,&quot;14&quot;:{&quot;1&quot;:2,&quot;2&quot;:0},&quot;15&quot;:&quot;Calibri&quot;,&quot;16&quot;:8}\">Palau senyorial que va fer edificar el marqu\u00e8s de Moja ocupant una de les torres de la Porta Ferrissa, oberta a les muralles de la Rambla. El seu estil mostra els darrers moments del barroc, juntament amb influ\u00e8ncies del neoclassicisme franc\u00e8s. Al final del segle passat, el palau va ser adquirit pel marqu\u00e8s de Comillas i, despr\u00e9s d\u2019un llarg aband\u00f3, durant el qual va patir un parell d\u2019incendis, el 1984 va ser rehabilitat i adaptat com a seu de la Direcci\u00f3 General del Patrimoni Cultural de la Generalitat de Catalunya.<\/span><\/p>\n","protected":false},"featured_media":31381,"template":"","tags":[],"edicions":[993,1038,1066,1087],"obert_per":[343,345],"zones":[1074,999],"seccions":[],"transports":[351],"estils":[409],"usos_actuals":[365],"graella":[],"class_list":["post-13810","edificis","type-edificis","status-publish","has-post-thumbnail","hentry","edicions-993","edicions-1038","edicions-1066","edicions-2025-2","obert_per-dissabte-tarda","obert_per-diumenge-tarda","zones-barcelona","zones-centre-2","transports-l3","estils-neoclassicisme","usos_actuals-administratiu"],"acf":[],"_links":{"self":[{"href":"https:\/\/www.48hopenhousebarcelona.org\/ca\/wp-json\/wp\/v2\/edificis\/13810","targetHints":{"allow":["GET"]}}],"collection":[{"href":"https:\/\/www.48hopenhousebarcelona.org\/ca\/wp-json\/wp\/v2\/edificis"}],"about":[{"href":"https:\/\/www.48hopenhousebarcelona.org\/ca\/wp-json\/wp\/v2\/types\/edificis"}],"wp:featuredmedia":[{"embeddable":true,"href":"https:\/\/www.48hopenhousebarcelona.org\/ca\/wp-json\/wp\/v2\/media\/31381"}],"wp:attachment":[{"href":"https:\/\/www.48hopenhousebarcelona.org\/ca\/wp-json\/wp\/v2\/media?parent=13810"}],"wp:term":[{"taxonomy":"post_tag","embeddable":true,"href":"https:\/\/www.48hopenhousebarcelona.org\/ca\/wp-json\/wp\/v2\/tags?post=13810"},{"taxonomy":"edicions","embeddable":true,"href":"https:\/\/www.48hopenhousebarcelona.org\/ca\/wp-json\/wp\/v2\/edicions?post=13810"},{"taxonomy":"obert_per","embeddable":true,"href":"https:\/\/www.48hopenhousebarcelona.org\/ca\/wp-json\/wp\/v2\/obert_per?post=13810"},{"taxonomy":"zones","embeddable":true,"href":"https:\/\/www.48hopenhousebarcelona.org\/ca\/wp-json\/wp\/v2\/zones?post=13810"},{"taxonomy":"seccions","embeddable":true,"href":"https:\/\/www.48hopenhousebarcelona.org\/ca\/wp-json\/wp\/v2\/seccions?post=13810"},{"taxonomy":"transports","embeddable":true,"href":"https:\/\/www.48hopenhousebarcelona.org\/ca\/wp-json\/wp\/v2\/transports?post=13810"},{"taxonomy":"estils","embeddable":true,"href":"https:\/\/www.48hopenhousebarcelona.org\/ca\/wp-json\/wp\/v2\/estils?post=13810"},{"taxonomy":"usos_actuals","embeddable":true,"href":"https:\/\/www.48hopenhousebarcelona.org\/ca\/wp-json\/wp\/v2\/usos_actuals?post=13810"},{"taxonomy":"graella","embeddable":true,"href":"https:\/\/www.48hopenhousebarcelona.org\/ca\/wp-json\/wp\/v2\/graella?post=13810"}],"curies":[{"name":"wp","href":"https:\/\/api.w.org\/{rel}","templated":true}]}}

<p><span data-sheets-value="{&quot;1&quot;:2,&quot;2&quot;:&quot;Palau senyorial que va fer edificar el marquès de Moja ocupant una de les torres de la Porta Ferrissa, oberta a les muralles de la Rambla. El seu estil mostra els darrers moments del barroc, juntament amb influències del neoclassicisme francès. Al final del segle passat, el palau va ser adquirit pel marquès de Comillas i, després d’un llarg abandó, durant el qual va patir un parell d’incendis, el 1984 va ser rehabilitat i adaptat com a seu de la Direcció General del Patrimoni Cultural de la Generalitat de Catalunya.&quot;}" data-sheets-userformat="{&quot;2&quot;:15295,&quot;3&quot;:{&quot;1&quot;:0},&quot;4&quot;:{&quot;1&quot;:2,&quot;2&quot;:65535},&quot;5&quot;:{&quot;1&quot;:[{&quot;1&quot;:2,&quot;2&quot;:0,&quot;5&quot;:{&quot;1&quot;:2,&quot;2&quot;:0}},{&quot;1&quot;:0,&quot;2&quot;:0,&quot;3&quot;:3},{&quot;1&quot;:1,&quot;2&quot;:0,&quot;4&quot;:1}]},&quot;6&quot;:{&quot;1&quot;:[{&quot;1&quot;:2,&quot;2&quot;:0,&quot;5&quot;:{&quot;1&quot;:2,&quot;2&quot;:0}},{&quot;1&quot;:0,&quot;2&quot;:0,&quot;3&quot;:3},{&quot;1&quot;:1,&quot;2&quot;:0,&quot;4&quot;:1}]},&quot;7&quot;:{&quot;1&quot;:[{&quot;1&quot;:2,&quot;2&quot;:0,&quot;5&quot;:{&quot;1&quot;:2,&quot;2&quot;:0}},{&quot;1&quot;:0,&quot;2&quot;:0,&quot;3&quot;:3},{&quot;1&quot;:1,&quot;2&quot;:0,&quot;4&quot;:1}]},&quot;8&quot;:{&quot;1&quot;:[{&quot;1&quot;:2,&quot;2&quot;:0,&quot;5&quot;:{&quot;1&quot;:2,&quot;2&quot;:0}},{&quot;1&quot;:0,&quot;2&quot;:0,&quot;3&quot;:3},{&quot;1&quot;:1,&quot;2&quot;:0,&quot;4&quot;:1}]},&quot;10&quot;:0,&quot;11&quot;:4,&quot;12&quot;:0,&quot;14&quot;:{&quot;1&quot;:2,&quot;2&quot;:0},&quot;15&quot;:&quot;Calibri&quot;,&quot;16&quot;:8}">Palau senyorial que va fer edificar el marquès de Moja ocupant una de les torres de la Porta Ferrissa, oberta a les muralles de la Rambla. El seu estil mostra els darrers moments del barroc, juntament amb influències del neoclassicisme francès. Al final del segle passat, el palau va ser adquirit pel marquès de Comillas i, després d’un llarg abandó, durant el qual va patir un parell d’incendis, el 1984 va ser rehabilitat i adaptat com a seu de la Direcció General del Patrimoni Cultural de la Generalitat de Catalunya.</span></p>
