{"id":22230,"date":"2020-10-06T01:49:11","date_gmt":"2020-10-06T01:49:11","guid":{"rendered":"https:\/\/www.48hopenhousebarcelona.org\/els-edificis\/biblioteca-arus-2\/"},"modified":"2025-08-06T09:34:36","modified_gmt":"2025-08-06T09:34:36","slug":"biblioteca-arus","status":"publish","type":"edificis","link":"https:\/\/www.48hopenhousebarcelona.org\/ca\/els-edificis\/biblioteca-arus\/","title":{"rendered":"BIBLIOTECA AR\u00daS"},"content":{"rendered":"<p><span data-sheets-value=\"{&quot;1&quot;:2,&quot;2&quot;:&quot;Un fanal modernista de ferro forjat i vidres emplomats de colors, penjat a la fa\u00e7ana, assenyala l\u2019acc\u00e9s a aquest edifici, que, origin\u00e0riament, va ser constru\u00eft com a edifici d\u2019habitatges. El desig del propietari de fundar una biblioteca p\u00fablica va fer que quan va morir es comenc\u00e9s un proc\u00e9s de transformacions de l\u2019edifici per adequar-lo al nou \u00fas. L\u2019arquitecte i els artesans que van participar en aquest projecte van donar a la biblioteca un acc\u00e9s independent des del carrer, amb una escala de marbre de tres trams, i hi van introduir materials nobles per donar qualitat p\u00fablica als antics espais privats de l\u2019habitatge. Enguany, la biblioteca p\u00fablica, convertida en centre de recerca especialitzat en moviments socials contemporanis i producci\u00f3 bibliogr\u00e0fica dels segles XIX i inicis del XX, celebra els 125 anys de la seva inauguraci\u00f3.&quot;}\" data-sheets-userformat=\"{&quot;2&quot;:15293,&quot;3&quot;:{&quot;1&quot;:0},&quot;5&quot;:{&quot;1&quot;:[{&quot;1&quot;:2,&quot;2&quot;:0,&quot;5&quot;:{&quot;1&quot;:2,&quot;2&quot;:0}},{&quot;1&quot;:0,&quot;2&quot;:0,&quot;3&quot;:3},{&quot;1&quot;:1,&quot;2&quot;:0,&quot;4&quot;:1}]},&quot;6&quot;:{&quot;1&quot;:[{&quot;1&quot;:2,&quot;2&quot;:0,&quot;5&quot;:{&quot;1&quot;:2,&quot;2&quot;:0}},{&quot;1&quot;:0,&quot;2&quot;:0,&quot;3&quot;:3},{&quot;1&quot;:1,&quot;2&quot;:0,&quot;4&quot;:1}]},&quot;7&quot;:{&quot;1&quot;:[{&quot;1&quot;:2,&quot;2&quot;:0,&quot;5&quot;:{&quot;1&quot;:2,&quot;2&quot;:0}},{&quot;1&quot;:0,&quot;2&quot;:0,&quot;3&quot;:3},{&quot;1&quot;:1,&quot;2&quot;:0,&quot;4&quot;:1}]},&quot;8&quot;:{&quot;1&quot;:[{&quot;1&quot;:2,&quot;2&quot;:0,&quot;5&quot;:{&quot;1&quot;:2,&quot;2&quot;:0}},{&quot;1&quot;:0,&quot;2&quot;:0,&quot;3&quot;:3},{&quot;1&quot;:1,&quot;2&quot;:0,&quot;4&quot;:1}]},&quot;10&quot;:0,&quot;11&quot;:4,&quot;12&quot;:0,&quot;14&quot;:{&quot;1&quot;:2,&quot;2&quot;:0},&quot;15&quot;:&quot;Calibri&quot;,&quot;16&quot;:8}\">Un fanal modernista de ferro forjat i vidres emplomats de colors, penjat a la fa\u00e7ana, assenyala l\u2019acc\u00e9s a aquest edifici, que, origin\u00e0riament, va ser constru\u00eft com a edifici d\u2019habitatges. El desig del propietari de fundar una biblioteca p\u00fablica va fer que quan va morir es comenc\u00e9s un proc\u00e9s de transformacions de l\u2019edifici per adequar-lo al nou \u00fas. L\u2019arquitecte i els artesans que van participar en aquest projecte van donar a la biblioteca un acc\u00e9s independent des del carrer, amb una escala de marbre de tres trams, i hi van introduir materials nobles per donar qualitat p\u00fablica als antics espais privats de l\u2019habitatge. Enguany, la biblioteca p\u00fablica, convertida en centre de recerca especialitzat en moviments socials contemporanis i producci\u00f3 bibliogr\u00e0fica dels segles XIX i inicis del XX, celebra els 125 anys de la seva inauguraci\u00f3.<\/span><\/p>\n","protected":false},"featured_media":29880,"template":"","tags":[],"edicions":[993,1038,1066,1087],"obert_per":[342],"zones":[938,1074],"seccions":[],"transports":[348,366],"estils":[388],"usos_actuals":[363],"graella":[],"class_list":["post-22230","edificis","type-edificis","status-publish","has-post-thumbnail","hentry","edicions-993","edicions-1038","edicions-1066","edicions-2025-2","obert_per-dissabte-mati","zones-dreta-de-leixample-2","zones-barcelona","transports-l1","transports-l2","estils-historicisme","usos_actuals-cultural"],"acf":[],"_links":{"self":[{"href":"https:\/\/www.48hopenhousebarcelona.org\/ca\/wp-json\/wp\/v2\/edificis\/22230","targetHints":{"allow":["GET"]}}],"collection":[{"href":"https:\/\/www.48hopenhousebarcelona.org\/ca\/wp-json\/wp\/v2\/edificis"}],"about":[{"href":"https:\/\/www.48hopenhousebarcelona.org\/ca\/wp-json\/wp\/v2\/types\/edificis"}],"wp:featuredmedia":[{"embeddable":true,"href":"https:\/\/www.48hopenhousebarcelona.org\/ca\/wp-json\/wp\/v2\/media\/29880"}],"wp:attachment":[{"href":"https:\/\/www.48hopenhousebarcelona.org\/ca\/wp-json\/wp\/v2\/media?parent=22230"}],"wp:term":[{"taxonomy":"post_tag","embeddable":true,"href":"https:\/\/www.48hopenhousebarcelona.org\/ca\/wp-json\/wp\/v2\/tags?post=22230"},{"taxonomy":"edicions","embeddable":true,"href":"https:\/\/www.48hopenhousebarcelona.org\/ca\/wp-json\/wp\/v2\/edicions?post=22230"},{"taxonomy":"obert_per","embeddable":true,"href":"https:\/\/www.48hopenhousebarcelona.org\/ca\/wp-json\/wp\/v2\/obert_per?post=22230"},{"taxonomy":"zones","embeddable":true,"href":"https:\/\/www.48hopenhousebarcelona.org\/ca\/wp-json\/wp\/v2\/zones?post=22230"},{"taxonomy":"seccions","embeddable":true,"href":"https:\/\/www.48hopenhousebarcelona.org\/ca\/wp-json\/wp\/v2\/seccions?post=22230"},{"taxonomy":"transports","embeddable":true,"href":"https:\/\/www.48hopenhousebarcelona.org\/ca\/wp-json\/wp\/v2\/transports?post=22230"},{"taxonomy":"estils","embeddable":true,"href":"https:\/\/www.48hopenhousebarcelona.org\/ca\/wp-json\/wp\/v2\/estils?post=22230"},{"taxonomy":"usos_actuals","embeddable":true,"href":"https:\/\/www.48hopenhousebarcelona.org\/ca\/wp-json\/wp\/v2\/usos_actuals?post=22230"},{"taxonomy":"graella","embeddable":true,"href":"https:\/\/www.48hopenhousebarcelona.org\/ca\/wp-json\/wp\/v2\/graella?post=22230"}],"curies":[{"name":"wp","href":"https:\/\/api.w.org\/{rel}","templated":true}]}}

BIBLIOTECA ARÚS

<p><span data-sheets-value="{&quot;1&quot;:2,&quot;2&quot;:&quot;Un fanal modernista de ferro forjat i vidres emplomats de colors, penjat a la façana, assenyala l’accés a aquest edifici, que, originàriament, va ser construït com a edifici d’habitatges. El desig del propietari de fundar una biblioteca pública va fer que quan va morir es comencés un procés de transformacions de l’edifici per adequar-lo al nou ús. L’arquitecte i els artesans que van participar en aquest projecte van donar a la biblioteca un accés independent des del carrer, amb una escala de marbre de tres trams, i hi van introduir materials nobles per donar qualitat pública als antics espais privats de l’habitatge. Enguany, la biblioteca pública, convertida en centre de recerca especialitzat en moviments socials contemporanis i producció bibliogràfica dels segles XIX i inicis del XX, celebra els 125 anys de la seva inauguració.&quot;}" data-sheets-userformat="{&quot;2&quot;:15293,&quot;3&quot;:{&quot;1&quot;:0},&quot;5&quot;:{&quot;1&quot;:[{&quot;1&quot;:2,&quot;2&quot;:0,&quot;5&quot;:{&quot;1&quot;:2,&quot;2&quot;:0}},{&quot;1&quot;:0,&quot;2&quot;:0,&quot;3&quot;:3},{&quot;1&quot;:1,&quot;2&quot;:0,&quot;4&quot;:1}]},&quot;6&quot;:{&quot;1&quot;:[{&quot;1&quot;:2,&quot;2&quot;:0,&quot;5&quot;:{&quot;1&quot;:2,&quot;2&quot;:0}},{&quot;1&quot;:0,&quot;2&quot;:0,&quot;3&quot;:3},{&quot;1&quot;:1,&quot;2&quot;:0,&quot;4&quot;:1}]},&quot;7&quot;:{&quot;1&quot;:[{&quot;1&quot;:2,&quot;2&quot;:0,&quot;5&quot;:{&quot;1&quot;:2,&quot;2&quot;:0}},{&quot;1&quot;:0,&quot;2&quot;:0,&quot;3&quot;:3},{&quot;1&quot;:1,&quot;2&quot;:0,&quot;4&quot;:1}]},&quot;8&quot;:{&quot;1&quot;:[{&quot;1&quot;:2,&quot;2&quot;:0,&quot;5&quot;:{&quot;1&quot;:2,&quot;2&quot;:0}},{&quot;1&quot;:0,&quot;2&quot;:0,&quot;3&quot;:3},{&quot;1&quot;:1,&quot;2&quot;:0,&quot;4&quot;:1}]},&quot;10&quot;:0,&quot;11&quot;:4,&quot;12&quot;:0,&quot;14&quot;:{&quot;1&quot;:2,&quot;2&quot;:0},&quot;15&quot;:&quot;Calibri&quot;,&quot;16&quot;:8}">Un fanal modernista de ferro forjat i vidres emplomats de colors, penjat a la façana, assenyala l’accés a aquest edifici, que, originàriament, va ser construït com a edifici d’habitatges. El desig del propietari de fundar una biblioteca pública va fer que quan va morir es comencés un procés de transformacions de l’edifici per adequar-lo al nou ús. L’arquitecte i els artesans que van participar en aquest projecte van donar a la biblioteca un accés independent des del carrer, amb una escala de marbre de tres trams, i hi van introduir materials nobles per donar qualitat pública als antics espais privats de l’habitatge. Enguany, la biblioteca pública, convertida en centre de recerca especialitzat en moviments socials contemporanis i producció bibliogràfica dels segles XIX i inicis del XX, celebra els 125 anys de la seva inauguració.</span></p>
