{"id":22656,"date":"2020-10-06T01:53:06","date_gmt":"2020-10-06T01:53:06","guid":{"rendered":"https:\/\/www.48hopenhousebarcelona.org\/els-edificis\/habitatge-cooperatiu-cirerers\/"},"modified":"2025-10-10T10:47:28","modified_gmt":"2025-10-10T10:47:28","slug":"habitatge-cooperatiu-cirerers","status":"publish","type":"edificis","link":"https:\/\/www.48hopenhousebarcelona.org\/ca\/els-edificis\/habitatge-cooperatiu-cirerers\/","title":{"rendered":"ITINERARI L&#8217;HABITATGE COOPERATIU A NOU BARRIS"},"content":{"rendered":"<p><span data-sheets-value=\"{&quot;1&quot;:2,&quot;2&quot;:&quot;Projecte guanyador del concurs p\u00fablic de solars municipals destinats a habitatge cooperatiu en cessi\u00f3 d\u2019\u00fas. L\u2019edifici t\u00e9 un programa de 32 habitatges amb espais comunitaris i, amb vuit plantes d\u2019al\u00e7ada, ser\u00e0 l\u2019edifici m\u00e9s alt de l\u2019Estat constru\u00eft amb fusta (estructura de panells de fusta contralaminada CLT). El bloc es desenvolupa al voltant de tres conceptes principals: un model de cohabitatge i cessi\u00f3 d\u2019\u00fas (nou model de conviv\u00e8ncia i de tinen\u00e7a); una aportaci\u00f3 urban\u00edstica (la soluci\u00f3 del projecte crea un joc d\u2019al\u00e7ades per adaptar-se a l\u2019entorn, que s\u2019aprofita com a espai comunitari de l\u2019edifici i evita l\u2019aparici\u00f3 d\u2019una gran mitgera en el paisatge urb\u00e0), i un comprom\u00eds mediambiental (es tracta d\u2019un projecte d\u2019edifici passiu, amb una m\u00ednima demanda energ\u00e8tica, pel que fa a climatitzaci\u00f3 i producci\u00f3 d\u2019aigua calenta, i un edifici ecol\u00f2gic, que fa servir materials preferentment org\u00e0nics amb la m\u00ednima petjada ecol\u00f2gica). A m\u00e9s, el projecte preveu l\u2019exist\u00e8ncia d\u2019un hort urb\u00e0 a la coberta i un economat en planta baixa, exemple de com els conceptes que giren al voltant de l\u2019alimentaci\u00f3 sostenible transformen la ciutat i la seva arquitectura.&quot;}\" data-sheets-userformat=\"{&quot;2&quot;:15295,&quot;3&quot;:{&quot;1&quot;:0},&quot;4&quot;:{&quot;1&quot;:2,&quot;2&quot;:14281427},&quot;5&quot;:{&quot;1&quot;:[{&quot;1&quot;:2,&quot;2&quot;:0,&quot;5&quot;:{&quot;1&quot;:2,&quot;2&quot;:0}},{&quot;1&quot;:0,&quot;2&quot;:0,&quot;3&quot;:3},{&quot;1&quot;:1,&quot;2&quot;:0,&quot;4&quot;:1}]},&quot;6&quot;:{&quot;1&quot;:[{&quot;1&quot;:2,&quot;2&quot;:0,&quot;5&quot;:{&quot;1&quot;:2,&quot;2&quot;:0}},{&quot;1&quot;:0,&quot;2&quot;:0,&quot;3&quot;:3},{&quot;1&quot;:1,&quot;2&quot;:0,&quot;4&quot;:1}]},&quot;7&quot;:{&quot;1&quot;:[{&quot;1&quot;:2,&quot;2&quot;:0,&quot;5&quot;:{&quot;1&quot;:2,&quot;2&quot;:0}},{&quot;1&quot;:0,&quot;2&quot;:0,&quot;3&quot;:3},{&quot;1&quot;:1,&quot;2&quot;:0,&quot;4&quot;:1}]},&quot;8&quot;:{&quot;1&quot;:[{&quot;1&quot;:2,&quot;2&quot;:0,&quot;5&quot;:{&quot;1&quot;:2,&quot;2&quot;:0}},{&quot;1&quot;:0,&quot;2&quot;:0,&quot;3&quot;:3},{&quot;1&quot;:1,&quot;2&quot;:0,&quot;4&quot;:1}]},&quot;10&quot;:0,&quot;11&quot;:4,&quot;12&quot;:0,&quot;14&quot;:{&quot;1&quot;:2,&quot;2&quot;:0},&quot;15&quot;:&quot;Calibri&quot;,&quot;16&quot;:8}\">Projecte guanyador del concurs p\u00fablic de solars municipals destinats a habitatge cooperatiu en cessi\u00f3 d\u2019\u00fas. L\u2019edifici t\u00e9 un programa de 32 habitatges amb espais comunitaris i, amb vuit plantes d\u2019al\u00e7ada, ser\u00e0 l\u2019edifici m\u00e9s alt de l\u2019Estat constru\u00eft amb fusta (estructura de panells de fusta contralaminada CLT). El bloc es desenvolupa al voltant de tres conceptes principals: un model de cohabitatge i cessi\u00f3 d\u2019\u00fas (nou model de conviv\u00e8ncia i de tinen\u00e7a); una aportaci\u00f3 urban\u00edstica (la soluci\u00f3 del projecte crea un joc d\u2019al\u00e7ades per adaptar-se a l\u2019entorn, que s\u2019aprofita com a espai comunitari de l\u2019edifici i evita l\u2019aparici\u00f3 d\u2019una gran mitgera en el paisatge urb\u00e0), i un comprom\u00eds mediambiental (es tracta d\u2019un projecte d\u2019edifici passiu, amb una m\u00ednima demanda energ\u00e8tica, pel que fa a climatitzaci\u00f3 i producci\u00f3 d\u2019aigua calenta, i un edifici ecol\u00f2gic, que fa servir materials preferentment org\u00e0nics amb la m\u00ednima petjada ecol\u00f2gica). A m\u00e9s, el projecte preveu l\u2019exist\u00e8ncia d\u2019un hort urb\u00e0 a la coberta i un economat en planta baixa, exemple de com els conceptes que giren al voltant de l\u2019alimentaci\u00f3 sostenible transformen la ciutat i la seva arquitectura.<\/span><\/p>\n<p>&nbsp;<\/p>\n<p>&nbsp;<\/p>\n","protected":false},"featured_media":39427,"template":"","tags":[],"edicions":[865,993,1038,1066,1087],"obert_per":[342],"zones":[408,1074],"seccions":[901,984,783,356],"transports":[352],"estils":[374],"usos_actuals":[375],"graella":[],"class_list":["post-22656","edificis","type-edificis","status-publish","has-post-thumbnail","hentry","edicions-865","edicions-993","edicions-1038","edicions-1066","edicions-2025-2","obert_per-dissabte-mati","zones-nou-barris","zones-barcelona","seccions-habitatge","seccions-inscripcio-previa","seccions-open-pro","seccions-open-social","transports-l4","estils-estils-contemporanis","usos_actuals-residencial"],"acf":[],"_links":{"self":[{"href":"https:\/\/www.48hopenhousebarcelona.org\/ca\/wp-json\/wp\/v2\/edificis\/22656","targetHints":{"allow":["GET"]}}],"collection":[{"href":"https:\/\/www.48hopenhousebarcelona.org\/ca\/wp-json\/wp\/v2\/edificis"}],"about":[{"href":"https:\/\/www.48hopenhousebarcelona.org\/ca\/wp-json\/wp\/v2\/types\/edificis"}],"wp:featuredmedia":[{"embeddable":true,"href":"https:\/\/www.48hopenhousebarcelona.org\/ca\/wp-json\/wp\/v2\/media\/39427"}],"wp:attachment":[{"href":"https:\/\/www.48hopenhousebarcelona.org\/ca\/wp-json\/wp\/v2\/media?parent=22656"}],"wp:term":[{"taxonomy":"post_tag","embeddable":true,"href":"https:\/\/www.48hopenhousebarcelona.org\/ca\/wp-json\/wp\/v2\/tags?post=22656"},{"taxonomy":"edicions","embeddable":true,"href":"https:\/\/www.48hopenhousebarcelona.org\/ca\/wp-json\/wp\/v2\/edicions?post=22656"},{"taxonomy":"obert_per","embeddable":true,"href":"https:\/\/www.48hopenhousebarcelona.org\/ca\/wp-json\/wp\/v2\/obert_per?post=22656"},{"taxonomy":"zones","embeddable":true,"href":"https:\/\/www.48hopenhousebarcelona.org\/ca\/wp-json\/wp\/v2\/zones?post=22656"},{"taxonomy":"seccions","embeddable":true,"href":"https:\/\/www.48hopenhousebarcelona.org\/ca\/wp-json\/wp\/v2\/seccions?post=22656"},{"taxonomy":"transports","embeddable":true,"href":"https:\/\/www.48hopenhousebarcelona.org\/ca\/wp-json\/wp\/v2\/transports?post=22656"},{"taxonomy":"estils","embeddable":true,"href":"https:\/\/www.48hopenhousebarcelona.org\/ca\/wp-json\/wp\/v2\/estils?post=22656"},{"taxonomy":"usos_actuals","embeddable":true,"href":"https:\/\/www.48hopenhousebarcelona.org\/ca\/wp-json\/wp\/v2\/usos_actuals?post=22656"},{"taxonomy":"graella","embeddable":true,"href":"https:\/\/www.48hopenhousebarcelona.org\/ca\/wp-json\/wp\/v2\/graella?post=22656"}],"curies":[{"name":"wp","href":"https:\/\/api.w.org\/{rel}","templated":true}]}}

<p><span data-sheets-value="{&quot;1&quot;:2,&quot;2&quot;:&quot;Projecte guanyador del concurs públic de solars municipals destinats a habitatge cooperatiu en cessió d’ús. L’edifici té un programa de 32 habitatges amb espais comunitaris i, amb vuit plantes d’alçada, serà l’edifici més alt de l’Estat construït amb fusta (estructura de panells de fusta contralaminada CLT). El bloc es desenvolupa al voltant de tres conceptes principals: un model de cohabitatge i cessió d’ús (nou model de convivència i de tinença); una aportació urbanística (la solució del projecte crea un joc d’alçades per adaptar-se a l’entorn, que s’aprofita com a espai comunitari de l’edifici i evita l’aparició d’una gran mitgera en el paisatge urbà), i un compromís mediambiental (es tracta d’un projecte d’edifici passiu, amb una mínima demanda energètica, pel que fa a climatització i producció d’aigua calenta, i un edifici ecològic, que fa servir materials preferentment orgànics amb la mínima petjada ecològica). A més, el projecte preveu l’existència d’un hort urbà a la coberta i un economat en planta baixa, exemple de com els conceptes que giren al voltant de l’alimentació sostenible transformen la ciutat i la seva arquitectura.&quot;}" data-sheets-userformat="{&quot;2&quot;:15295,&quot;3&quot;:{&quot;1&quot;:0},&quot;4&quot;:{&quot;1&quot;:2,&quot;2&quot;:14281427},&quot;5&quot;:{&quot;1&quot;:[{&quot;1&quot;:2,&quot;2&quot;:0,&quot;5&quot;:{&quot;1&quot;:2,&quot;2&quot;:0}},{&quot;1&quot;:0,&quot;2&quot;:0,&quot;3&quot;:3},{&quot;1&quot;:1,&quot;2&quot;:0,&quot;4&quot;:1}]},&quot;6&quot;:{&quot;1&quot;:[{&quot;1&quot;:2,&quot;2&quot;:0,&quot;5&quot;:{&quot;1&quot;:2,&quot;2&quot;:0}},{&quot;1&quot;:0,&quot;2&quot;:0,&quot;3&quot;:3},{&quot;1&quot;:1,&quot;2&quot;:0,&quot;4&quot;:1}]},&quot;7&quot;:{&quot;1&quot;:[{&quot;1&quot;:2,&quot;2&quot;:0,&quot;5&quot;:{&quot;1&quot;:2,&quot;2&quot;:0}},{&quot;1&quot;:0,&quot;2&quot;:0,&quot;3&quot;:3},{&quot;1&quot;:1,&quot;2&quot;:0,&quot;4&quot;:1}]},&quot;8&quot;:{&quot;1&quot;:[{&quot;1&quot;:2,&quot;2&quot;:0,&quot;5&quot;:{&quot;1&quot;:2,&quot;2&quot;:0}},{&quot;1&quot;:0,&quot;2&quot;:0,&quot;3&quot;:3},{&quot;1&quot;:1,&quot;2&quot;:0,&quot;4&quot;:1}]},&quot;10&quot;:0,&quot;11&quot;:4,&quot;12&quot;:0,&quot;14&quot;:{&quot;1&quot;:2,&quot;2&quot;:0},&quot;15&quot;:&quot;Calibri&quot;,&quot;16&quot;:8}">Projecte guanyador del concurs públic de solars municipals destinats a habitatge cooperatiu en cessió d’ús. L’edifici té un programa de 32 habitatges amb espais comunitaris i, amb vuit plantes d’alçada, serà l’edifici més alt de l’Estat construït amb fusta (estructura de panells de fusta contralaminada CLT). El bloc es desenvolupa al voltant de tres conceptes principals: un model de cohabitatge i cessió d’ús (nou model de convivència i de tinença); una aportació urbanística (la solució del projecte crea un joc d’alçades per adaptar-se a l’entorn, que s’aprofita com a espai comunitari de l’edifici i evita l’aparició d’una gran mitgera en el paisatge urbà), i un compromís mediambiental (es tracta d’un projecte d’edifici passiu, amb una mínima demanda energètica, pel que fa a climatització i producció d’aigua calenta, i un edifici ecològic, que fa servir materials preferentment orgànics amb la mínima petjada ecològica). A més, el projecte preveu l’existència d’un hort urbà a la coberta i un economat en planta baixa, exemple de com els conceptes que giren al voltant de l’alimentació sostenible transformen la ciutat i la seva arquitectura.</span></p>
<p>&nbsp;</p>
<p>&nbsp;</p>
