{"id":23030,"date":"2020-10-06T01:56:18","date_gmt":"2020-10-06T01:56:18","guid":{"rendered":"https:\/\/www.48hopenhousebarcelona.org\/els-edificis\/museu-nacional-dart-de-catalunya-2\/"},"modified":"2025-09-05T11:54:41","modified_gmt":"2025-09-05T11:54:41","slug":"museu-nacional-dart-de-catalunya","status":"publish","type":"edificis","link":"https:\/\/www.48hopenhousebarcelona.org\/ca\/els-edificis\/museu-nacional-dart-de-catalunya\/","title":{"rendered":"MUSEU NACIONAL D&#8217;ART DE CATALUNYA"},"content":{"rendered":"<p><span data-sheets-value=\"{&quot;1&quot;:2,&quot;2&quot;:&quot;El Palau Nacional, constru\u00eft per a l\u2019Exposici\u00f3 Internacional de l\u2019any 1929, \u00e9s un edifici de gaireb\u00e9 50.000 m\u00b2 que s\u2019adscriu als models del classicisme acad\u00e8mic imperants a l\u2019\u00e8poca. La decoraci\u00f3 interior del palau es va encarregar a reconeguts pintors i escultors del moment, representants, majorit\u00e0riament, del moviment est\u00e8tic i cultural del noucentisme. Actualment, despr\u00e9s d\u2019una reforma important, a c\u00e0rrec de Gae Aulenti, que va tenir lloc als anys noranta, acull la seu del Museu Nacional d\u2019Art de Catalunya.&quot;}\" data-sheets-userformat=\"{&quot;2&quot;:15293,&quot;3&quot;:{&quot;1&quot;:0},&quot;5&quot;:{&quot;1&quot;:[{&quot;1&quot;:2,&quot;2&quot;:0,&quot;5&quot;:{&quot;1&quot;:2,&quot;2&quot;:0}},{&quot;1&quot;:0,&quot;2&quot;:0,&quot;3&quot;:3},{&quot;1&quot;:1,&quot;2&quot;:0,&quot;4&quot;:1}]},&quot;6&quot;:{&quot;1&quot;:[{&quot;1&quot;:2,&quot;2&quot;:0,&quot;5&quot;:{&quot;1&quot;:2,&quot;2&quot;:0}},{&quot;1&quot;:0,&quot;2&quot;:0,&quot;3&quot;:3},{&quot;1&quot;:1,&quot;2&quot;:0,&quot;4&quot;:1}]},&quot;7&quot;:{&quot;1&quot;:[{&quot;1&quot;:2,&quot;2&quot;:0,&quot;5&quot;:{&quot;1&quot;:2,&quot;2&quot;:0}},{&quot;1&quot;:0,&quot;2&quot;:0,&quot;3&quot;:3},{&quot;1&quot;:1,&quot;2&quot;:0,&quot;4&quot;:1}]},&quot;8&quot;:{&quot;1&quot;:[{&quot;1&quot;:2,&quot;2&quot;:0,&quot;5&quot;:{&quot;1&quot;:2,&quot;2&quot;:0}},{&quot;1&quot;:0,&quot;2&quot;:0,&quot;3&quot;:3},{&quot;1&quot;:1,&quot;2&quot;:0,&quot;4&quot;:1}]},&quot;10&quot;:0,&quot;11&quot;:4,&quot;12&quot;:0,&quot;14&quot;:{&quot;1&quot;:2,&quot;2&quot;:0},&quot;15&quot;:&quot;Calibri&quot;,&quot;16&quot;:8}\">El Palau Nacional, constru\u00eft per a l\u2019Exposici\u00f3 Internacional de l\u2019any 1929, \u00e9s un edifici de gaireb\u00e9 50.000 m\u00b2 que s\u2019adscriu als models del classicisme acad\u00e8mic imperants a l\u2019\u00e8poca. La decoraci\u00f3 interior del palau es va encarregar a reconeguts pintors i escultors del moment, representants, majorit\u00e0riament, del moviment est\u00e8tic i cultural del noucentisme. Actualment, despr\u00e9s d\u2019una reforma important, a c\u00e0rrec de Gae Aulenti, que va tenir lloc als anys noranta, acull la seu del Museu Nacional d\u2019Art de Catalunya.<\/span><\/p>\n","protected":false},"featured_media":40676,"template":"","tags":[],"edicions":[865,993,1038,1066,1087],"obert_per":[344],"zones":[934,1074],"seccions":[1003],"transports":[348,351],"estils":[1062],"usos_actuals":[371],"graella":[],"class_list":["post-23030","edificis","type-edificis","status-publish","has-post-thumbnail","hentry","edicions-865","edicions-993","edicions-1038","edicions-1066","edicions-2025-2","obert_per-diumenge-mati","zones-montjuic-2","zones-barcelona","seccions-vistes-panoramiques","transports-l1","transports-l3","estils-historic-contemporani","usos_actuals-museu"],"acf":[],"_links":{"self":[{"href":"https:\/\/www.48hopenhousebarcelona.org\/ca\/wp-json\/wp\/v2\/edificis\/23030","targetHints":{"allow":["GET"]}}],"collection":[{"href":"https:\/\/www.48hopenhousebarcelona.org\/ca\/wp-json\/wp\/v2\/edificis"}],"about":[{"href":"https:\/\/www.48hopenhousebarcelona.org\/ca\/wp-json\/wp\/v2\/types\/edificis"}],"wp:featuredmedia":[{"embeddable":true,"href":"https:\/\/www.48hopenhousebarcelona.org\/ca\/wp-json\/wp\/v2\/media\/40676"}],"wp:attachment":[{"href":"https:\/\/www.48hopenhousebarcelona.org\/ca\/wp-json\/wp\/v2\/media?parent=23030"}],"wp:term":[{"taxonomy":"post_tag","embeddable":true,"href":"https:\/\/www.48hopenhousebarcelona.org\/ca\/wp-json\/wp\/v2\/tags?post=23030"},{"taxonomy":"edicions","embeddable":true,"href":"https:\/\/www.48hopenhousebarcelona.org\/ca\/wp-json\/wp\/v2\/edicions?post=23030"},{"taxonomy":"obert_per","embeddable":true,"href":"https:\/\/www.48hopenhousebarcelona.org\/ca\/wp-json\/wp\/v2\/obert_per?post=23030"},{"taxonomy":"zones","embeddable":true,"href":"https:\/\/www.48hopenhousebarcelona.org\/ca\/wp-json\/wp\/v2\/zones?post=23030"},{"taxonomy":"seccions","embeddable":true,"href":"https:\/\/www.48hopenhousebarcelona.org\/ca\/wp-json\/wp\/v2\/seccions?post=23030"},{"taxonomy":"transports","embeddable":true,"href":"https:\/\/www.48hopenhousebarcelona.org\/ca\/wp-json\/wp\/v2\/transports?post=23030"},{"taxonomy":"estils","embeddable":true,"href":"https:\/\/www.48hopenhousebarcelona.org\/ca\/wp-json\/wp\/v2\/estils?post=23030"},{"taxonomy":"usos_actuals","embeddable":true,"href":"https:\/\/www.48hopenhousebarcelona.org\/ca\/wp-json\/wp\/v2\/usos_actuals?post=23030"},{"taxonomy":"graella","embeddable":true,"href":"https:\/\/www.48hopenhousebarcelona.org\/ca\/wp-json\/wp\/v2\/graella?post=23030"}],"curies":[{"name":"wp","href":"https:\/\/api.w.org\/{rel}","templated":true}]}}

<p><span data-sheets-value="{&quot;1&quot;:2,&quot;2&quot;:&quot;El Palau Nacional, construït per a l’Exposició Internacional de l’any 1929, és un edifici de gairebé 50.000 m² que s’adscriu als models del classicisme acadèmic imperants a l’època. La decoració interior del palau es va encarregar a reconeguts pintors i escultors del moment, representants, majoritàriament, del moviment estètic i cultural del noucentisme. Actualment, després d’una reforma important, a càrrec de Gae Aulenti, que va tenir lloc als anys noranta, acull la seu del Museu Nacional d’Art de Catalunya.&quot;}" data-sheets-userformat="{&quot;2&quot;:15293,&quot;3&quot;:{&quot;1&quot;:0},&quot;5&quot;:{&quot;1&quot;:[{&quot;1&quot;:2,&quot;2&quot;:0,&quot;5&quot;:{&quot;1&quot;:2,&quot;2&quot;:0}},{&quot;1&quot;:0,&quot;2&quot;:0,&quot;3&quot;:3},{&quot;1&quot;:1,&quot;2&quot;:0,&quot;4&quot;:1}]},&quot;6&quot;:{&quot;1&quot;:[{&quot;1&quot;:2,&quot;2&quot;:0,&quot;5&quot;:{&quot;1&quot;:2,&quot;2&quot;:0}},{&quot;1&quot;:0,&quot;2&quot;:0,&quot;3&quot;:3},{&quot;1&quot;:1,&quot;2&quot;:0,&quot;4&quot;:1}]},&quot;7&quot;:{&quot;1&quot;:[{&quot;1&quot;:2,&quot;2&quot;:0,&quot;5&quot;:{&quot;1&quot;:2,&quot;2&quot;:0}},{&quot;1&quot;:0,&quot;2&quot;:0,&quot;3&quot;:3},{&quot;1&quot;:1,&quot;2&quot;:0,&quot;4&quot;:1}]},&quot;8&quot;:{&quot;1&quot;:[{&quot;1&quot;:2,&quot;2&quot;:0,&quot;5&quot;:{&quot;1&quot;:2,&quot;2&quot;:0}},{&quot;1&quot;:0,&quot;2&quot;:0,&quot;3&quot;:3},{&quot;1&quot;:1,&quot;2&quot;:0,&quot;4&quot;:1}]},&quot;10&quot;:0,&quot;11&quot;:4,&quot;12&quot;:0,&quot;14&quot;:{&quot;1&quot;:2,&quot;2&quot;:0},&quot;15&quot;:&quot;Calibri&quot;,&quot;16&quot;:8}">El Palau Nacional, construït per a l’Exposició Internacional de l’any 1929, és un edifici de gairebé 50.000 m² que s’adscriu als models del classicisme acadèmic imperants a l’època. La decoració interior del palau es va encarregar a reconeguts pintors i escultors del moment, representants, majoritàriament, del moviment estètic i cultural del noucentisme. Actualment, després d’una reforma important, a càrrec de Gae Aulenti, que va tenir lloc als anys noranta, acull la seu del Museu Nacional d’Art de Catalunya.</span></p>
