{"id":32288,"date":"2021-07-31T10:24:15","date_gmt":"2021-07-31T10:24:15","guid":{"rendered":"https:\/\/www.48hopenhousebarcelona.org\/?post_type=edificis&#038;p=32288"},"modified":"2025-10-09T09:23:43","modified_gmt":"2025-10-09T09:23:43","slug":"recinte-fabra-i-coats-espai-vertical-colla-castellera-jove-de-barcelona","status":"publish","type":"edificis","link":"https:\/\/www.48hopenhousebarcelona.org\/ca\/els-edificis\/recinte-fabra-i-coats-espai-vertical-colla-castellera-jove-de-barcelona\/","title":{"rendered":"RECINTE FABRA I COATS &#8211; ESPAI VERTICAL (COLLA CASTELLERA JOVE DE BARCELONA)"},"content":{"rendered":"<p><span data-sheets-value=\"{&quot;1&quot;:2,&quot;2&quot;:&quot;La nau G de l\u2019antiga f\u00e0brica de Fabra i Coats cont\u00e9 46 habitatges de lloguer social per a gent jove i la nova seu de la Colla Castellera Jove de Barcelona. Aquesta seu ocupa quatre crugies del costat oest de la nau i la gran sala d'entrenament (10 x 10 x 10 metres) es configura a partir de l\u2019an\u00e0lisi dels castells: estructures piramidals que funcionen, idealment, a compressi\u00f3 pura. Com m\u00e9s c\u00e0rrega t\u00e9 un pis, m\u00e9s secci\u00f3 t\u00e9, i el descens de c\u00e0rregues es visualitza en la forma del castell i, per evitar\u2013ne el col\u00b7lapse, es col\u00b7loquen les traves (pinya, folre i manilles). La nova estructura es concep de manera complement\u00e0ria a la del castell i funciona com una closca que crea un buit a l\u2019interior. &quot;}\" data-sheets-userformat=\"{&quot;2&quot;:15295,&quot;3&quot;:{&quot;1&quot;:0},&quot;4&quot;:{&quot;1&quot;:2,&quot;2&quot;:65535},&quot;5&quot;:{&quot;1&quot;:[{&quot;1&quot;:2,&quot;2&quot;:0,&quot;5&quot;:{&quot;1&quot;:2,&quot;2&quot;:0}},{&quot;1&quot;:0,&quot;2&quot;:0,&quot;3&quot;:3},{&quot;1&quot;:1,&quot;2&quot;:0,&quot;4&quot;:1}]},&quot;6&quot;:{&quot;1&quot;:[{&quot;1&quot;:2,&quot;2&quot;:0,&quot;5&quot;:{&quot;1&quot;:2,&quot;2&quot;:0}},{&quot;1&quot;:0,&quot;2&quot;:0,&quot;3&quot;:3},{&quot;1&quot;:1,&quot;2&quot;:0,&quot;4&quot;:1}]},&quot;7&quot;:{&quot;1&quot;:[{&quot;1&quot;:2,&quot;2&quot;:0,&quot;5&quot;:{&quot;1&quot;:2,&quot;2&quot;:0}},{&quot;1&quot;:0,&quot;2&quot;:0,&quot;3&quot;:3},{&quot;1&quot;:1,&quot;2&quot;:0,&quot;4&quot;:1}]},&quot;8&quot;:{&quot;1&quot;:[{&quot;1&quot;:2,&quot;2&quot;:0,&quot;5&quot;:{&quot;1&quot;:2,&quot;2&quot;:0}},{&quot;1&quot;:0,&quot;2&quot;:0,&quot;3&quot;:3},{&quot;1&quot;:1,&quot;2&quot;:0,&quot;4&quot;:1}]},&quot;10&quot;:0,&quot;11&quot;:4,&quot;12&quot;:0,&quot;14&quot;:{&quot;1&quot;:2,&quot;2&quot;:0},&quot;15&quot;:&quot;Calibri&quot;,&quot;16&quot;:8}\">La nau G de l\u2019antiga f\u00e0brica de Fabra i Coats cont\u00e9 46 habitatges de lloguer social per a gent jove i la nova seu de la Colla Castellera Jove de Barcelona. Aquesta seu ocupa quatre crugies del costat oest de la nau i la gran sala d&#8217;entrenament (10 x 10 x 10 metres) es configura a partir de l\u2019an\u00e0lisi dels castells: estructures piramidals que funcionen, idealment, a compressi\u00f3 pura. Com m\u00e9s c\u00e0rrega t\u00e9 un pis, m\u00e9s secci\u00f3 t\u00e9, i el descens de c\u00e0rregues es visualitza en la forma del castell i, per evitar\u2013ne el col\u00b7lapse, es col\u00b7loquen les traves (pinya, folre i manilles). La nova estructura es concep de manera complement\u00e0ria a la del castell i funciona com una closca que crea un buit a l\u2019interior. <\/span><\/p>\n","protected":false},"featured_media":33226,"template":"","tags":[],"edicions":[865,993,1038,1066,1087],"obert_per":[344,345],"zones":[412,1074],"seccions":[1071,915],"transports":[348,414,413],"estils":[1062],"usos_actuals":[411],"graella":[],"class_list":["post-32288","edificis","type-edificis","status-publish","has-post-thumbnail","hentry","edicions-865","edicions-993","edicions-1038","edicions-1066","edicions-2025-2","obert_per-diumenge-mati","obert_per-diumenge-tarda","zones-sant-andreu","zones-barcelona","seccions-open-petits","seccions-recinte-historic","transports-l1","transports-l10n","transports-l9n","estils-historic-contemporani","usos_actuals-esportiu"],"acf":[],"_links":{"self":[{"href":"https:\/\/www.48hopenhousebarcelona.org\/ca\/wp-json\/wp\/v2\/edificis\/32288","targetHints":{"allow":["GET"]}}],"collection":[{"href":"https:\/\/www.48hopenhousebarcelona.org\/ca\/wp-json\/wp\/v2\/edificis"}],"about":[{"href":"https:\/\/www.48hopenhousebarcelona.org\/ca\/wp-json\/wp\/v2\/types\/edificis"}],"wp:featuredmedia":[{"embeddable":true,"href":"https:\/\/www.48hopenhousebarcelona.org\/ca\/wp-json\/wp\/v2\/media\/33226"}],"wp:attachment":[{"href":"https:\/\/www.48hopenhousebarcelona.org\/ca\/wp-json\/wp\/v2\/media?parent=32288"}],"wp:term":[{"taxonomy":"post_tag","embeddable":true,"href":"https:\/\/www.48hopenhousebarcelona.org\/ca\/wp-json\/wp\/v2\/tags?post=32288"},{"taxonomy":"edicions","embeddable":true,"href":"https:\/\/www.48hopenhousebarcelona.org\/ca\/wp-json\/wp\/v2\/edicions?post=32288"},{"taxonomy":"obert_per","embeddable":true,"href":"https:\/\/www.48hopenhousebarcelona.org\/ca\/wp-json\/wp\/v2\/obert_per?post=32288"},{"taxonomy":"zones","embeddable":true,"href":"https:\/\/www.48hopenhousebarcelona.org\/ca\/wp-json\/wp\/v2\/zones?post=32288"},{"taxonomy":"seccions","embeddable":true,"href":"https:\/\/www.48hopenhousebarcelona.org\/ca\/wp-json\/wp\/v2\/seccions?post=32288"},{"taxonomy":"transports","embeddable":true,"href":"https:\/\/www.48hopenhousebarcelona.org\/ca\/wp-json\/wp\/v2\/transports?post=32288"},{"taxonomy":"estils","embeddable":true,"href":"https:\/\/www.48hopenhousebarcelona.org\/ca\/wp-json\/wp\/v2\/estils?post=32288"},{"taxonomy":"usos_actuals","embeddable":true,"href":"https:\/\/www.48hopenhousebarcelona.org\/ca\/wp-json\/wp\/v2\/usos_actuals?post=32288"},{"taxonomy":"graella","embeddable":true,"href":"https:\/\/www.48hopenhousebarcelona.org\/ca\/wp-json\/wp\/v2\/graella?post=32288"}],"curies":[{"name":"wp","href":"https:\/\/api.w.org\/{rel}","templated":true}]}}

<p><span data-sheets-value="{&quot;1&quot;:2,&quot;2&quot;:&quot;La nau G de l’antiga fàbrica de Fabra i Coats conté 46 habitatges de lloguer social per a gent jove i la nova seu de la Colla Castellera Jove de Barcelona. Aquesta seu ocupa quatre crugies del costat oest de la nau i la gran sala d'entrenament (10 x 10 x 10 metres) es configura a partir de l’anàlisi dels castells: estructures piramidals que funcionen, idealment, a compressió pura. Com més càrrega té un pis, més secció té, i el descens de càrregues es visualitza en la forma del castell i, per evitar–ne el col·lapse, es col·loquen les traves (pinya, folre i manilles). La nova estructura es concep de manera complementària a la del castell i funciona com una closca que crea un buit a l’interior. &quot;}" data-sheets-userformat="{&quot;2&quot;:15295,&quot;3&quot;:{&quot;1&quot;:0},&quot;4&quot;:{&quot;1&quot;:2,&quot;2&quot;:65535},&quot;5&quot;:{&quot;1&quot;:[{&quot;1&quot;:2,&quot;2&quot;:0,&quot;5&quot;:{&quot;1&quot;:2,&quot;2&quot;:0}},{&quot;1&quot;:0,&quot;2&quot;:0,&quot;3&quot;:3},{&quot;1&quot;:1,&quot;2&quot;:0,&quot;4&quot;:1}]},&quot;6&quot;:{&quot;1&quot;:[{&quot;1&quot;:2,&quot;2&quot;:0,&quot;5&quot;:{&quot;1&quot;:2,&quot;2&quot;:0}},{&quot;1&quot;:0,&quot;2&quot;:0,&quot;3&quot;:3},{&quot;1&quot;:1,&quot;2&quot;:0,&quot;4&quot;:1}]},&quot;7&quot;:{&quot;1&quot;:[{&quot;1&quot;:2,&quot;2&quot;:0,&quot;5&quot;:{&quot;1&quot;:2,&quot;2&quot;:0}},{&quot;1&quot;:0,&quot;2&quot;:0,&quot;3&quot;:3},{&quot;1&quot;:1,&quot;2&quot;:0,&quot;4&quot;:1}]},&quot;8&quot;:{&quot;1&quot;:[{&quot;1&quot;:2,&quot;2&quot;:0,&quot;5&quot;:{&quot;1&quot;:2,&quot;2&quot;:0}},{&quot;1&quot;:0,&quot;2&quot;:0,&quot;3&quot;:3},{&quot;1&quot;:1,&quot;2&quot;:0,&quot;4&quot;:1}]},&quot;10&quot;:0,&quot;11&quot;:4,&quot;12&quot;:0,&quot;14&quot;:{&quot;1&quot;:2,&quot;2&quot;:0},&quot;15&quot;:&quot;Calibri&quot;,&quot;16&quot;:8}">La nau G de l’antiga fàbrica de Fabra i Coats conté 46 habitatges de lloguer social per a gent jove i la nova seu de la Colla Castellera Jove de Barcelona. Aquesta seu ocupa quatre crugies del costat oest de la nau i la gran sala d&#8217;entrenament (10 x 10 x 10 metres) es configura a partir de l’anàlisi dels castells: estructures piramidals que funcionen, idealment, a compressió pura. Com més càrrega té un pis, més secció té, i el descens de càrregues es visualitza en la forma del castell i, per evitar–ne el col·lapse, es col·loquen les traves (pinya, folre i manilles). La nova estructura es concep de manera complementària a la del castell i funciona com una closca que crea un buit a l’interior. </span></p>
