{"id":32291,"date":"2021-07-31T10:26:17","date_gmt":"2021-07-31T10:26:17","guid":{"rendered":"https:\/\/www.48hopenhousebarcelona.org\/?post_type=edificis&#038;p=32291"},"modified":"2025-08-06T15:42:44","modified_gmt":"2025-08-06T15:42:44","slug":"recinte-fabra-i-coats-can-fontanet-centre-dinterpretacio-dels-tres-tombs","status":"publish","type":"edificis","link":"https:\/\/www.48hopenhousebarcelona.org\/ca\/els-edificis\/recinte-fabra-i-coats-can-fontanet-centre-dinterpretacio-dels-tres-tombs\/","title":{"rendered":"RECINTE FABRA I COATS &#8211; CAN FONTANET (CENTRE D&#8217;INTERPRETACI\u00d3 DELS TRES TOMBS)"},"content":{"rendered":"<p><span style=\"font-weight: 400;\">Antiga quadra del complex industrial de la Fabra i Coats, rehabilitada com a Centre d\u2019Interpretaci\u00f3 dels Tres Tombs. El projecte de rehabilitaci\u00f3 parteix d\u2019una s\u00e8rie de premisses: recuperar la materialitat essencial de la nau; l&#8217;exist\u00e8ncia d\u2019una franja lliure entre Can Fontanet i l\u2019edifici contigu; la futura creaci\u00f3 d\u2019una pla\u00e7a interior p\u00fablica del recinte Fabra i Coats, i la necessitat d\u2019incrementar la superf\u00edcie per situar-hi el nou programa. Aquestes premisses es materialitzen en l\u2019aparici\u00f3 d\u2019un nou cos annex a la nau que esdev\u00e9 l\u2019acc\u00e9s per a visitants i el punt d\u2019articulaci\u00f3 entre tot el programa. El volum annex es troba un metre i mig per sobre de la cota de la nau, fet que permet la creaci\u00f3 i l\u2019acc\u00e9s a un altell de fusta sobre les quadres. A l\u2019interior, aquest altell esdev\u00e9 alhora un mirador cap a la zona expositiva de carruatges i una sala polivalent multim\u00e8dia necess\u00e0ria per al seu \u00fas muse\u00edstic.<\/span><\/p>\n","protected":false},"featured_media":32597,"template":"","tags":[],"edicions":[865,993,1038,1066,1087],"obert_per":[344,345],"zones":[412,1074],"seccions":[915],"transports":[348,414,413],"estils":[1062],"usos_actuals":[371],"graella":[],"class_list":["post-32291","edificis","type-edificis","status-publish","has-post-thumbnail","hentry","edicions-865","edicions-993","edicions-1038","edicions-1066","edicions-2025-2","obert_per-diumenge-mati","obert_per-diumenge-tarda","zones-sant-andreu","zones-barcelona","seccions-recinte-historic","transports-l1","transports-l10n","transports-l9n","estils-historic-contemporani","usos_actuals-museu"],"acf":[],"_links":{"self":[{"href":"https:\/\/www.48hopenhousebarcelona.org\/ca\/wp-json\/wp\/v2\/edificis\/32291","targetHints":{"allow":["GET"]}}],"collection":[{"href":"https:\/\/www.48hopenhousebarcelona.org\/ca\/wp-json\/wp\/v2\/edificis"}],"about":[{"href":"https:\/\/www.48hopenhousebarcelona.org\/ca\/wp-json\/wp\/v2\/types\/edificis"}],"wp:featuredmedia":[{"embeddable":true,"href":"https:\/\/www.48hopenhousebarcelona.org\/ca\/wp-json\/wp\/v2\/media\/32597"}],"wp:attachment":[{"href":"https:\/\/www.48hopenhousebarcelona.org\/ca\/wp-json\/wp\/v2\/media?parent=32291"}],"wp:term":[{"taxonomy":"post_tag","embeddable":true,"href":"https:\/\/www.48hopenhousebarcelona.org\/ca\/wp-json\/wp\/v2\/tags?post=32291"},{"taxonomy":"edicions","embeddable":true,"href":"https:\/\/www.48hopenhousebarcelona.org\/ca\/wp-json\/wp\/v2\/edicions?post=32291"},{"taxonomy":"obert_per","embeddable":true,"href":"https:\/\/www.48hopenhousebarcelona.org\/ca\/wp-json\/wp\/v2\/obert_per?post=32291"},{"taxonomy":"zones","embeddable":true,"href":"https:\/\/www.48hopenhousebarcelona.org\/ca\/wp-json\/wp\/v2\/zones?post=32291"},{"taxonomy":"seccions","embeddable":true,"href":"https:\/\/www.48hopenhousebarcelona.org\/ca\/wp-json\/wp\/v2\/seccions?post=32291"},{"taxonomy":"transports","embeddable":true,"href":"https:\/\/www.48hopenhousebarcelona.org\/ca\/wp-json\/wp\/v2\/transports?post=32291"},{"taxonomy":"estils","embeddable":true,"href":"https:\/\/www.48hopenhousebarcelona.org\/ca\/wp-json\/wp\/v2\/estils?post=32291"},{"taxonomy":"usos_actuals","embeddable":true,"href":"https:\/\/www.48hopenhousebarcelona.org\/ca\/wp-json\/wp\/v2\/usos_actuals?post=32291"},{"taxonomy":"graella","embeddable":true,"href":"https:\/\/www.48hopenhousebarcelona.org\/ca\/wp-json\/wp\/v2\/graella?post=32291"}],"curies":[{"name":"wp","href":"https:\/\/api.w.org\/{rel}","templated":true}]}}

RECINTE FABRA I COATS &#8211; CAN FONTANET (CENTRE D&#8217;INTERPRETACIÓ DELS TRES TOMBS)

<p><span style="font-weight: 400;">Antiga quadra del complex industrial de la Fabra i Coats, rehabilitada com a Centre d’Interpretació dels Tres Tombs. El projecte de rehabilitació parteix d’una sèrie de premisses: recuperar la materialitat essencial de la nau; l&#8217;existència d’una franja lliure entre Can Fontanet i l’edifici contigu; la futura creació d’una plaça interior pública del recinte Fabra i Coats, i la necessitat d’incrementar la superfície per situar-hi el nou programa. Aquestes premisses es materialitzen en l’aparició d’un nou cos annex a la nau que esdevé l’accés per a visitants i el punt d’articulació entre tot el programa. El volum annex es troba un metre i mig per sobre de la cota de la nau, fet que permet la creació i l’accés a un altell de fusta sobre les quadres. A l’interior, aquest altell esdevé alhora un mirador cap a la zona expositiva de carruatges i una sala polivalent multimèdia necessària per al seu ús museístic.</span></p>
