{"id":37916,"date":"2022-08-19T08:31:33","date_gmt":"2022-08-19T08:31:33","guid":{"rendered":"https:\/\/www.48hopenhousebarcelona.org\/?post_type=edificis&#038;p=37916"},"modified":"2025-08-06T09:32:56","modified_gmt":"2025-08-06T09:32:56","slug":"bernadi-hub","status":"publish","type":"edificis","link":"https:\/\/www.48hopenhousebarcelona.org\/ca\/els-edificis\/bernadi-hub\/","title":{"rendered":"BERNAD\u00cd HUB"},"content":{"rendered":"<p><span data-sheets-value=\"{&quot;1&quot;:2,&quot;2&quot;:&quot;Espai de treball i retail situat en una planta de mil metres quadrats al centre de Barcelona, dissenyat per acompanyar i assessorar diferents professionals del sector de l'arquitectura i l\u2019interiorisme. El projecte s\u2019adapta a les noves formes de treball i crea diferents espais multifuncionals, espais comuns, espais de cocreaci\u00f3, etc. L'eix principal del projecte \u00e9s l\u2019experi\u00e8ncia de l\u2019usuari i el seu benestar, tenint cura de tots els detalls, des de la il\u00b7luminaci\u00f3 fins a la biof\u00edlia (destaca un jard\u00ed vertical exterior), l\u2019ac\u00fastica (que crea espais confortables) i la sostenibilitat (present en forma de noves tecnologies i materials que vetllen per la cura del medi ambient i l\u2019usuari). A m\u00e9s, s\u2019hi incorpora la cultura mediterr\u00e0nia a trav\u00e9s de la terracota, les gelosies de fusta, els tons c\u00e0lids i l\u2019\u00fas de plantes aut\u00f2ctones.&quot;}\" data-sheets-userformat=\"{&quot;2&quot;:15295,&quot;3&quot;:{&quot;1&quot;:0},&quot;4&quot;:{&quot;1&quot;:2,&quot;2&quot;:65535},&quot;5&quot;:{&quot;1&quot;:[{&quot;1&quot;:2,&quot;2&quot;:0,&quot;5&quot;:{&quot;1&quot;:2,&quot;2&quot;:0}},{&quot;1&quot;:0,&quot;2&quot;:0,&quot;3&quot;:3},{&quot;1&quot;:1,&quot;2&quot;:0,&quot;4&quot;:1}]},&quot;6&quot;:{&quot;1&quot;:[{&quot;1&quot;:2,&quot;2&quot;:0,&quot;5&quot;:{&quot;1&quot;:2,&quot;2&quot;:0}},{&quot;1&quot;:0,&quot;2&quot;:0,&quot;3&quot;:3},{&quot;1&quot;:1,&quot;2&quot;:0,&quot;4&quot;:1}]},&quot;7&quot;:{&quot;1&quot;:[{&quot;1&quot;:2,&quot;2&quot;:0,&quot;5&quot;:{&quot;1&quot;:2,&quot;2&quot;:0}},{&quot;1&quot;:0,&quot;2&quot;:0,&quot;3&quot;:3},{&quot;1&quot;:1,&quot;2&quot;:0,&quot;4&quot;:1}]},&quot;8&quot;:{&quot;1&quot;:[{&quot;1&quot;:2,&quot;2&quot;:0,&quot;5&quot;:{&quot;1&quot;:2,&quot;2&quot;:0}},{&quot;1&quot;:0,&quot;2&quot;:0,&quot;3&quot;:3},{&quot;1&quot;:1,&quot;2&quot;:0,&quot;4&quot;:1}]},&quot;10&quot;:0,&quot;11&quot;:4,&quot;12&quot;:0,&quot;14&quot;:{&quot;1&quot;:2,&quot;2&quot;:0},&quot;15&quot;:&quot;Calibri&quot;,&quot;16&quot;:8}\">Espai de treball i retail situat en una planta de mil metres quadrats al centre de Barcelona, dissenyat per acompanyar i assessorar diferents professionals del sector de l&#8217;arquitectura i l\u2019interiorisme. El projecte s\u2019adapta a les noves formes de treball i crea diferents espais multifuncionals, espais comuns, espais de cocreaci\u00f3, etc. L&#8217;eix principal del projecte \u00e9s l\u2019experi\u00e8ncia de l\u2019usuari i el seu benestar, tenint cura de tots els detalls, des de la il\u00b7luminaci\u00f3 fins a la biof\u00edlia (destaca un jard\u00ed vertical exterior), l\u2019ac\u00fastica (que crea espais confortables) i la sostenibilitat (present en forma de noves tecnologies i materials que vetllen per la cura del medi ambient i l\u2019usuari). A m\u00e9s, s\u2019hi incorpora la cultura mediterr\u00e0nia a trav\u00e9s de la terracota, les gelosies de fusta, els tons c\u00e0lids i l\u2019\u00fas de plantes aut\u00f2ctones.<\/span><\/p>\n","protected":false},"featured_media":38269,"template":"","tags":[],"edicions":[993,1038,1066,1087],"obert_per":[342,343],"zones":[938,1074],"seccions":[1046,1045,783],"transports":[386],"estils":[374],"usos_actuals":[361],"graella":[],"class_list":["post-37916","edificis","type-edificis","status-publish","has-post-thumbnail","hentry","edicions-993","edicions-1038","edicions-1066","edicions-2025-2","obert_per-dissabte-mati","obert_per-dissabte-tarda","zones-dreta-de-leixample-2","zones-barcelona","seccions-espais-de-treball","seccions-interiorisme","seccions-open-pro","transports-l5","estils-estils-contemporanis","usos_actuals-oficines"],"acf":[],"_links":{"self":[{"href":"https:\/\/www.48hopenhousebarcelona.org\/ca\/wp-json\/wp\/v2\/edificis\/37916","targetHints":{"allow":["GET"]}}],"collection":[{"href":"https:\/\/www.48hopenhousebarcelona.org\/ca\/wp-json\/wp\/v2\/edificis"}],"about":[{"href":"https:\/\/www.48hopenhousebarcelona.org\/ca\/wp-json\/wp\/v2\/types\/edificis"}],"wp:featuredmedia":[{"embeddable":true,"href":"https:\/\/www.48hopenhousebarcelona.org\/ca\/wp-json\/wp\/v2\/media\/38269"}],"wp:attachment":[{"href":"https:\/\/www.48hopenhousebarcelona.org\/ca\/wp-json\/wp\/v2\/media?parent=37916"}],"wp:term":[{"taxonomy":"post_tag","embeddable":true,"href":"https:\/\/www.48hopenhousebarcelona.org\/ca\/wp-json\/wp\/v2\/tags?post=37916"},{"taxonomy":"edicions","embeddable":true,"href":"https:\/\/www.48hopenhousebarcelona.org\/ca\/wp-json\/wp\/v2\/edicions?post=37916"},{"taxonomy":"obert_per","embeddable":true,"href":"https:\/\/www.48hopenhousebarcelona.org\/ca\/wp-json\/wp\/v2\/obert_per?post=37916"},{"taxonomy":"zones","embeddable":true,"href":"https:\/\/www.48hopenhousebarcelona.org\/ca\/wp-json\/wp\/v2\/zones?post=37916"},{"taxonomy":"seccions","embeddable":true,"href":"https:\/\/www.48hopenhousebarcelona.org\/ca\/wp-json\/wp\/v2\/seccions?post=37916"},{"taxonomy":"transports","embeddable":true,"href":"https:\/\/www.48hopenhousebarcelona.org\/ca\/wp-json\/wp\/v2\/transports?post=37916"},{"taxonomy":"estils","embeddable":true,"href":"https:\/\/www.48hopenhousebarcelona.org\/ca\/wp-json\/wp\/v2\/estils?post=37916"},{"taxonomy":"usos_actuals","embeddable":true,"href":"https:\/\/www.48hopenhousebarcelona.org\/ca\/wp-json\/wp\/v2\/usos_actuals?post=37916"},{"taxonomy":"graella","embeddable":true,"href":"https:\/\/www.48hopenhousebarcelona.org\/ca\/wp-json\/wp\/v2\/graella?post=37916"}],"curies":[{"name":"wp","href":"https:\/\/api.w.org\/{rel}","templated":true}]}}

BERNADÍ HUB

<p><span data-sheets-value="{&quot;1&quot;:2,&quot;2&quot;:&quot;Espai de treball i retail situat en una planta de mil metres quadrats al centre de Barcelona, dissenyat per acompanyar i assessorar diferents professionals del sector de l'arquitectura i l’interiorisme. El projecte s’adapta a les noves formes de treball i crea diferents espais multifuncionals, espais comuns, espais de cocreació, etc. L'eix principal del projecte és l’experiència de l’usuari i el seu benestar, tenint cura de tots els detalls, des de la il·luminació fins a la biofília (destaca un jardí vertical exterior), l’acústica (que crea espais confortables) i la sostenibilitat (present en forma de noves tecnologies i materials que vetllen per la cura del medi ambient i l’usuari). A més, s’hi incorpora la cultura mediterrània a través de la terracota, les gelosies de fusta, els tons càlids i l’ús de plantes autòctones.&quot;}" data-sheets-userformat="{&quot;2&quot;:15295,&quot;3&quot;:{&quot;1&quot;:0},&quot;4&quot;:{&quot;1&quot;:2,&quot;2&quot;:65535},&quot;5&quot;:{&quot;1&quot;:[{&quot;1&quot;:2,&quot;2&quot;:0,&quot;5&quot;:{&quot;1&quot;:2,&quot;2&quot;:0}},{&quot;1&quot;:0,&quot;2&quot;:0,&quot;3&quot;:3},{&quot;1&quot;:1,&quot;2&quot;:0,&quot;4&quot;:1}]},&quot;6&quot;:{&quot;1&quot;:[{&quot;1&quot;:2,&quot;2&quot;:0,&quot;5&quot;:{&quot;1&quot;:2,&quot;2&quot;:0}},{&quot;1&quot;:0,&quot;2&quot;:0,&quot;3&quot;:3},{&quot;1&quot;:1,&quot;2&quot;:0,&quot;4&quot;:1}]},&quot;7&quot;:{&quot;1&quot;:[{&quot;1&quot;:2,&quot;2&quot;:0,&quot;5&quot;:{&quot;1&quot;:2,&quot;2&quot;:0}},{&quot;1&quot;:0,&quot;2&quot;:0,&quot;3&quot;:3},{&quot;1&quot;:1,&quot;2&quot;:0,&quot;4&quot;:1}]},&quot;8&quot;:{&quot;1&quot;:[{&quot;1&quot;:2,&quot;2&quot;:0,&quot;5&quot;:{&quot;1&quot;:2,&quot;2&quot;:0}},{&quot;1&quot;:0,&quot;2&quot;:0,&quot;3&quot;:3},{&quot;1&quot;:1,&quot;2&quot;:0,&quot;4&quot;:1}]},&quot;10&quot;:0,&quot;11&quot;:4,&quot;12&quot;:0,&quot;14&quot;:{&quot;1&quot;:2,&quot;2&quot;:0},&quot;15&quot;:&quot;Calibri&quot;,&quot;16&quot;:8}">Espai de treball i retail situat en una planta de mil metres quadrats al centre de Barcelona, dissenyat per acompanyar i assessorar diferents professionals del sector de l&#8217;arquitectura i l’interiorisme. El projecte s’adapta a les noves formes de treball i crea diferents espais multifuncionals, espais comuns, espais de cocreació, etc. L&#8217;eix principal del projecte és l’experiència de l’usuari i el seu benestar, tenint cura de tots els detalls, des de la il·luminació fins a la biofília (destaca un jardí vertical exterior), l’acústica (que crea espais confortables) i la sostenibilitat (present en forma de noves tecnologies i materials que vetllen per la cura del medi ambient i l’usuari). A més, s’hi incorpora la cultura mediterrània a través de la terracota, les gelosies de fusta, els tons càlids i l’ús de plantes autòctones.</span></p>
