{"id":44125,"date":"2023-09-10T10:56:38","date_gmt":"2023-09-10T10:56:38","guid":{"rendered":"https:\/\/www.48hopenhousebarcelona.org\/?post_type=edificis&#038;p=44125"},"modified":"2025-10-14T17:14:38","modified_gmt":"2025-10-14T17:14:38","slug":"recinte-torribera-pavello-verdaguer","status":"publish","type":"edificis","link":"https:\/\/www.48hopenhousebarcelona.org\/ca\/els-edificis\/recinte-torribera-pavello-verdaguer\/","title":{"rendered":"RECINTE TORRIBERA &#8211; PAVELL\u00d3 VERDAGUER"},"content":{"rendered":"<p><span data-sheets-value=\"{&quot;1&quot;:2,&quot;2&quot;:&quot;Pavell\u00f3 germ\u00e0 bess\u00f3 del Pavell\u00f3 Gaud\u00ed, que forma part del Recinte Torribera, de Santa Coloma de Gramenet, el qual t\u00e9 l\u2019origen en una masia medieval reconstru\u00efda al segle XVIII. A principis del segle passat, el recinte es va ampliar amb noves edificacions. Actualment, hi conviuen diferents usos, des de serveis mentals fins a serveis formatius i educatius.\\r\\n\\r\\nL\u2019edifici, dissenyat per Mas\u00f3 i Pericas, es va fer servir com a pavell\u00f3 psiqui\u00e0tric, i ara cont\u00e9 una biblioteca, un arxiu i s\u2019hi mant\u00e9 la cafeteria, que dona servei al nou campus. La rehabilitaci\u00f3 conserva i respecta l\u2019estil noucentista, sense intervenir en les fa\u00e7anes, la volumetria ni l\u2019estructura de parets de c\u00e0rrega, mantenint-ne la distribuci\u00f3 interior original.\\r&quot;}\" data-sheets-userformat=\"{&quot;2&quot;:15295,&quot;3&quot;:{&quot;1&quot;:0},&quot;4&quot;:{&quot;1&quot;:2,&quot;2&quot;:16370588},&quot;5&quot;:{&quot;1&quot;:[{&quot;1&quot;:2,&quot;2&quot;:0,&quot;5&quot;:{&quot;1&quot;:2,&quot;2&quot;:0}},{&quot;1&quot;:0,&quot;2&quot;:0,&quot;3&quot;:3},{&quot;1&quot;:1,&quot;2&quot;:0,&quot;4&quot;:1}]},&quot;6&quot;:{&quot;1&quot;:[{&quot;1&quot;:2,&quot;2&quot;:0,&quot;5&quot;:{&quot;1&quot;:2,&quot;2&quot;:0}},{&quot;1&quot;:0,&quot;2&quot;:0,&quot;3&quot;:3},{&quot;1&quot;:1,&quot;2&quot;:0,&quot;4&quot;:1}]},&quot;7&quot;:{&quot;1&quot;:[{&quot;1&quot;:2,&quot;2&quot;:0,&quot;5&quot;:{&quot;1&quot;:2,&quot;2&quot;:0}},{&quot;1&quot;:0,&quot;2&quot;:0,&quot;3&quot;:3},{&quot;1&quot;:1,&quot;2&quot;:0,&quot;4&quot;:1}]},&quot;8&quot;:{&quot;1&quot;:[{&quot;1&quot;:2,&quot;2&quot;:0,&quot;5&quot;:{&quot;1&quot;:2,&quot;2&quot;:0}},{&quot;1&quot;:0,&quot;2&quot;:0,&quot;3&quot;:3},{&quot;1&quot;:1,&quot;2&quot;:0,&quot;4&quot;:1}]},&quot;10&quot;:0,&quot;11&quot;:4,&quot;12&quot;:0,&quot;14&quot;:{&quot;1&quot;:2,&quot;2&quot;:0},&quot;15&quot;:&quot;Calibri&quot;,&quot;16&quot;:8}\">Pavell\u00f3 germ\u00e0 bess\u00f3 del Pavell\u00f3 Gaud\u00ed, que forma part del Recinte Torribera, de Santa Coloma de Gramenet, el qual t\u00e9 l\u2019origen en una masia medieval reconstru\u00efda al segle XVIII. A principis del segle passat, el recinte es va ampliar amb noves edificacions. Actualment, hi conviuen diferents usos, des de serveis mentals fins a serveis formatius i educatius.<\/span><\/p>\n<p>L\u2019edifici, dissenyat per Mas\u00f3 i Pericas, es va fer servir com a pavell\u00f3 psiqui\u00e0tric, i ara cont\u00e9 una biblioteca, un arxiu i s\u2019hi mant\u00e9 la cafeteria, que dona servei al nou campus. La rehabilitaci\u00f3 conserva i respecta l\u2019estil noucentista, sense intervenir en les fa\u00e7anes, la volumetria ni l\u2019estructura de parets de c\u00e0rrega, mantenint-ne la distribuci\u00f3 interior original.<\/p>\n","protected":false},"featured_media":46186,"template":"","tags":[],"edicions":[1038,1087],"obert_per":[344],"zones":[441],"seccions":[915],"transports":[413],"estils":[404],"usos_actuals":[368],"graella":[],"class_list":["post-44125","edificis","type-edificis","status-publish","has-post-thumbnail","hentry","edicions-1038","edicions-2025-2","obert_per-diumenge-mati","zones-santa-coloma-de-gramenet","seccions-recinte-historic","transports-l9n","estils-noucentisme","usos_actuals-docent"],"acf":[],"_links":{"self":[{"href":"https:\/\/www.48hopenhousebarcelona.org\/ca\/wp-json\/wp\/v2\/edificis\/44125","targetHints":{"allow":["GET"]}}],"collection":[{"href":"https:\/\/www.48hopenhousebarcelona.org\/ca\/wp-json\/wp\/v2\/edificis"}],"about":[{"href":"https:\/\/www.48hopenhousebarcelona.org\/ca\/wp-json\/wp\/v2\/types\/edificis"}],"wp:featuredmedia":[{"embeddable":true,"href":"https:\/\/www.48hopenhousebarcelona.org\/ca\/wp-json\/wp\/v2\/media\/46186"}],"wp:attachment":[{"href":"https:\/\/www.48hopenhousebarcelona.org\/ca\/wp-json\/wp\/v2\/media?parent=44125"}],"wp:term":[{"taxonomy":"post_tag","embeddable":true,"href":"https:\/\/www.48hopenhousebarcelona.org\/ca\/wp-json\/wp\/v2\/tags?post=44125"},{"taxonomy":"edicions","embeddable":true,"href":"https:\/\/www.48hopenhousebarcelona.org\/ca\/wp-json\/wp\/v2\/edicions?post=44125"},{"taxonomy":"obert_per","embeddable":true,"href":"https:\/\/www.48hopenhousebarcelona.org\/ca\/wp-json\/wp\/v2\/obert_per?post=44125"},{"taxonomy":"zones","embeddable":true,"href":"https:\/\/www.48hopenhousebarcelona.org\/ca\/wp-json\/wp\/v2\/zones?post=44125"},{"taxonomy":"seccions","embeddable":true,"href":"https:\/\/www.48hopenhousebarcelona.org\/ca\/wp-json\/wp\/v2\/seccions?post=44125"},{"taxonomy":"transports","embeddable":true,"href":"https:\/\/www.48hopenhousebarcelona.org\/ca\/wp-json\/wp\/v2\/transports?post=44125"},{"taxonomy":"estils","embeddable":true,"href":"https:\/\/www.48hopenhousebarcelona.org\/ca\/wp-json\/wp\/v2\/estils?post=44125"},{"taxonomy":"usos_actuals","embeddable":true,"href":"https:\/\/www.48hopenhousebarcelona.org\/ca\/wp-json\/wp\/v2\/usos_actuals?post=44125"},{"taxonomy":"graella","embeddable":true,"href":"https:\/\/www.48hopenhousebarcelona.org\/ca\/wp-json\/wp\/v2\/graella?post=44125"}],"curies":[{"name":"wp","href":"https:\/\/api.w.org\/{rel}","templated":true}]}}

RECINTE TORRIBERA &#8211; PAVELLÓ VERDAGUER

<p><span data-sheets-value="{&quot;1&quot;:2,&quot;2&quot;:&quot;Pavelló germà bessó del Pavelló Gaudí, que forma part del Recinte Torribera, de Santa Coloma de Gramenet, el qual té l’origen en una masia medieval reconstruïda al segle XVIII. A principis del segle passat, el recinte es va ampliar amb noves edificacions. Actualment, hi conviuen diferents usos, des de serveis mentals fins a serveis formatius i educatius.\r\n\r\nL’edifici, dissenyat per Masó i Pericas, es va fer servir com a pavelló psiquiàtric, i ara conté una biblioteca, un arxiu i s’hi manté la cafeteria, que dona servei al nou campus. La rehabilitació conserva i respecta l’estil noucentista, sense intervenir en les façanes, la volumetria ni l’estructura de parets de càrrega, mantenint-ne la distribució interior original.\r&quot;}" data-sheets-userformat="{&quot;2&quot;:15295,&quot;3&quot;:{&quot;1&quot;:0},&quot;4&quot;:{&quot;1&quot;:2,&quot;2&quot;:16370588},&quot;5&quot;:{&quot;1&quot;:[{&quot;1&quot;:2,&quot;2&quot;:0,&quot;5&quot;:{&quot;1&quot;:2,&quot;2&quot;:0}},{&quot;1&quot;:0,&quot;2&quot;:0,&quot;3&quot;:3},{&quot;1&quot;:1,&quot;2&quot;:0,&quot;4&quot;:1}]},&quot;6&quot;:{&quot;1&quot;:[{&quot;1&quot;:2,&quot;2&quot;:0,&quot;5&quot;:{&quot;1&quot;:2,&quot;2&quot;:0}},{&quot;1&quot;:0,&quot;2&quot;:0,&quot;3&quot;:3},{&quot;1&quot;:1,&quot;2&quot;:0,&quot;4&quot;:1}]},&quot;7&quot;:{&quot;1&quot;:[{&quot;1&quot;:2,&quot;2&quot;:0,&quot;5&quot;:{&quot;1&quot;:2,&quot;2&quot;:0}},{&quot;1&quot;:0,&quot;2&quot;:0,&quot;3&quot;:3},{&quot;1&quot;:1,&quot;2&quot;:0,&quot;4&quot;:1}]},&quot;8&quot;:{&quot;1&quot;:[{&quot;1&quot;:2,&quot;2&quot;:0,&quot;5&quot;:{&quot;1&quot;:2,&quot;2&quot;:0}},{&quot;1&quot;:0,&quot;2&quot;:0,&quot;3&quot;:3},{&quot;1&quot;:1,&quot;2&quot;:0,&quot;4&quot;:1}]},&quot;10&quot;:0,&quot;11&quot;:4,&quot;12&quot;:0,&quot;14&quot;:{&quot;1&quot;:2,&quot;2&quot;:0},&quot;15&quot;:&quot;Calibri&quot;,&quot;16&quot;:8}">Pavelló germà bessó del Pavelló Gaudí, que forma part del Recinte Torribera, de Santa Coloma de Gramenet, el qual té l’origen en una masia medieval reconstruïda al segle XVIII. A principis del segle passat, el recinte es va ampliar amb noves edificacions. Actualment, hi conviuen diferents usos, des de serveis mentals fins a serveis formatius i educatius.</span></p>
<p>L’edifici, dissenyat per Masó i Pericas, es va fer servir com a pavelló psiquiàtric, i ara conté una biblioteca, un arxiu i s’hi manté la cafeteria, que dona servei al nou campus. La rehabilitació conserva i respecta l’estil noucentista, sense intervenir en les façanes, la volumetria ni l’estructura de parets de càrrega, mantenint-ne la distribució interior original.</p>
