{"id":49325,"date":"2024-07-31T09:22:54","date_gmt":"2024-07-31T09:22:54","guid":{"rendered":"https:\/\/www.48hopenhousebarcelona.org\/?post_type=edificis&#038;p=49325"},"modified":"2025-10-24T18:19:17","modified_gmt":"2025-10-24T18:19:17","slug":"espai-la-seca-2-fundacio-joan-brossa","status":"publish","type":"edificis","link":"https:\/\/www.48hopenhousebarcelona.org\/ca\/els-edificis\/espai-la-seca-2-fundacio-joan-brossa\/","title":{"rendered":"ESPAI LA SECA 2 (FUNDACI\u00d3 JOAN BROSSA)"},"content":{"rendered":"<p><span style=\"font-weight: 400;\">La seu de la Fundaci\u00f3 Joan Brossa est\u00e0 ubicada en una part del que va ser la Seca Reial o la Reial F\u00e0brica de Moneda de la Corona d\u2019Arag\u00f3, un edifici documentat, per primera vegada, a mitjan segle XV, i situat al barri del Born de Barcelona.<br \/>\n<\/span><span style=\"font-weight: 400;\">Aquesta f\u00e0brica ocupava l\u2019actual illa de cases entre el carrer dels Flassaders, el carrer de la Seca i el carrer de les Mosques. Quan la Seca va cessar l\u2019activitat, l\u2019edifici es va dividir en diferents immobles i aix\u00ed ha arribat fins a l\u2019actualitat.<br \/>\n<\/span><span style=\"font-weight: 400;\">Des del 2018, aquest espai ha estat cedit per l\u2019Ajuntament de Barcelona per tal que la Fundaci\u00f3 hi desplegui un projecte expositiu i d\u2019activitats que esdevingui un indret de refer\u00e8ncia de l\u2019univers brossi\u00e0, de les escriptures radicals, de la performance i de les arts parateatrals. La remodelaci\u00f3 de l\u2019espai la va fer l\u2019arquitecta Meritxell Inaraja i Gen\u00eds, la mateixa persona que va remodelar l\u2019Escenari Joan Brossa, inaugurat el 2011. De fet, la Fundaci\u00f3 i l\u2019Escenari disposen de tres connexions internes, tot formant un espai \u00fanic de 1.723 m<\/span><span style=\"font-weight: 400;\">2<\/span><span style=\"font-weight: 400;\">. Es tracta d\u2019un conjunt vers\u00e0til, amb molta llum natural, que respecta les estructures i la volumetria com a mem\u00f2ria d\u2019un passat hist\u00f2ric significatiu.<\/span><\/p>\n","protected":false},"featured_media":49440,"template":"","tags":[],"edicions":[1066,1087],"obert_per":[344,345],"zones":[1074,999],"seccions":[783],"transports":[352],"estils":[1062],"usos_actuals":[363],"graella":[],"class_list":["post-49325","edificis","type-edificis","status-publish","has-post-thumbnail","hentry","edicions-1066","edicions-2025-2","obert_per-diumenge-mati","obert_per-diumenge-tarda","zones-barcelona","zones-centre-2","seccions-open-pro","transports-l4","estils-historic-contemporani","usos_actuals-cultural"],"acf":[],"_links":{"self":[{"href":"https:\/\/www.48hopenhousebarcelona.org\/ca\/wp-json\/wp\/v2\/edificis\/49325","targetHints":{"allow":["GET"]}}],"collection":[{"href":"https:\/\/www.48hopenhousebarcelona.org\/ca\/wp-json\/wp\/v2\/edificis"}],"about":[{"href":"https:\/\/www.48hopenhousebarcelona.org\/ca\/wp-json\/wp\/v2\/types\/edificis"}],"wp:featuredmedia":[{"embeddable":true,"href":"https:\/\/www.48hopenhousebarcelona.org\/ca\/wp-json\/wp\/v2\/media\/49440"}],"wp:attachment":[{"href":"https:\/\/www.48hopenhousebarcelona.org\/ca\/wp-json\/wp\/v2\/media?parent=49325"}],"wp:term":[{"taxonomy":"post_tag","embeddable":true,"href":"https:\/\/www.48hopenhousebarcelona.org\/ca\/wp-json\/wp\/v2\/tags?post=49325"},{"taxonomy":"edicions","embeddable":true,"href":"https:\/\/www.48hopenhousebarcelona.org\/ca\/wp-json\/wp\/v2\/edicions?post=49325"},{"taxonomy":"obert_per","embeddable":true,"href":"https:\/\/www.48hopenhousebarcelona.org\/ca\/wp-json\/wp\/v2\/obert_per?post=49325"},{"taxonomy":"zones","embeddable":true,"href":"https:\/\/www.48hopenhousebarcelona.org\/ca\/wp-json\/wp\/v2\/zones?post=49325"},{"taxonomy":"seccions","embeddable":true,"href":"https:\/\/www.48hopenhousebarcelona.org\/ca\/wp-json\/wp\/v2\/seccions?post=49325"},{"taxonomy":"transports","embeddable":true,"href":"https:\/\/www.48hopenhousebarcelona.org\/ca\/wp-json\/wp\/v2\/transports?post=49325"},{"taxonomy":"estils","embeddable":true,"href":"https:\/\/www.48hopenhousebarcelona.org\/ca\/wp-json\/wp\/v2\/estils?post=49325"},{"taxonomy":"usos_actuals","embeddable":true,"href":"https:\/\/www.48hopenhousebarcelona.org\/ca\/wp-json\/wp\/v2\/usos_actuals?post=49325"},{"taxonomy":"graella","embeddable":true,"href":"https:\/\/www.48hopenhousebarcelona.org\/ca\/wp-json\/wp\/v2\/graella?post=49325"}],"curies":[{"name":"wp","href":"https:\/\/api.w.org\/{rel}","templated":true}]}}

ESPAI LA SECA 2 (FUNDACIÓ JOAN BROSSA)

<p><span style="font-weight: 400;">La seu de la Fundació Joan Brossa està ubicada en una part del que va ser la Seca Reial o la Reial Fàbrica de Moneda de la Corona d’Aragó, un edifici documentat, per primera vegada, a mitjan segle XV, i situat al barri del Born de Barcelona.<br />
</span><span style="font-weight: 400;">Aquesta fàbrica ocupava l’actual illa de cases entre el carrer dels Flassaders, el carrer de la Seca i el carrer de les Mosques. Quan la Seca va cessar l’activitat, l’edifici es va dividir en diferents immobles i així ha arribat fins a l’actualitat.<br />
</span><span style="font-weight: 400;">Des del 2018, aquest espai ha estat cedit per l’Ajuntament de Barcelona per tal que la Fundació hi desplegui un projecte expositiu i d’activitats que esdevingui un indret de referència de l’univers brossià, de les escriptures radicals, de la performance i de les arts parateatrals. La remodelació de l’espai la va fer l’arquitecta Meritxell Inaraja i Genís, la mateixa persona que va remodelar l’Escenari Joan Brossa, inaugurat el 2011. De fet, la Fundació i l’Escenari disposen de tres connexions internes, tot formant un espai únic de 1.723 m</span><span style="font-weight: 400;">2</span><span style="font-weight: 400;">. Es tracta d’un conjunt versàtil, amb molta llum natural, que respecta les estructures i la volumetria com a memòria d’un passat històric significatiu.</span></p>
