{"id":49337,"date":"2024-07-31T09:42:37","date_gmt":"2024-07-31T09:42:37","guid":{"rendered":"https:\/\/www.48hopenhousebarcelona.org\/?post_type=edificis&#038;p=49337"},"modified":"2025-08-06T09:01:29","modified_gmt":"2025-08-06T09:01:29","slug":"reial-academia-de-ciencies-i-arts-de-barcelona","status":"publish","type":"edificis","link":"https:\/\/www.48hopenhousebarcelona.org\/ca\/els-edificis\/reial-academia-de-ciencies-i-arts-de-barcelona\/","title":{"rendered":"REIAL ACAD\u00c8MIA DE CI\u00c8NCIES I ARTS DE BARCELONA"},"content":{"rendered":"<p><span style=\"font-weight: 400;\">Es tracta de la primera obra important acabada per Dom\u00e8nech Estap\u00e0, per acollir la seu de la Reial Acad\u00e8mia de Ci\u00e8ncies i Arts de Barcelona (RACAB). La reforma es va centrar en una nova fa\u00e7ana i la construcci\u00f3 de dos observatoris retirats del pla de fa\u00e7ana, predecessors de l\u2019Observatori Fabra, constru\u00eft pel mateix arquitecte el 1094.<br \/>\n<\/span><span style=\"font-weight: 400;\">A l\u2019interior de l\u2019edifici, hi destaquen la Sala d\u2019Actes i les pintures murals de F\u00e8lix Mestres, i la Sala dels Rellotges, amb una col\u00b7lecci\u00f3 espectacular de mecanismes com el rellotge astron\u00f2mic d\u2019Albert Billeter, guanyador de la Medalla d\u2019Or a l\u2019Exposici\u00f3 Universal del 1888.<br \/>\n<\/span><span style=\"font-weight: 400;\">Des del 2015, s\u2019hi han fet diverses intervencions per adaptar-ne l\u2019\u00fas a les noves normatives de seguretat i prevenci\u00f3 davant d\u2019incendis, aix\u00ed com tamb\u00e9 per preservar-ne els elements patrimonials.<\/span><\/p>\n","protected":false},"featured_media":50322,"template":"","tags":[],"edicions":[1066,1087],"obert_per":[342,343],"zones":[1074,999],"seccions":[],"transports":[348,351,358,359],"estils":[452],"usos_actuals":[371],"graella":[],"class_list":["post-49337","edificis","type-edificis","status-publish","has-post-thumbnail","hentry","edicions-1066","edicions-2025-2","obert_per-dissabte-mati","obert_per-dissabte-tarda","zones-barcelona","zones-centre-2","transports-l1","transports-l3","transports-l6","transports-l7","estils-eclecticisme","usos_actuals-museu"],"acf":[],"_links":{"self":[{"href":"https:\/\/www.48hopenhousebarcelona.org\/ca\/wp-json\/wp\/v2\/edificis\/49337","targetHints":{"allow":["GET"]}}],"collection":[{"href":"https:\/\/www.48hopenhousebarcelona.org\/ca\/wp-json\/wp\/v2\/edificis"}],"about":[{"href":"https:\/\/www.48hopenhousebarcelona.org\/ca\/wp-json\/wp\/v2\/types\/edificis"}],"wp:featuredmedia":[{"embeddable":true,"href":"https:\/\/www.48hopenhousebarcelona.org\/ca\/wp-json\/wp\/v2\/media\/50322"}],"wp:attachment":[{"href":"https:\/\/www.48hopenhousebarcelona.org\/ca\/wp-json\/wp\/v2\/media?parent=49337"}],"wp:term":[{"taxonomy":"post_tag","embeddable":true,"href":"https:\/\/www.48hopenhousebarcelona.org\/ca\/wp-json\/wp\/v2\/tags?post=49337"},{"taxonomy":"edicions","embeddable":true,"href":"https:\/\/www.48hopenhousebarcelona.org\/ca\/wp-json\/wp\/v2\/edicions?post=49337"},{"taxonomy":"obert_per","embeddable":true,"href":"https:\/\/www.48hopenhousebarcelona.org\/ca\/wp-json\/wp\/v2\/obert_per?post=49337"},{"taxonomy":"zones","embeddable":true,"href":"https:\/\/www.48hopenhousebarcelona.org\/ca\/wp-json\/wp\/v2\/zones?post=49337"},{"taxonomy":"seccions","embeddable":true,"href":"https:\/\/www.48hopenhousebarcelona.org\/ca\/wp-json\/wp\/v2\/seccions?post=49337"},{"taxonomy":"transports","embeddable":true,"href":"https:\/\/www.48hopenhousebarcelona.org\/ca\/wp-json\/wp\/v2\/transports?post=49337"},{"taxonomy":"estils","embeddable":true,"href":"https:\/\/www.48hopenhousebarcelona.org\/ca\/wp-json\/wp\/v2\/estils?post=49337"},{"taxonomy":"usos_actuals","embeddable":true,"href":"https:\/\/www.48hopenhousebarcelona.org\/ca\/wp-json\/wp\/v2\/usos_actuals?post=49337"},{"taxonomy":"graella","embeddable":true,"href":"https:\/\/www.48hopenhousebarcelona.org\/ca\/wp-json\/wp\/v2\/graella?post=49337"}],"curies":[{"name":"wp","href":"https:\/\/api.w.org\/{rel}","templated":true}]}}

REIAL ACADÈMIA DE CIÈNCIES I ARTS DE BARCELONA

<p><span style="font-weight: 400;">Es tracta de la primera obra important acabada per Domènech Estapà, per acollir la seu de la Reial Acadèmia de Ciències i Arts de Barcelona (RACAB). La reforma es va centrar en una nova façana i la construcció de dos observatoris retirats del pla de façana, predecessors de l’Observatori Fabra, construït pel mateix arquitecte el 1094.<br />
</span><span style="font-weight: 400;">A l’interior de l’edifici, hi destaquen la Sala d’Actes i les pintures murals de Fèlix Mestres, i la Sala dels Rellotges, amb una col·lecció espectacular de mecanismes com el rellotge astronòmic d’Albert Billeter, guanyador de la Medalla d’Or a l’Exposició Universal del 1888.<br />
</span><span style="font-weight: 400;">Des del 2015, s’hi han fet diverses intervencions per adaptar-ne l’ús a les noves normatives de seguretat i prevenció davant d’incendis, així com també per preservar-ne els elements patrimonials.</span></p>
