{"id":49350,"date":"2024-07-31T13:16:44","date_gmt":"2024-07-31T13:16:44","guid":{"rendered":"https:\/\/www.48hopenhousebarcelona.org\/?post_type=edificis&#038;p=49350"},"modified":"2025-10-02T12:00:07","modified_gmt":"2025-10-02T12:00:07","slug":"casa-rius-fundacio-acicac","status":"publish","type":"edificis","link":"https:\/\/www.48hopenhousebarcelona.org\/ca\/els-edificis\/casa-rius-fundacio-acicac\/","title":{"rendered":"CASA RIUS (FUNDACI\u00d3 ACICAC)"},"content":{"rendered":"<p><span style=\"font-weight: 400;\">Edifici d\u2019estil modernista per enca\u0300rrec de l\u2019artista Josep Rius i Mestres (Barcelona, 1866-1958). Rius, amb vint anys, va fundar la indu\u0301stria Casa Rius, dedicada a la indu\u0301stria d\u2019imatges religioses i pessebrista. Malgrat que no tenia formacio\u0301 econo\u0300mica i era totalment autodidacte, la seva natural habilitat arti\u0301stica el va portar a convertir-se en un dels escultors catalans me\u0301s cotitzats de l\u2019e\u0300poca, i podem trobar obres seves en edificis civils i religiosos.<br \/>\n<\/span><span style=\"font-weight: 400;\">Casa Rius e\u0301s un complex format pel taller i un bloc d\u2019habitatges, que es va construir per allotjar-hi empresa i fami\u0301lia. El taller familiar es va mantenir amb diversos noms fins ben entrats els anys seixanta. Els darrers deu anys del segle XXI, la fa\u0300brica va tancar i es va convertir en un magatzem.<br \/>\n<\/span><span style=\"font-weight: 400;\">La Fundaci\u00f3 ACICAC (Agrupaci\u00f3 de Cases de Innovaci\u00f3, Cultura i Art de Catalunya) va adquirir i restaurar la casa per convertir-la en un espai de transformaci\u00f3 creativa. S\u2019hi fan esdeveniments, resid\u00e8ncies d&#8217;artistes, espais gastron\u00f2mics i una \u00e0mplia programaci\u00f3 cultural.<\/span><\/p>\n","protected":false},"featured_media":49507,"template":"","tags":[],"edicions":[1066,1087],"obert_per":[345],"zones":[938,1074],"seccions":[],"transports":[351,386],"estils":[1062],"usos_actuals":[363],"graella":[],"class_list":["post-49350","edificis","type-edificis","status-publish","has-post-thumbnail","hentry","edicions-1066","edicions-2025-2","obert_per-diumenge-tarda","zones-dreta-de-leixample-2","zones-barcelona","transports-l3","transports-l5","estils-historic-contemporani","usos_actuals-cultural"],"acf":[],"_links":{"self":[{"href":"https:\/\/www.48hopenhousebarcelona.org\/ca\/wp-json\/wp\/v2\/edificis\/49350","targetHints":{"allow":["GET"]}}],"collection":[{"href":"https:\/\/www.48hopenhousebarcelona.org\/ca\/wp-json\/wp\/v2\/edificis"}],"about":[{"href":"https:\/\/www.48hopenhousebarcelona.org\/ca\/wp-json\/wp\/v2\/types\/edificis"}],"wp:featuredmedia":[{"embeddable":true,"href":"https:\/\/www.48hopenhousebarcelona.org\/ca\/wp-json\/wp\/v2\/media\/49507"}],"wp:attachment":[{"href":"https:\/\/www.48hopenhousebarcelona.org\/ca\/wp-json\/wp\/v2\/media?parent=49350"}],"wp:term":[{"taxonomy":"post_tag","embeddable":true,"href":"https:\/\/www.48hopenhousebarcelona.org\/ca\/wp-json\/wp\/v2\/tags?post=49350"},{"taxonomy":"edicions","embeddable":true,"href":"https:\/\/www.48hopenhousebarcelona.org\/ca\/wp-json\/wp\/v2\/edicions?post=49350"},{"taxonomy":"obert_per","embeddable":true,"href":"https:\/\/www.48hopenhousebarcelona.org\/ca\/wp-json\/wp\/v2\/obert_per?post=49350"},{"taxonomy":"zones","embeddable":true,"href":"https:\/\/www.48hopenhousebarcelona.org\/ca\/wp-json\/wp\/v2\/zones?post=49350"},{"taxonomy":"seccions","embeddable":true,"href":"https:\/\/www.48hopenhousebarcelona.org\/ca\/wp-json\/wp\/v2\/seccions?post=49350"},{"taxonomy":"transports","embeddable":true,"href":"https:\/\/www.48hopenhousebarcelona.org\/ca\/wp-json\/wp\/v2\/transports?post=49350"},{"taxonomy":"estils","embeddable":true,"href":"https:\/\/www.48hopenhousebarcelona.org\/ca\/wp-json\/wp\/v2\/estils?post=49350"},{"taxonomy":"usos_actuals","embeddable":true,"href":"https:\/\/www.48hopenhousebarcelona.org\/ca\/wp-json\/wp\/v2\/usos_actuals?post=49350"},{"taxonomy":"graella","embeddable":true,"href":"https:\/\/www.48hopenhousebarcelona.org\/ca\/wp-json\/wp\/v2\/graella?post=49350"}],"curies":[{"name":"wp","href":"https:\/\/api.w.org\/{rel}","templated":true}]}}

CASA RIUS (FUNDACIÓ ACICAC)

<p><span style="font-weight: 400;">Edifici d’estil modernista per encàrrec de l’artista Josep Rius i Mestres (Barcelona, 1866-1958). Rius, amb vint anys, va fundar la indústria Casa Rius, dedicada a la indústria d’imatges religioses i pessebrista. Malgrat que no tenia formació econòmica i era totalment autodidacte, la seva natural habilitat artística el va portar a convertir-se en un dels escultors catalans més cotitzats de l’època, i podem trobar obres seves en edificis civils i religiosos.<br />
</span><span style="font-weight: 400;">Casa Rius és un complex format pel taller i un bloc d’habitatges, que es va construir per allotjar-hi empresa i família. El taller familiar es va mantenir amb diversos noms fins ben entrats els anys seixanta. Els darrers deu anys del segle XXI, la fàbrica va tancar i es va convertir en un magatzem.<br />
</span><span style="font-weight: 400;">La Fundació ACICAC (Agrupació de Cases de Innovació, Cultura i Art de Catalunya) va adquirir i restaurar la casa per convertir-la en un espai de transformació creativa. S’hi fan esdeveniments, residències d&#8217;artistes, espais gastronòmics i una àmplia programació cultural.</span></p>
