{"id":50521,"date":"2024-09-12T10:37:51","date_gmt":"2024-09-12T10:37:51","guid":{"rendered":"https:\/\/www.48hopenhousebarcelona.org\/?post_type=edificis&#038;p=50521"},"modified":"2025-10-20T13:56:45","modified_gmt":"2025-10-20T13:56:45","slug":"collegi-sant-ignasi-de-loiola","status":"publish","type":"edificis","link":"https:\/\/www.48hopenhousebarcelona.org\/ca\/els-edificis\/collegi-sant-ignasi-de-loiola\/","title":{"rendered":"FINCA GARDENYES (COL\u00b7LEGI SANT IGNASI \u2013 JESU\u00cfTES DE SARRI\u00c0)"},"content":{"rendered":"<p><span style=\"font-weight: 400;\">El Col\u00b7legi Sant Ignasi &#8211; Jesu\u00eftes de Sarri\u00e0 va ser projectat per l\u2019arquitecte Joan Martorell i Montells i inaugurat el 1892 a l\u2019antiga finca Gardenyes. L\u2019edifici, d\u2019estil neog\u00f2tic, t\u00e9 una estructura sim\u00e8trica, articulada al voltant de dos claustres, amb un cos central on hi ha l\u2019entrada principal. Inspirat en el model dels col\u00b7legis anglesos en r\u00e8gim d\u2019internat, constru\u00efts amb ma\u00f3 vist, ben aviat va esdevenir el centre d\u2019ensenyament m\u00e9s emblem\u00e0tic de la burgesia barcelonina. Est\u00e0 catalogat com b\u00e9 cultural d\u2019inter\u00e8s local (BCIL).<br \/>\n<\/span><span style=\"font-weight: 400;\">La intervenci\u00f3 d\u2019Aquidos s\u2019hi va iniciar el 2018 amb l\u2019objectiu d\u2019adaptar els espais educatius per donar resposta a les noves necessitats i metodologies pedag\u00f2giques, funcionals i patrimonials.<br \/>\n<\/span><span style=\"font-weight: 400;\">El proc\u00e9s de transformaci\u00f3 consisteix en la rehabilitaci\u00f3 i restauraci\u00f3 de fa\u00e7anes i cobertes, i la reforma dels espais interiors. La intervenci\u00f3 resol les diferents defici\u00e8ncies estructurals i dels materials preexistents, respecta els valors patrimonials de l\u2019edifici, i destaca i subratlla els elements constructius i arquitect\u00f2nics amb m\u00e9s inter\u00e8s.<br \/>\n<\/span><span style=\"font-weight: 400;\">Les intervencions s\u2019organitzen en fases successives que s\u2019adapten a les din\u00e0miques de la comunitat educativa. El projecte vincula el passat i la modernitat en els espais d\u2019aprenentatge, adaptant el complex hist\u00f2ric a les noves necessitats pedag\u00f2giques i la flexibilitat dels entorns d\u2019aprenentatge. L\u2019al\u00e7ada de les aules, les encavallades amb una gran quantitat de llum, la pres\u00e8ncia de la fusta i de l\u2019obra vista acompanyen el creixement dels alumnes i donen una resposta coherent a les diferents etapes educatives.<\/span><\/p>\n","protected":false},"featured_media":50887,"template":"","tags":[],"edicions":[1066,1087],"obert_per":[345],"zones":[435,1074],"seccions":[783],"transports":[],"estils":[452],"usos_actuals":[368],"graella":[],"class_list":["post-50521","edificis","type-edificis","status-publish","has-post-thumbnail","hentry","edicions-1066","edicions-2025-2","obert_per-diumenge-tarda","zones-sarria-sant-gervasi","zones-barcelona","seccions-open-pro","estils-eclecticisme","usos_actuals-docent"],"acf":[],"_links":{"self":[{"href":"https:\/\/www.48hopenhousebarcelona.org\/ca\/wp-json\/wp\/v2\/edificis\/50521","targetHints":{"allow":["GET"]}}],"collection":[{"href":"https:\/\/www.48hopenhousebarcelona.org\/ca\/wp-json\/wp\/v2\/edificis"}],"about":[{"href":"https:\/\/www.48hopenhousebarcelona.org\/ca\/wp-json\/wp\/v2\/types\/edificis"}],"wp:featuredmedia":[{"embeddable":true,"href":"https:\/\/www.48hopenhousebarcelona.org\/ca\/wp-json\/wp\/v2\/media\/50887"}],"wp:attachment":[{"href":"https:\/\/www.48hopenhousebarcelona.org\/ca\/wp-json\/wp\/v2\/media?parent=50521"}],"wp:term":[{"taxonomy":"post_tag","embeddable":true,"href":"https:\/\/www.48hopenhousebarcelona.org\/ca\/wp-json\/wp\/v2\/tags?post=50521"},{"taxonomy":"edicions","embeddable":true,"href":"https:\/\/www.48hopenhousebarcelona.org\/ca\/wp-json\/wp\/v2\/edicions?post=50521"},{"taxonomy":"obert_per","embeddable":true,"href":"https:\/\/www.48hopenhousebarcelona.org\/ca\/wp-json\/wp\/v2\/obert_per?post=50521"},{"taxonomy":"zones","embeddable":true,"href":"https:\/\/www.48hopenhousebarcelona.org\/ca\/wp-json\/wp\/v2\/zones?post=50521"},{"taxonomy":"seccions","embeddable":true,"href":"https:\/\/www.48hopenhousebarcelona.org\/ca\/wp-json\/wp\/v2\/seccions?post=50521"},{"taxonomy":"transports","embeddable":true,"href":"https:\/\/www.48hopenhousebarcelona.org\/ca\/wp-json\/wp\/v2\/transports?post=50521"},{"taxonomy":"estils","embeddable":true,"href":"https:\/\/www.48hopenhousebarcelona.org\/ca\/wp-json\/wp\/v2\/estils?post=50521"},{"taxonomy":"usos_actuals","embeddable":true,"href":"https:\/\/www.48hopenhousebarcelona.org\/ca\/wp-json\/wp\/v2\/usos_actuals?post=50521"},{"taxonomy":"graella","embeddable":true,"href":"https:\/\/www.48hopenhousebarcelona.org\/ca\/wp-json\/wp\/v2\/graella?post=50521"}],"curies":[{"name":"wp","href":"https:\/\/api.w.org\/{rel}","templated":true}]}}

FINCA GARDENYES (COL·LEGI SANT IGNASI – JESUÏTES DE SARRIÀ)

<p><span style="font-weight: 400;">El Col·legi Sant Ignasi &#8211; Jesuïtes de Sarrià va ser projectat per l’arquitecte Joan Martorell i Montells i inaugurat el 1892 a l’antiga finca Gardenyes. L’edifici, d’estil neogòtic, té una estructura simètrica, articulada al voltant de dos claustres, amb un cos central on hi ha l’entrada principal. Inspirat en el model dels col·legis anglesos en règim d’internat, construïts amb maó vist, ben aviat va esdevenir el centre d’ensenyament més emblemàtic de la burgesia barcelonina. Està catalogat com bé cultural d’interès local (BCIL).<br />
</span><span style="font-weight: 400;">La intervenció d’Aquidos s’hi va iniciar el 2018 amb l’objectiu d’adaptar els espais educatius per donar resposta a les noves necessitats i metodologies pedagògiques, funcionals i patrimonials.<br />
</span><span style="font-weight: 400;">El procés de transformació consisteix en la rehabilitació i restauració de façanes i cobertes, i la reforma dels espais interiors. La intervenció resol les diferents deficiències estructurals i dels materials preexistents, respecta els valors patrimonials de l’edifici, i destaca i subratlla els elements constructius i arquitectònics amb més interès.<br />
</span><span style="font-weight: 400;">Les intervencions s’organitzen en fases successives que s’adapten a les dinàmiques de la comunitat educativa. El projecte vincula el passat i la modernitat en els espais d’aprenentatge, adaptant el complex històric a les noves necessitats pedagògiques i la flexibilitat dels entorns d’aprenentatge. L’alçada de les aules, les encavallades amb una gran quantitat de llum, la presència de la fusta i de l’obra vista acompanyen el creixement dels alumnes i donen una resposta coherent a les diferents etapes educatives.</span></p>
