{"id":55211,"date":"2025-08-29T16:10:26","date_gmt":"2025-08-29T16:10:26","guid":{"rendered":"https:\/\/www.48hopenhousebarcelona.org\/?post_type=edificis&#038;p=55211"},"modified":"2025-10-01T11:18:46","modified_gmt":"2025-10-01T11:18:46","slug":"edifici-media-tic","status":"publish","type":"edificis","link":"https:\/\/www.48hopenhousebarcelona.org\/ca\/els-edificis\/edifici-media-tic\/","title":{"rendered":"EDIFICI MEDIA-TIC"},"content":{"rendered":"<p><span data-sheets-root=\"1\">Situat al districte tecnol\u00f2gic 22@, l\u2019edifici Media-TIC \u00e9s una icona de l\u2019arquitectura digital i sostenible a Barcelona. Dissenyat per Enric Ruiz-Geli (Cloud 9), aquest edifici intel\u00b7ligent de vuit plantes combina recerca tecnol\u00f2gica, innovaci\u00f3 formal i efici\u00e8ncia energ\u00e8tica per respondre als reptes del segle XXI.<\/p>\n<p>El projecte aposta per una arquitectura bioclim\u00e0tica activa: la fa\u00e7ana sud est\u00e0 recoberta per una pell d\u2019ETFE \u2014un pol\u00edmer transparent i ultralleuger\u2014, amb cambres inflables que regulen la llum i la temperatura interiors. Aquesta soluci\u00f3 redueix la demanda energ\u00e8tica en m\u00e9s d\u2019un 20%. Les estructures met\u00e0l\u00b7liques es deixen a la vista i defineixen una ret\u00edcula que respon als usos flexibles dels espais interiors, pensats com a plataformes obertes per al coneixement i la col\u00b7laboraci\u00f3.<\/p>\n<p>Pensat com un node d\u2019activitat del sector TIC, el Media-TIC acull espais per a empreses emergents, centres de recerca i serveis digitals. \u00c9s una arquitectura que connecta el m\u00f3n f\u00edsic amb el digital, capa\u00e7 de gestionar informaci\u00f3 en temps real i adaptar-se als usuaris.<\/span><\/p>\n","protected":false},"featured_media":55212,"template":"","tags":[],"edicions":[1087],"obert_per":[342,343],"zones":[1074,1001],"seccions":[783],"transports":[348,352],"estils":[374],"usos_actuals":[361],"graella":[],"class_list":["post-55211","edificis","type-edificis","status-publish","has-post-thumbnail","hentry","edicions-2025-2","obert_per-dissabte-mati","obert_per-dissabte-tarda","zones-barcelona","zones-poblenou-2","seccions-open-pro","transports-l1","transports-l4","estils-estils-contemporanis","usos_actuals-oficines"],"acf":[],"_links":{"self":[{"href":"https:\/\/www.48hopenhousebarcelona.org\/ca\/wp-json\/wp\/v2\/edificis\/55211","targetHints":{"allow":["GET"]}}],"collection":[{"href":"https:\/\/www.48hopenhousebarcelona.org\/ca\/wp-json\/wp\/v2\/edificis"}],"about":[{"href":"https:\/\/www.48hopenhousebarcelona.org\/ca\/wp-json\/wp\/v2\/types\/edificis"}],"wp:featuredmedia":[{"embeddable":true,"href":"https:\/\/www.48hopenhousebarcelona.org\/ca\/wp-json\/wp\/v2\/media\/55212"}],"wp:attachment":[{"href":"https:\/\/www.48hopenhousebarcelona.org\/ca\/wp-json\/wp\/v2\/media?parent=55211"}],"wp:term":[{"taxonomy":"post_tag","embeddable":true,"href":"https:\/\/www.48hopenhousebarcelona.org\/ca\/wp-json\/wp\/v2\/tags?post=55211"},{"taxonomy":"edicions","embeddable":true,"href":"https:\/\/www.48hopenhousebarcelona.org\/ca\/wp-json\/wp\/v2\/edicions?post=55211"},{"taxonomy":"obert_per","embeddable":true,"href":"https:\/\/www.48hopenhousebarcelona.org\/ca\/wp-json\/wp\/v2\/obert_per?post=55211"},{"taxonomy":"zones","embeddable":true,"href":"https:\/\/www.48hopenhousebarcelona.org\/ca\/wp-json\/wp\/v2\/zones?post=55211"},{"taxonomy":"seccions","embeddable":true,"href":"https:\/\/www.48hopenhousebarcelona.org\/ca\/wp-json\/wp\/v2\/seccions?post=55211"},{"taxonomy":"transports","embeddable":true,"href":"https:\/\/www.48hopenhousebarcelona.org\/ca\/wp-json\/wp\/v2\/transports?post=55211"},{"taxonomy":"estils","embeddable":true,"href":"https:\/\/www.48hopenhousebarcelona.org\/ca\/wp-json\/wp\/v2\/estils?post=55211"},{"taxonomy":"usos_actuals","embeddable":true,"href":"https:\/\/www.48hopenhousebarcelona.org\/ca\/wp-json\/wp\/v2\/usos_actuals?post=55211"},{"taxonomy":"graella","embeddable":true,"href":"https:\/\/www.48hopenhousebarcelona.org\/ca\/wp-json\/wp\/v2\/graella?post=55211"}],"curies":[{"name":"wp","href":"https:\/\/api.w.org\/{rel}","templated":true}]}}

<p><span data-sheets-root="1">Situat al districte tecnològic 22@, l’edifici Media-TIC és una icona de l’arquitectura digital i sostenible a Barcelona. Dissenyat per Enric Ruiz-Geli (Cloud 9), aquest edifici intel·ligent de vuit plantes combina recerca tecnològica, innovació formal i eficiència energètica per respondre als reptes del segle XXI.</p>
<p>El projecte aposta per una arquitectura bioclimàtica activa: la façana sud està recoberta per una pell d’ETFE —un polímer transparent i ultralleuger—, amb cambres inflables que regulen la llum i la temperatura interiors. Aquesta solució redueix la demanda energètica en més d’un 20%. Les estructures metàl·liques es deixen a la vista i defineixen una retícula que respon als usos flexibles dels espais interiors, pensats com a plataformes obertes per al coneixement i la col·laboració.</p>
<p>Pensat com un node d’activitat del sector TIC, el Media-TIC acull espais per a empreses emergents, centres de recerca i serveis digitals. És una arquitectura que connecta el món físic amb el digital, capaç de gestionar informació en temps real i adaptar-se als usuaris.</span></p>
