{"id":55313,"date":"2025-09-03T12:26:09","date_gmt":"2025-09-03T12:26:09","guid":{"rendered":"https:\/\/www.48hopenhousebarcelona.org\/?post_type=edificis&#038;p=55313"},"modified":"2025-10-20T11:16:09","modified_gmt":"2025-10-20T11:16:09","slug":"edifici-estel","status":"publish","type":"edificis","link":"https:\/\/www.48hopenhousebarcelona.org\/ca\/els-edificis\/edifici-estel\/","title":{"rendered":"EDIFICI ESTEL"},"content":{"rendered":"<p><span style=\"font-weight: 400;\">L\u2019antiga seu de Telef\u00f3nica recupera la vida amb una intervenci\u00f3 integral que transforma el volum imponent en un edifici obert, por\u00f3s i habitable. La reforma recupera la llum i les visuals, substituint les pantalles opaques per tribunes de vidre, reinterpretant l\u2019esperit de Mitjans amb criteris contemporanis. L\u2019arquitectura s\u2019expandeix cap a l\u2019exterior amb terrasses i una nova fa\u00e7ana solar que estructura l\u2019edifici des de l\u2019avinguda de Roma com un gran llen\u00e7 urb\u00e0. Un projecte que posa al centre les persones, la sostenibilitat i la relaci\u00f3 amb l\u2019entorn.<\/span><\/p>\n","protected":false},"featured_media":56424,"template":"","tags":[],"edicions":[1087],"obert_per":[342,343],"zones":[925,1074],"seccions":[1046,1045,783],"transports":[386],"estils":[374],"usos_actuals":[361],"graella":[],"class_list":["post-55313","edificis","type-edificis","status-publish","has-post-thumbnail","hentry","edicions-2025-2","obert_per-dissabte-mati","obert_per-dissabte-tarda","zones-esquerra-de-leixample","zones-barcelona","seccions-espais-de-treball","seccions-interiorisme","seccions-open-pro","transports-l5","estils-estils-contemporanis","usos_actuals-oficines"],"acf":[],"_links":{"self":[{"href":"https:\/\/www.48hopenhousebarcelona.org\/ca\/wp-json\/wp\/v2\/edificis\/55313","targetHints":{"allow":["GET"]}}],"collection":[{"href":"https:\/\/www.48hopenhousebarcelona.org\/ca\/wp-json\/wp\/v2\/edificis"}],"about":[{"href":"https:\/\/www.48hopenhousebarcelona.org\/ca\/wp-json\/wp\/v2\/types\/edificis"}],"wp:featuredmedia":[{"embeddable":true,"href":"https:\/\/www.48hopenhousebarcelona.org\/ca\/wp-json\/wp\/v2\/media\/56424"}],"wp:attachment":[{"href":"https:\/\/www.48hopenhousebarcelona.org\/ca\/wp-json\/wp\/v2\/media?parent=55313"}],"wp:term":[{"taxonomy":"post_tag","embeddable":true,"href":"https:\/\/www.48hopenhousebarcelona.org\/ca\/wp-json\/wp\/v2\/tags?post=55313"},{"taxonomy":"edicions","embeddable":true,"href":"https:\/\/www.48hopenhousebarcelona.org\/ca\/wp-json\/wp\/v2\/edicions?post=55313"},{"taxonomy":"obert_per","embeddable":true,"href":"https:\/\/www.48hopenhousebarcelona.org\/ca\/wp-json\/wp\/v2\/obert_per?post=55313"},{"taxonomy":"zones","embeddable":true,"href":"https:\/\/www.48hopenhousebarcelona.org\/ca\/wp-json\/wp\/v2\/zones?post=55313"},{"taxonomy":"seccions","embeddable":true,"href":"https:\/\/www.48hopenhousebarcelona.org\/ca\/wp-json\/wp\/v2\/seccions?post=55313"},{"taxonomy":"transports","embeddable":true,"href":"https:\/\/www.48hopenhousebarcelona.org\/ca\/wp-json\/wp\/v2\/transports?post=55313"},{"taxonomy":"estils","embeddable":true,"href":"https:\/\/www.48hopenhousebarcelona.org\/ca\/wp-json\/wp\/v2\/estils?post=55313"},{"taxonomy":"usos_actuals","embeddable":true,"href":"https:\/\/www.48hopenhousebarcelona.org\/ca\/wp-json\/wp\/v2\/usos_actuals?post=55313"},{"taxonomy":"graella","embeddable":true,"href":"https:\/\/www.48hopenhousebarcelona.org\/ca\/wp-json\/wp\/v2\/graella?post=55313"}],"curies":[{"name":"wp","href":"https:\/\/api.w.org\/{rel}","templated":true}]}}

<p><span style="font-weight: 400;">L’antiga seu de Telefónica recupera la vida amb una intervenció integral que transforma el volum imponent en un edifici obert, porós i habitable. La reforma recupera la llum i les visuals, substituint les pantalles opaques per tribunes de vidre, reinterpretant l’esperit de Mitjans amb criteris contemporanis. L’arquitectura s’expandeix cap a l’exterior amb terrasses i una nova façana solar que estructura l’edifici des de l’avinguda de Roma com un gran llenç urbà. Un projecte que posa al centre les persones, la sostenibilitat i la relació amb l’entorn.</span></p>
