{"id":55436,"date":"2025-09-05T10:48:57","date_gmt":"2025-09-05T10:48:57","guid":{"rendered":"https:\/\/www.48hopenhousebarcelona.org\/?post_type=edificis&#038;p=55436"},"modified":"2025-10-03T11:10:05","modified_gmt":"2025-10-03T11:10:05","slug":"reconversio-de-fabrica-textil-en-estudi","status":"publish","type":"edificis","link":"https:\/\/www.48hopenhousebarcelona.org\/ca\/els-edificis\/reconversio-de-fabrica-textil-en-estudi\/","title":{"rendered":"RECONVERSI\u00d3 DE F\u00c0BRICA T\u00c8XTIL EN ESTUDI"},"content":{"rendered":"<p><span data-sheets-root=\"1\">Al barri del Poblenou, trobem aquest singular edifici industrial de mitjans del segle XX, una antiga f\u00e0brica t\u00e8xtil molt a prop del mar, una zona abans for\u00e7a oblidada i m\u00e9s aviat destinada a la ind\u00fastria. L\u2019any 1999, es va abordar la rehabilitaci\u00f3 integral de l\u2019edifici i els espais de cada planta es van transformar en habitatges i estudis professionals. A la primera planta, hi ha l\u2019estudi d\u2019\u00dabeda i Reverter, que aleshores van portar a terme la transformaci\u00f3 d\u2019aquesta nau situada al primer nivell. Un espai amb els sostres alts i de grans dimensions, una nau buida i amb grans finestrals, que es va convertir en un espai multidisciplinari de treball, taller i plat\u00f3 ocasional. Un espai que sembla tret del SoHo novaiorqu\u00e8s, i que ha mantingut l\u2019ess\u00e8ncia del seu origen en l\u2019estructura, i ha donat vida a la diversitat i la creativitat. Ara hi ha el showroom de TotCor, un projecte que parla d\u2019amor, art, disseny i artesania, a trav\u00e9s del qual podem contribuir a l\u2019esperan\u00e7a de recuperar la humanitat, el respecte i la cultura en la nostra societat.<\/span><\/p>\n","protected":false},"featured_media":56772,"template":"","tags":[],"edicions":[1087],"obert_per":[342],"zones":[1074,1001],"seccions":[],"transports":[352],"estils":[374],"usos_actuals":[361],"graella":[],"class_list":["post-55436","edificis","type-edificis","status-publish","has-post-thumbnail","hentry","edicions-2025-2","obert_per-dissabte-mati","zones-barcelona","zones-poblenou-2","transports-l4","estils-estils-contemporanis","usos_actuals-oficines"],"acf":[],"_links":{"self":[{"href":"https:\/\/www.48hopenhousebarcelona.org\/ca\/wp-json\/wp\/v2\/edificis\/55436","targetHints":{"allow":["GET"]}}],"collection":[{"href":"https:\/\/www.48hopenhousebarcelona.org\/ca\/wp-json\/wp\/v2\/edificis"}],"about":[{"href":"https:\/\/www.48hopenhousebarcelona.org\/ca\/wp-json\/wp\/v2\/types\/edificis"}],"wp:featuredmedia":[{"embeddable":true,"href":"https:\/\/www.48hopenhousebarcelona.org\/ca\/wp-json\/wp\/v2\/media\/56772"}],"wp:attachment":[{"href":"https:\/\/www.48hopenhousebarcelona.org\/ca\/wp-json\/wp\/v2\/media?parent=55436"}],"wp:term":[{"taxonomy":"post_tag","embeddable":true,"href":"https:\/\/www.48hopenhousebarcelona.org\/ca\/wp-json\/wp\/v2\/tags?post=55436"},{"taxonomy":"edicions","embeddable":true,"href":"https:\/\/www.48hopenhousebarcelona.org\/ca\/wp-json\/wp\/v2\/edicions?post=55436"},{"taxonomy":"obert_per","embeddable":true,"href":"https:\/\/www.48hopenhousebarcelona.org\/ca\/wp-json\/wp\/v2\/obert_per?post=55436"},{"taxonomy":"zones","embeddable":true,"href":"https:\/\/www.48hopenhousebarcelona.org\/ca\/wp-json\/wp\/v2\/zones?post=55436"},{"taxonomy":"seccions","embeddable":true,"href":"https:\/\/www.48hopenhousebarcelona.org\/ca\/wp-json\/wp\/v2\/seccions?post=55436"},{"taxonomy":"transports","embeddable":true,"href":"https:\/\/www.48hopenhousebarcelona.org\/ca\/wp-json\/wp\/v2\/transports?post=55436"},{"taxonomy":"estils","embeddable":true,"href":"https:\/\/www.48hopenhousebarcelona.org\/ca\/wp-json\/wp\/v2\/estils?post=55436"},{"taxonomy":"usos_actuals","embeddable":true,"href":"https:\/\/www.48hopenhousebarcelona.org\/ca\/wp-json\/wp\/v2\/usos_actuals?post=55436"},{"taxonomy":"graella","embeddable":true,"href":"https:\/\/www.48hopenhousebarcelona.org\/ca\/wp-json\/wp\/v2\/graella?post=55436"}],"curies":[{"name":"wp","href":"https:\/\/api.w.org\/{rel}","templated":true}]}}

RECONVERSIÓ DE FÀBRICA TÈXTIL EN ESTUDI

<p><span data-sheets-root="1">Al barri del Poblenou, trobem aquest singular edifici industrial de mitjans del segle XX, una antiga fàbrica tèxtil molt a prop del mar, una zona abans força oblidada i més aviat destinada a la indústria. L’any 1999, es va abordar la rehabilitació integral de l’edifici i els espais de cada planta es van transformar en habitatges i estudis professionals. A la primera planta, hi ha l’estudi d’Úbeda i Reverter, que aleshores van portar a terme la transformació d’aquesta nau situada al primer nivell. Un espai amb els sostres alts i de grans dimensions, una nau buida i amb grans finestrals, que es va convertir en un espai multidisciplinari de treball, taller i plató ocasional. Un espai que sembla tret del SoHo novaiorquès, i que ha mantingut l’essència del seu origen en l’estructura, i ha donat vida a la diversitat i la creativitat. Ara hi ha el showroom de TotCor, un projecte que parla d’amor, art, disseny i artesania, a través del qual podem contribuir a l’esperança de recuperar la humanitat, el respecte i la cultura en la nostra societat.</span></p>
