{"id":55564,"date":"2025-09-11T10:15:09","date_gmt":"2025-09-11T10:15:09","guid":{"rendered":"https:\/\/www.48hopenhousebarcelona.org\/?post_type=edificis&#038;p=55564"},"modified":"2025-10-20T11:46:57","modified_gmt":"2025-10-20T11:46:57","slug":"recinte-fabra-i-coats-sala-de-calderes","status":"publish","type":"edificis","link":"https:\/\/www.48hopenhousebarcelona.org\/ca\/els-edificis\/recinte-fabra-i-coats-sala-de-calderes\/","title":{"rendered":"RECINTE FABRA I COATS &#8211; SALA DE CALDERES"},"content":{"rendered":"<p>La Sala de Calderes forma part del conjunt patrimonial de l\u2019antic recinte industrial Fabra i Coats, un espai \u00fanic a Catalunya, perqu\u00e8 encara conserva el sistema energ\u00e8tic complet i no alterat d\u2019una gran f\u00e0brica t\u00e8xtil. Constru\u00efda a principis del segle XX, era el cor energ\u00e8tic de la planta: hi arribaven les diferents fonts d\u2019energia que alimentaven tot el recinte \u2013vapor, fueloil, gas i electricitat\u2013 en funci\u00f3 del moment hist\u00f2ric i dels aven\u00e7os tecnol\u00f2gics.<\/p>\n<p>L\u2019any 1903, va n\u00e9ixer la Compa\u00f1\u00eda An\u00f3nima Hilaturas de Fabra i Coats, fruit de la fusi\u00f3 entre la fam\u00edlia Fabra i la multinacional escocesa Coats. La f\u00e0brica, dedicada a la producci\u00f3 de fils de cosir i xarxes de pesca, va tenir una gran influ\u00e8ncia en la vida social i econ\u00f2mica del barri de Sant Andreu. Durant m\u00e9s de vuitanta anys, Fabra i Coats va ser un referent d\u2019innovaci\u00f3 industrial i un agent actiu en la promoci\u00f3 dels drets laborals. La crisi dels anys setanta, la reconversi\u00f3 industrial i la globalitzaci\u00f3 van portar a tancar-a definitivament, el 2005.<\/p>\n<p>La recuperaci\u00f3 arquitect\u00f2nica de la Sala de Calderes, de grans dimensions i amb una \u00e0mplia documentaci\u00f3 hist\u00f2rica associada, ens permet endinsar-nos en la mem\u00f2ria t\u00e8cnica i social de la Barcelona industrial. L\u2019espai ofereix un testimoni excepcional sobre el funcionament d\u2019una instal\u00b7laci\u00f3 energ\u00e8tica industrial i sobre la transformaci\u00f3 del recinte en un centre cultural i patrimonial viu al segle XXI.<\/p>\n<p>Aquest espai forma part del Museu d&#8217;Hist\u00f2ria de Barcelona.<\/p>\n","protected":false},"featured_media":55681,"template":"","tags":[],"edicions":[1087],"obert_per":[344],"zones":[412,1074],"seccions":[],"transports":[348,414,413],"estils":[1062],"usos_actuals":[363],"graella":[],"class_list":["post-55564","edificis","type-edificis","status-publish","has-post-thumbnail","hentry","edicions-2025-2","obert_per-diumenge-mati","zones-sant-andreu","zones-barcelona","transports-l1","transports-l10n","transports-l9n","estils-historic-contemporani","usos_actuals-cultural"],"acf":[],"_links":{"self":[{"href":"https:\/\/www.48hopenhousebarcelona.org\/ca\/wp-json\/wp\/v2\/edificis\/55564","targetHints":{"allow":["GET"]}}],"collection":[{"href":"https:\/\/www.48hopenhousebarcelona.org\/ca\/wp-json\/wp\/v2\/edificis"}],"about":[{"href":"https:\/\/www.48hopenhousebarcelona.org\/ca\/wp-json\/wp\/v2\/types\/edificis"}],"wp:featuredmedia":[{"embeddable":true,"href":"https:\/\/www.48hopenhousebarcelona.org\/ca\/wp-json\/wp\/v2\/media\/55681"}],"wp:attachment":[{"href":"https:\/\/www.48hopenhousebarcelona.org\/ca\/wp-json\/wp\/v2\/media?parent=55564"}],"wp:term":[{"taxonomy":"post_tag","embeddable":true,"href":"https:\/\/www.48hopenhousebarcelona.org\/ca\/wp-json\/wp\/v2\/tags?post=55564"},{"taxonomy":"edicions","embeddable":true,"href":"https:\/\/www.48hopenhousebarcelona.org\/ca\/wp-json\/wp\/v2\/edicions?post=55564"},{"taxonomy":"obert_per","embeddable":true,"href":"https:\/\/www.48hopenhousebarcelona.org\/ca\/wp-json\/wp\/v2\/obert_per?post=55564"},{"taxonomy":"zones","embeddable":true,"href":"https:\/\/www.48hopenhousebarcelona.org\/ca\/wp-json\/wp\/v2\/zones?post=55564"},{"taxonomy":"seccions","embeddable":true,"href":"https:\/\/www.48hopenhousebarcelona.org\/ca\/wp-json\/wp\/v2\/seccions?post=55564"},{"taxonomy":"transports","embeddable":true,"href":"https:\/\/www.48hopenhousebarcelona.org\/ca\/wp-json\/wp\/v2\/transports?post=55564"},{"taxonomy":"estils","embeddable":true,"href":"https:\/\/www.48hopenhousebarcelona.org\/ca\/wp-json\/wp\/v2\/estils?post=55564"},{"taxonomy":"usos_actuals","embeddable":true,"href":"https:\/\/www.48hopenhousebarcelona.org\/ca\/wp-json\/wp\/v2\/usos_actuals?post=55564"},{"taxonomy":"graella","embeddable":true,"href":"https:\/\/www.48hopenhousebarcelona.org\/ca\/wp-json\/wp\/v2\/graella?post=55564"}],"curies":[{"name":"wp","href":"https:\/\/api.w.org\/{rel}","templated":true}]}}

<p>La Sala de Calderes forma part del conjunt patrimonial de l’antic recinte industrial Fabra i Coats, un espai únic a Catalunya, perquè encara conserva el sistema energètic complet i no alterat d’una gran fàbrica tèxtil. Construïda a principis del segle XX, era el cor energètic de la planta: hi arribaven les diferents fonts d’energia que alimentaven tot el recinte –vapor, fueloil, gas i electricitat– en funció del moment històric i dels avenços tecnològics.</p>
<p>L’any 1903, va néixer la Compañía Anónima Hilaturas de Fabra i Coats, fruit de la fusió entre la família Fabra i la multinacional escocesa Coats. La fàbrica, dedicada a la producció de fils de cosir i xarxes de pesca, va tenir una gran influència en la vida social i econòmica del barri de Sant Andreu. Durant més de vuitanta anys, Fabra i Coats va ser un referent d’innovació industrial i un agent actiu en la promoció dels drets laborals. La crisi dels anys setanta, la reconversió industrial i la globalització van portar a tancar-a definitivament, el 2005.</p>
<p>La recuperació arquitectònica de la Sala de Calderes, de grans dimensions i amb una àmplia documentació històrica associada, ens permet endinsar-nos en la memòria tècnica i social de la Barcelona industrial. L’espai ofereix un testimoni excepcional sobre el funcionament d’una instal·lació energètica industrial i sobre la transformació del recinte en un centre cultural i patrimonial viu al segle XXI.</p>
<p>Aquest espai forma part del Museu d&#8217;Història de Barcelona.</p>
