{"id":55738,"date":"2025-09-15T11:53:01","date_gmt":"2025-09-15T11:53:01","guid":{"rendered":"https:\/\/www.48hopenhousebarcelona.org\/?post_type=edificis&#038;p=55738"},"modified":"2025-10-24T18:14:18","modified_gmt":"2025-10-24T18:14:18","slug":"casal-de-gent-gran-a-ciutat-vella","status":"publish","type":"edificis","link":"https:\/\/www.48hopenhousebarcelona.org\/ca\/els-edificis\/casal-de-gent-gran-a-ciutat-vella\/","title":{"rendered":"CASAL DE GENT GRAN A CIUTAT VELLA"},"content":{"rendered":"<p><span style=\"font-weight: 400;\">Situat al barri de Sant Pere, Santa Caterina i la Ribera, aquest nou equipament municipal que es va inaugurar el 2023 esdev\u00e9 un projecte pioner a la ciutat, ja que combina en un mateix edifici un casal de gent gran i una resid\u00e8ncia temporal per a persones adultes en risc d\u2019exclusi\u00f3 social. L\u2019edifici, format per dos volums superposats i interconnectats, t\u00e9 una superf\u00edcie constru\u00efda d\u2019uns 1.775 m\u00b2, amb accessos diferenciats per\u00f2 espais compartits, com el menjador i l\u2019espai exterior.<\/span><\/p>\n<p><span style=\"font-weight: 400;\">El casal, que dona servei a unes 300 persones grans del barri, ocupa la planta baixa, l\u2019altell i la primera planta, i ofereix un ampli ventall d\u2019activitats socials, culturals i formatives, a m\u00e9s d\u2019un servei d\u2019\u00e0pats en companyia. L\u2019espai inclou una sala polivalent, una aula de cuina, una d\u2019inform\u00e0tica i diferents tallers, a m\u00e9s d\u2019una zona exterior amb horts urbans i espais d\u2019estada a l\u2019aire lliure.<\/span><\/p>\n<p><span style=\"font-weight: 400;\">El projecte aposta per un model d\u2019equipament funcional, acollidor i integrat en el teixit urb\u00e0, amb una nova placeta al carrer de l\u2019Arc de Sant Crist\u00f2for que millora la connexi\u00f3 amb l\u2019entorn. L\u2019edifici \u00e9s una mostra de l\u2019arquitectura social contempor\u00e0nia, que ent\u00e9n l\u2019espai com a eina per refor\u00e7ar els vincles comunitaris i fomentar la conviv\u00e8ncia intergeneracional.<\/span><\/p>\n","protected":false},"featured_media":56728,"template":"","tags":[],"edicions":[1087],"obert_per":[345],"zones":[1074,999],"seccions":[783],"transports":[348,352],"estils":[374],"usos_actuals":[363],"graella":[],"class_list":["post-55738","edificis","type-edificis","status-publish","has-post-thumbnail","hentry","edicions-2025-2","obert_per-diumenge-tarda","zones-barcelona","zones-centre-2","seccions-open-pro","transports-l1","transports-l4","estils-estils-contemporanis","usos_actuals-cultural"],"acf":[],"_links":{"self":[{"href":"https:\/\/www.48hopenhousebarcelona.org\/ca\/wp-json\/wp\/v2\/edificis\/55738","targetHints":{"allow":["GET"]}}],"collection":[{"href":"https:\/\/www.48hopenhousebarcelona.org\/ca\/wp-json\/wp\/v2\/edificis"}],"about":[{"href":"https:\/\/www.48hopenhousebarcelona.org\/ca\/wp-json\/wp\/v2\/types\/edificis"}],"wp:featuredmedia":[{"embeddable":true,"href":"https:\/\/www.48hopenhousebarcelona.org\/ca\/wp-json\/wp\/v2\/media\/56728"}],"wp:attachment":[{"href":"https:\/\/www.48hopenhousebarcelona.org\/ca\/wp-json\/wp\/v2\/media?parent=55738"}],"wp:term":[{"taxonomy":"post_tag","embeddable":true,"href":"https:\/\/www.48hopenhousebarcelona.org\/ca\/wp-json\/wp\/v2\/tags?post=55738"},{"taxonomy":"edicions","embeddable":true,"href":"https:\/\/www.48hopenhousebarcelona.org\/ca\/wp-json\/wp\/v2\/edicions?post=55738"},{"taxonomy":"obert_per","embeddable":true,"href":"https:\/\/www.48hopenhousebarcelona.org\/ca\/wp-json\/wp\/v2\/obert_per?post=55738"},{"taxonomy":"zones","embeddable":true,"href":"https:\/\/www.48hopenhousebarcelona.org\/ca\/wp-json\/wp\/v2\/zones?post=55738"},{"taxonomy":"seccions","embeddable":true,"href":"https:\/\/www.48hopenhousebarcelona.org\/ca\/wp-json\/wp\/v2\/seccions?post=55738"},{"taxonomy":"transports","embeddable":true,"href":"https:\/\/www.48hopenhousebarcelona.org\/ca\/wp-json\/wp\/v2\/transports?post=55738"},{"taxonomy":"estils","embeddable":true,"href":"https:\/\/www.48hopenhousebarcelona.org\/ca\/wp-json\/wp\/v2\/estils?post=55738"},{"taxonomy":"usos_actuals","embeddable":true,"href":"https:\/\/www.48hopenhousebarcelona.org\/ca\/wp-json\/wp\/v2\/usos_actuals?post=55738"},{"taxonomy":"graella","embeddable":true,"href":"https:\/\/www.48hopenhousebarcelona.org\/ca\/wp-json\/wp\/v2\/graella?post=55738"}],"curies":[{"name":"wp","href":"https:\/\/api.w.org\/{rel}","templated":true}]}}

<p><span style="font-weight: 400;">Situat al barri de Sant Pere, Santa Caterina i la Ribera, aquest nou equipament municipal que es va inaugurar el 2023 esdevé un projecte pioner a la ciutat, ja que combina en un mateix edifici un casal de gent gran i una residència temporal per a persones adultes en risc d’exclusió social. L’edifici, format per dos volums superposats i interconnectats, té una superfície construïda d’uns 1.775 m², amb accessos diferenciats però espais compartits, com el menjador i l’espai exterior.</span></p>
<p><span style="font-weight: 400;">El casal, que dona servei a unes 300 persones grans del barri, ocupa la planta baixa, l’altell i la primera planta, i ofereix un ampli ventall d’activitats socials, culturals i formatives, a més d’un servei d’àpats en companyia. L’espai inclou una sala polivalent, una aula de cuina, una d’informàtica i diferents tallers, a més d’una zona exterior amb horts urbans i espais d’estada a l’aire lliure.</span></p>
<p><span style="font-weight: 400;">El projecte aposta per un model d’equipament funcional, acollidor i integrat en el teixit urbà, amb una nova placeta al carrer de l’Arc de Sant Cristòfor que millora la connexió amb l’entorn. L’edifici és una mostra de l’arquitectura social contemporània, que entén l’espai com a eina per reforçar els vincles comunitaris i fomentar la convivència intergeneracional.</span></p>
