{"id":55740,"date":"2025-09-15T12:01:48","date_gmt":"2025-09-15T12:01:48","guid":{"rendered":"https:\/\/www.48hopenhousebarcelona.org\/?post_type=edificis&#038;p=55740"},"modified":"2025-10-20T12:18:22","modified_gmt":"2025-10-20T12:18:22","slug":"servei-estacio","status":"publish","type":"edificis","link":"https:\/\/www.48hopenhousebarcelona.org\/ca\/els-edificis\/servei-estacio\/","title":{"rendered":"SERVEI ESTACI\u00d3"},"content":{"rendered":"<p><span data-sheets-root=\"1\">L\u2019edifici que avui acull el Servei Estaci\u00f3 \u00e9s una mostra singular d\u2019arquitectura industrial situada al cor de l\u2019Eixample. L\u2019obra original, signada per l\u2019arquitecte Josep Maria Mir\u00f3 i Guibernau el 1924, va ser concebuda com a magatzem i nau de c\u00e0rrega de la companyia de ferrocarrils MZA (Madrid-Zaragoza-Alicante). Aquesta funci\u00f3 inicial explica l\u2019amplitud i la solidesa de l\u2019estructura, aix\u00ed com la ubicaci\u00f3 estrat\u00e8gica, vinculada als corredors ferroviaris de la ciutat.<\/span><\/p>\n<p>El nou edifici es va projectar el 1962, a c\u00e0rrec dels arquitectes Soteras i Cavaller. Es tracta d\u2019una obra d\u2019arquitectura moderna i racionalista, amb planta lliure, on l\u2019\u00fanic element fix \u00e9s el nucli de comunicacions verticals, que incorpora unes escales met\u00e0l\u00b7liques singulars, les primeres d\u2019aquest tipus instal\u00b7lades a Barcelona. Els pilars visibles a la fa\u00e7ana i una marquesina met\u00e0l\u00b7lica rematen l\u2019edifici i li confereixen una imatge industrial i funcional, d\u2019acord amb el car\u00e0cter de l\u2019activitat que acull.<\/p>\n<p>El 2011, el conjunt va ser rehabilitat per l\u2019estudi A+M Arquitectes, amb l\u2019objectiu d\u2019adaptar-lo a les noves necessitats comercials sense perdre l\u2019ess\u00e8ncia de la seva arquitectura original.<\/p>\n","protected":false},"featured_media":57460,"template":"","tags":[],"edicions":[1087],"obert_per":[344,345],"zones":[938,1074],"seccions":[1046,1045],"transports":[366,351,352],"estils":[374],"usos_actuals":[361],"graella":[],"class_list":["post-55740","edificis","type-edificis","status-publish","has-post-thumbnail","hentry","edicions-2025-2","obert_per-diumenge-mati","obert_per-diumenge-tarda","zones-dreta-de-leixample-2","zones-barcelona","seccions-espais-de-treball","seccions-interiorisme","transports-l2","transports-l3","transports-l4","estils-estils-contemporanis","usos_actuals-oficines"],"acf":[],"_links":{"self":[{"href":"https:\/\/www.48hopenhousebarcelona.org\/ca\/wp-json\/wp\/v2\/edificis\/55740","targetHints":{"allow":["GET"]}}],"collection":[{"href":"https:\/\/www.48hopenhousebarcelona.org\/ca\/wp-json\/wp\/v2\/edificis"}],"about":[{"href":"https:\/\/www.48hopenhousebarcelona.org\/ca\/wp-json\/wp\/v2\/types\/edificis"}],"wp:featuredmedia":[{"embeddable":true,"href":"https:\/\/www.48hopenhousebarcelona.org\/ca\/wp-json\/wp\/v2\/media\/57460"}],"wp:attachment":[{"href":"https:\/\/www.48hopenhousebarcelona.org\/ca\/wp-json\/wp\/v2\/media?parent=55740"}],"wp:term":[{"taxonomy":"post_tag","embeddable":true,"href":"https:\/\/www.48hopenhousebarcelona.org\/ca\/wp-json\/wp\/v2\/tags?post=55740"},{"taxonomy":"edicions","embeddable":true,"href":"https:\/\/www.48hopenhousebarcelona.org\/ca\/wp-json\/wp\/v2\/edicions?post=55740"},{"taxonomy":"obert_per","embeddable":true,"href":"https:\/\/www.48hopenhousebarcelona.org\/ca\/wp-json\/wp\/v2\/obert_per?post=55740"},{"taxonomy":"zones","embeddable":true,"href":"https:\/\/www.48hopenhousebarcelona.org\/ca\/wp-json\/wp\/v2\/zones?post=55740"},{"taxonomy":"seccions","embeddable":true,"href":"https:\/\/www.48hopenhousebarcelona.org\/ca\/wp-json\/wp\/v2\/seccions?post=55740"},{"taxonomy":"transports","embeddable":true,"href":"https:\/\/www.48hopenhousebarcelona.org\/ca\/wp-json\/wp\/v2\/transports?post=55740"},{"taxonomy":"estils","embeddable":true,"href":"https:\/\/www.48hopenhousebarcelona.org\/ca\/wp-json\/wp\/v2\/estils?post=55740"},{"taxonomy":"usos_actuals","embeddable":true,"href":"https:\/\/www.48hopenhousebarcelona.org\/ca\/wp-json\/wp\/v2\/usos_actuals?post=55740"},{"taxonomy":"graella","embeddable":true,"href":"https:\/\/www.48hopenhousebarcelona.org\/ca\/wp-json\/wp\/v2\/graella?post=55740"}],"curies":[{"name":"wp","href":"https:\/\/api.w.org\/{rel}","templated":true}]}}

SERVEI ESTACIÓ

<p><span data-sheets-root="1">L’edifici que avui acull el Servei Estació és una mostra singular d’arquitectura industrial situada al cor de l’Eixample. L’obra original, signada per l’arquitecte Josep Maria Miró i Guibernau el 1924, va ser concebuda com a magatzem i nau de càrrega de la companyia de ferrocarrils MZA (Madrid-Zaragoza-Alicante). Aquesta funció inicial explica l’amplitud i la solidesa de l’estructura, així com la ubicació estratègica, vinculada als corredors ferroviaris de la ciutat.</span></p>
<p>El nou edifici es va projectar el 1962, a càrrec dels arquitectes Soteras i Cavaller. Es tracta d’una obra d’arquitectura moderna i racionalista, amb planta lliure, on l’únic element fix és el nucli de comunicacions verticals, que incorpora unes escales metàl·liques singulars, les primeres d’aquest tipus instal·lades a Barcelona. Els pilars visibles a la façana i una marquesina metàl·lica rematen l’edifici i li confereixen una imatge industrial i funcional, d’acord amb el caràcter de l’activitat que acull.</p>
<p>El 2011, el conjunt va ser rehabilitat per l’estudi A+M Arquitectes, amb l’objectiu d’adaptar-lo a les noves necessitats comercials sense perdre l’essència de la seva arquitectura original.</p>
