{"id":44863,"date":"2025-09-28T15:07:40","date_gmt":"2025-09-28T15:07:40","guid":{"rendered":"https:\/\/www.48hopenhousebarcelona.org\/?page_id=44863"},"modified":"2025-10-19T20:34:10","modified_gmt":"2025-10-19T20:34:10","slug":"open-sketch-25","status":"publish","type":"page","link":"https:\/\/www.48hopenhousebarcelona.org\/ca\/open-sketch-25\/","title":{"rendered":"OPEN SKETCH"},"content":{"rendered":"\r\n<p><strong>Open Sketch<\/strong>\u00a0\u00e9s una activitat que vincula l\u2019arquitectura, una disciplina art\u00edstica que imagina i construeix espais per a l\u2019\u00fas hum\u00e0, i el dibuix, eina fonamental i llenguatge per pensar-la, dissenyar-la, expressar-la i comprendre-la.<\/p>\r\n<p>Enguany, es proposa un itinerari de dibuix a <strong>Badalona<\/strong>, comen\u00e7ant i acabant al <a href=\"https:\/\/www.48hopenhousebarcelona.org\/ca\/els-edificis\/ca-lamigo-i-nou-jardi\/\" target=\"_blank\" rel=\"noopener\"><strong>jard\u00ed nou de Ca l&#8217;Amig\u00f3<\/strong><\/a>. El recorregut ser\u00e0 lliure, aix\u00ed que els dibuixants podran acostar-se i dibuixar qualsevol de les fa\u00e7anes dels espais que participen en la ciutat, incloent-hi la <a href=\"https:\/\/www.48hopenhousebarcelona.org\/ca\/els-edificis\/la-torre-vella-escola-la-cultural\/\" target=\"_blank\" rel=\"noopener\">Torre Vella<\/a> i l&#8217;<a href=\"https:\/\/www.48hopenhousebarcelona.org\/ca\/els-edificis\/edifici-dhabitatges-al-carrer-progres\/\" target=\"_blank\" rel=\"noopener\">edifici d&#8217;habitatges al carrer Progr\u00e9s<\/a>.<\/p>\r\n<p>Esperem que els participants\u00a0s&#8217;acostin a dibuixar sobre\u00a0l&#8217;experi\u00e8ncia sensorial que produeixen els espais de la ciutat.<\/p>\r\n<p>Aquesta activitat est\u00e0 organitzada en col\u00b7laboraci\u00f3 amb\u00a0<strong><a href=\"http:\/\/urbansketchersbarcelona.blogspot.com\/\">Urban Sketchers Barcelona<\/a> <\/strong>i<strong> Dibuixem Badalona<\/strong>.<\/p>\r\n<h3><strong><br \/>Dates\u00a0i lloc<\/strong><\/h3>\r\n<p>L\u2019itinerari es far\u00e0 el\u00a0<strong>diumenge 26 d\u2019octubre, d\u201910:30 a 13:30 h.<\/strong><\/p>\r\n<p>El punt de trobada \u00e9s el <strong>jard\u00ed nou de Ca l&#8217;Amig\u00f3<\/strong>.<\/p>\r\n<h3><strong><br \/>Com participar-hi<\/strong><\/h3>\r\n<p>&#8211;\u00a0 Per participar en l\u2019itinerari, nom\u00e9s cal portar llibreta i materials de dibuix, i arribar a les 10:30h al punt de trobada.<\/p>\r\n<p>&#8211;\u00a0 Animem als qui hi participin a compartir el proc\u00e9s i els seus dibuixos a les xarxes socials, amb les etiquetes <strong>#Opensketch25,<\/strong>\u00a0<strong>@uskbarcelona <\/strong>i<strong> @dibuixembadalona<\/strong>.<\/p>\r\n<h3><strong><br \/><span style=\"color: #ff0000;\">Sorteig<\/span><\/strong><\/h3>\r\n<p><strong>El dia del lliurament de premis, se sortejar\u00e0 una targeta regal de La Capell\u00a0entre els participants que hagin compartit els seus dibuixos amb les etiquetes #Opensketch25, @uskbarcelona i @dibuixembadalona.<\/strong><\/p>\r\n<p><strong>@48hOpenHouseBcn, @uskbarcelona, @dibuixembadalona, #Opensketch25<\/strong><\/p>\r\n<p>Amb la col\u00b7laboraci\u00f3 de:<br \/><br \/><\/p>\r\n<p><!-- \/wp:post-content --><\/p>\r\n<p><!-- wp:image {\"id\":14753} --><\/p>\r\n<figure class=\"wp-block-image\"><img loading=\"lazy\" decoding=\"async\" class=\"wp-image-14753\" src=\"https:\/\/www.48hopenhousebarcelona.org\/wp-content\/uploads\/2019\/12\/urban_sketchers-300x137.jpg\" alt=\"\" width=\"210\" height=\"96\" \/> <img loading=\"lazy\" decoding=\"async\" class=\"wp-image-39486\" src=\"https:\/\/www.48hopenhousebarcelona.org\/wp-content\/uploads\/2022\/09\/La_Capell-300x255.png\" alt=\"https:\/\/www.lacapell.com\/\" width=\"149\" height=\"127\" srcset=\"https:\/\/www.48hopenhousebarcelona.org\/wp-content\/uploads\/2022\/09\/La_Capell-300x255.png 300w, https:\/\/www.48hopenhousebarcelona.org\/wp-content\/uploads\/2022\/09\/La_Capell-400x339.png 400w, https:\/\/www.48hopenhousebarcelona.org\/wp-content\/uploads\/2022\/09\/La_Capell.png 554w\" sizes=\"auto, (max-width: 149px) 100vw, 149px\" \/><\/figure>\r\n<p>&nbsp;<\/p>\r\n<p>&nbsp;<\/p>\r\n<p><!-- \/wp:image --><\/p>\r\n<p><!-- wp:image {\"id\":39486} --><\/p>","protected":false},"excerpt":{"rendered":"<p>Open Sketch\u00a0\u00e9s una activitat que vincula l\u2019arquitectura, una disciplina art\u00edstica que imagina i construeix espais per a l\u2019\u00fas hum\u00e0, i el dibuix, eina fonamental i llenguatge per pensar-la, dissenyar-la, expressar-la i comprendre-la. Enguany, es proposa un itinerari de dibuix a Badalona, comen\u00e7ant i acabant al jard\u00ed nou de Ca l&#8217;Amig\u00f3. El recorregut ser\u00e0 lliure, aix\u00ed [&hellip;]<\/p>\n","protected":false},"author":26,"featured_media":57159,"parent":0,"menu_order":0,"comment_status":"closed","ping_status":"closed","template":"template-novapagina.php","meta":{"_acf_changed":false,"footnotes":""},"class_list":["post-44863","page","type-page","status-publish","has-post-thumbnail","hentry"],"acf":[],"_links":{"self":[{"href":"https:\/\/www.48hopenhousebarcelona.org\/ca\/wp-json\/wp\/v2\/pages\/44863","targetHints":{"allow":["GET"]}}],"collection":[{"href":"https:\/\/www.48hopenhousebarcelona.org\/ca\/wp-json\/wp\/v2\/pages"}],"about":[{"href":"https:\/\/www.48hopenhousebarcelona.org\/ca\/wp-json\/wp\/v2\/types\/page"}],"author":[{"embeddable":true,"href":"https:\/\/www.48hopenhousebarcelona.org\/ca\/wp-json\/wp\/v2\/users\/26"}],"replies":[{"embeddable":true,"href":"https:\/\/www.48hopenhousebarcelona.org\/ca\/wp-json\/wp\/v2\/comments?post=44863"}],"version-history":[{"count":26,"href":"https:\/\/www.48hopenhousebarcelona.org\/ca\/wp-json\/wp\/v2\/pages\/44863\/revisions"}],"predecessor-version":[{"id":57790,"href":"https:\/\/www.48hopenhousebarcelona.org\/ca\/wp-json\/wp\/v2\/pages\/44863\/revisions\/57790"}],"wp:featuredmedia":[{"embeddable":true,"href":"https:\/\/www.48hopenhousebarcelona.org\/ca\/wp-json\/wp\/v2\/media\/57159"}],"wp:attachment":[{"href":"https:\/\/www.48hopenhousebarcelona.org\/ca\/wp-json\/wp\/v2\/media?parent=44863"}],"curies":[{"name":"wp","href":"https:\/\/api.w.org\/{rel}","templated":true}]}}

<p><strong>Open Sketch</strong> és una activitat que vincula l’arquitectura, una disciplina artística que imagina i construeix espais per a l’ús humà, i el dibuix, eina fonamental i llenguatge per pensar-la, dissenyar-la, expressar-la i comprendre-la.</p>
<p>Enguany, es proposa un itinerari de dibuix a <strong>Badalona</strong>, començant i acabant al <a href="https://www.48hopenhousebarcelona.org/ca/els-edificis/ca-lamigo-i-nou-jardi/" target="_blank" rel="noopener"><strong>jardí nou de Ca l&#8217;Amigó</strong></a>. El recorregut serà lliure, així que els dibuixants podran acostar-se i dibuixar qualsevol de les façanes dels espais que participen en la ciutat, incloent-hi la <a href="https://www.48hopenhousebarcelona.org/ca/els-edificis/la-torre-vella-escola-la-cultural/" target="_blank" rel="noopener">Torre Vella</a> i l&#8217;<a href="https://www.48hopenhousebarcelona.org/ca/els-edificis/edifici-dhabitatges-al-carrer-progres/" target="_blank" rel="noopener">edifici d&#8217;habitatges al carrer Progrés</a>.</p>
<p>Esperem que els participants s&#8217;acostin a dibuixar sobre l&#8217;experiència sensorial que produeixen els espais de la ciutat.</p>
<p>Aquesta activitat està organitzada en col·laboració amb <strong><a href="http://urbansketchersbarcelona.blogspot.com/">Urban Sketchers Barcelona</a> </strong>i<strong> Dibuixem Badalona</strong>.</p>
<h3><strong><br />Dates i lloc</strong></h3>
<p>L’itinerari es farà el <strong>diumenge 26 d’octubre, d’10:30 a 13:30 h.</strong></p>
<p>El punt de trobada és el <strong>jardí nou de Ca l&#8217;Amigó</strong>.</p>
<h3><strong><br />Com participar-hi</strong></h3>
<p>&#8211;  Per participar en l’itinerari, només cal portar llibreta i materials de dibuix, i arribar a les 10:30h al punt de trobada.</p>
<p>&#8211;  Animem als qui hi participin a compartir el procés i els seus dibuixos a les xarxes socials, amb les etiquetes <strong>#Opensketch25,</strong> <strong>@uskbarcelona </strong>i<strong> @dibuixembadalona</strong>.</p>
<h3><strong><br /><span style="color: #ff0000;">Sorteig</span></strong></h3>
<p><strong>El dia del lliurament de premis, se sortejarà una targeta regal de La Capell entre els participants que hagin compartit els seus dibuixos amb les etiquetes #Opensketch25, @uskbarcelona i @dibuixembadalona.</strong></p>
<p><strong>@48hOpenHouseBcn, @uskbarcelona, @dibuixembadalona, #Opensketch25</strong></p>
<p>Amb la col·laboració de:<br /><br /></p>
<p><!-- /wp:post-content --></p>
<p><!-- wp:image {"id":14753} --></p>
<figure class="wp-block-image"><img loading="lazy" decoding="async" class="wp-image-14753" src="https://www.48hopenhousebarcelona.org/wp-content/uploads/2019/12/urban_sketchers-300x137.jpg" alt="" width="210" height="96" /> <img loading="lazy" decoding="async" class="wp-image-39486" src="https://www.48hopenhousebarcelona.org/wp-content/uploads/2022/09/La_Capell-300x255.png" alt="https://www.lacapell.com/" width="149" height="127" srcset="https://www.48hopenhousebarcelona.org/wp-content/uploads/2022/09/La_Capell-300x255.png 300w, https://www.48hopenhousebarcelona.org/wp-content/uploads/2022/09/La_Capell-400x339.png 400w, https://www.48hopenhousebarcelona.org/wp-content/uploads/2022/09/La_Capell.png 554w" sizes="auto, (max-width: 149px) 100vw, 149px" /></figure>
<p>&nbsp;</p>
<p>&nbsp;</p>
<p><!-- /wp:image --></p>
<p><!-- wp:image {"id":39486} --></p>

<p>Open Sketch és una activitat que vincula l’arquitectura, una disciplina artística que imagina i construeix espais per a l’ús humà, i el dibuix, eina fonamental i llenguatge per pensar-la, dissenyar-la, expressar-la i comprendre-la. Enguany, es proposa un itinerari de dibuix a Badalona, començant i acabant al jardí nou de Ca l&#8217;Amigó. El recorregut serà lliure, així [&hellip;]</p>
