{"id":45069,"date":"2023-10-02T10:02:32","date_gmt":"2023-10-02T10:02:32","guid":{"rendered":"https:\/\/www.48hopenhousebarcelona.org\/?page_id=45069"},"modified":"2024-09-17T12:22:34","modified_gmt":"2024-09-17T12:22:34","slug":"domenech-i-montaner-arquitecte-de-lany","status":"publish","type":"page","link":"https:\/\/www.48hopenhousebarcelona.org\/ca\/domenech-i-montaner-arquitecte-de-lany\/","title":{"rendered":"DOM\u00c8NECH I MONTANER: arquitecte de l&#8217;any 2023"},"content":{"rendered":"\r\n<figure class=\"wp-block-image size-full\"><img loading=\"lazy\" decoding=\"async\" width=\"1024\" height=\"576\" class=\"wp-image-45226\" src=\"https:\/\/www.48hopenhousebarcelona.org\/wp-content\/uploads\/2023\/10\/DOMENECH_CAMARALUZ.jpg\" alt=\"\" srcset=\"https:\/\/www.48hopenhousebarcelona.org\/wp-content\/uploads\/2023\/10\/DOMENECH_CAMARALUZ.jpg 1024w, https:\/\/www.48hopenhousebarcelona.org\/wp-content\/uploads\/2023\/10\/DOMENECH_CAMARALUZ-300x169.jpg 300w, https:\/\/www.48hopenhousebarcelona.org\/wp-content\/uploads\/2023\/10\/DOMENECH_CAMARALUZ-768x432.jpg 768w, https:\/\/www.48hopenhousebarcelona.org\/wp-content\/uploads\/2023\/10\/DOMENECH_CAMARALUZ-380x215.jpg 380w, https:\/\/www.48hopenhousebarcelona.org\/wp-content\/uploads\/2023\/10\/DOMENECH_CAMARALUZ-400x225.jpg 400w\" sizes=\"auto, (max-width: 1024px) 100vw, 1024px\" \/><\/figure>\r\n\r\n\r\n\r\n<p>Al 2023, u<span lang=\"CA\">na part de la programaci\u00f3 del festival 48h Open House BCN s\u2019organitza al voltant de <b>l\u2019any Dom\u00e8nech i Montaner<\/b>. Enguany es commemora el centenari de la mort d&#8217;aquest arquitecte catal\u00e0, aix\u00ed que el festival compta amb espais representatius dissenyats per ell. <\/span><\/p>\r\n\r\n\r\n\r\n<p><span lang=\"CA\">Creiem que \u00e9s de gran import\u00e0ncia divulgar l&#8217;obra d&#8217;un arquitecte insigne per\u00f2 desconegut entre el p\u00fablic no professional de l&#8217;arquitectura. Per poder explicar la poli\u00e8drica traject\u00f2ria de Dom\u00e8nech i Montaner, s&#8217;emmarca la seva obra en el seu context social, hist\u00f2ric i estil\u00edtic, i com a reflex de l\u2019art total: una obra on hi va participar ceramistes, mosa\u00efcistes, escultors, vitrallers i ferrers.<\/span><\/p>\r\n","protected":false},"excerpt":{"rendered":"<p>Al 2023, una part de la programaci\u00f3 del festival 48h Open House BCN s\u2019organitza al voltant de l\u2019any Dom\u00e8nech i Montaner. Enguany es commemora el centenari de la mort d&#8217;aquest arquitecte catal\u00e0, aix\u00ed que el festival compta amb espais representatius dissenyats per ell. Creiem que \u00e9s de gran import\u00e0ncia divulgar l&#8217;obra d&#8217;un arquitecte insigne per\u00f2 [&hellip;]<\/p>\n","protected":false},"author":26,"featured_media":0,"parent":0,"menu_order":0,"comment_status":"closed","ping_status":"closed","template":"","meta":{"_acf_changed":false,"footnotes":""},"class_list":["post-45069","page","type-page","status-publish","hentry"],"acf":[],"_links":{"self":[{"href":"https:\/\/www.48hopenhousebarcelona.org\/ca\/wp-json\/wp\/v2\/pages\/45069","targetHints":{"allow":["GET"]}}],"collection":[{"href":"https:\/\/www.48hopenhousebarcelona.org\/ca\/wp-json\/wp\/v2\/pages"}],"about":[{"href":"https:\/\/www.48hopenhousebarcelona.org\/ca\/wp-json\/wp\/v2\/types\/page"}],"author":[{"embeddable":true,"href":"https:\/\/www.48hopenhousebarcelona.org\/ca\/wp-json\/wp\/v2\/users\/26"}],"replies":[{"embeddable":true,"href":"https:\/\/www.48hopenhousebarcelona.org\/ca\/wp-json\/wp\/v2\/comments?post=45069"}],"version-history":[{"count":13,"href":"https:\/\/www.48hopenhousebarcelona.org\/ca\/wp-json\/wp\/v2\/pages\/45069\/revisions"}],"predecessor-version":[{"id":50729,"href":"https:\/\/www.48hopenhousebarcelona.org\/ca\/wp-json\/wp\/v2\/pages\/45069\/revisions\/50729"}],"wp:attachment":[{"href":"https:\/\/www.48hopenhousebarcelona.org\/ca\/wp-json\/wp\/v2\/media?parent=45069"}],"curies":[{"name":"wp","href":"https:\/\/api.w.org\/{rel}","templated":true}]}}

DOMÈNECH I MONTANER: arquitecte de l&#8217;any 2023

<figure class="wp-block-image size-full"><img loading="lazy" decoding="async" width="1024" height="576" class="wp-image-45226" src="https://www.48hopenhousebarcelona.org/wp-content/uploads/2023/10/DOMENECH_CAMARALUZ.jpg" alt="" srcset="https://www.48hopenhousebarcelona.org/wp-content/uploads/2023/10/DOMENECH_CAMARALUZ.jpg 1024w, https://www.48hopenhousebarcelona.org/wp-content/uploads/2023/10/DOMENECH_CAMARALUZ-300x169.jpg 300w, https://www.48hopenhousebarcelona.org/wp-content/uploads/2023/10/DOMENECH_CAMARALUZ-768x432.jpg 768w, https://www.48hopenhousebarcelona.org/wp-content/uploads/2023/10/DOMENECH_CAMARALUZ-380x215.jpg 380w, https://www.48hopenhousebarcelona.org/wp-content/uploads/2023/10/DOMENECH_CAMARALUZ-400x225.jpg 400w" sizes="auto, (max-width: 1024px) 100vw, 1024px" /></figure>



<p>Al 2023, u<span lang="CA">na part de la programació del festival 48h Open House BCN s’organitza al voltant de <b>l’any Domènech i Montaner</b>. Enguany es commemora el centenari de la mort d&#8217;aquest arquitecte català, així que el festival compta amb espais representatius dissenyats per ell. </span></p>



<p><span lang="CA">Creiem que és de gran importància divulgar l&#8217;obra d&#8217;un arquitecte insigne però desconegut entre el públic no professional de l&#8217;arquitectura. Per poder explicar la polièdrica trajectòria de Domènech i Montaner, s&#8217;emmarca la seva obra en el seu context social, històric i estilític, i com a reflex de l’art total: una obra on hi va participar ceramistes, mosaïcistes, escultors, vitrallers i ferrers.</span></p>

<p>Al 2023, una part de la programació del festival 48h Open House BCN s’organitza al voltant de l’any Domènech i Montaner. Enguany es commemora el centenari de la mort d&#8217;aquest arquitecte català, així que el festival compta amb espais representatius dissenyats per ell. Creiem que és de gran importància divulgar l&#8217;obra d&#8217;un arquitecte insigne però [&hellip;]</p>
