{"id":5800,"date":"2019-11-13T10:42:50","date_gmt":"2019-11-13T10:42:50","guid":{"rendered":"https:\/\/www.48hopenhousebarcelona.org\/?page_id=5800"},"modified":"2019-12-15T08:18:00","modified_gmt":"2019-12-15T08:18:00","slug":"larquitectura-de-laigua","status":"publish","type":"page","link":"https:\/\/www.48hopenhousebarcelona.org\/ca\/larquitectura-de-laigua\/","title":{"rendered":"L\u2019Arquitectura de l\u2019Aigua"},"content":{"rendered":"<p><img loading=\"lazy\" decoding=\"async\" class=\"alignnone wp-image-7346\" src=\"https:\/\/www.48hopenhousebarcelona.org\/wp-content\/uploads\/2019\/10\/web-ARQUI-AIGUA-1-300x169.jpg\" alt=\"\" width=\"762\" height=\"429\" srcset=\"https:\/\/www.48hopenhousebarcelona.org\/wp-content\/uploads\/2019\/10\/web-ARQUI-AIGUA-1-300x169.jpg 300w, https:\/\/www.48hopenhousebarcelona.org\/wp-content\/uploads\/2019\/10\/web-ARQUI-AIGUA-1-400x225.jpg 400w, https:\/\/www.48hopenhousebarcelona.org\/wp-content\/uploads\/2019\/10\/web-ARQUI-AIGUA-1-768x432.jpg 768w, https:\/\/www.48hopenhousebarcelona.org\/wp-content\/uploads\/2019\/10\/web-ARQUI-AIGUA-1-1024x576.jpg 1024w, https:\/\/www.48hopenhousebarcelona.org\/wp-content\/uploads\/2019\/10\/web-ARQUI-AIGUA-1-380x215.jpg 380w, https:\/\/www.48hopenhousebarcelona.org\/wp-content\/uploads\/2019\/10\/web-ARQUI-AIGUA-1.jpg 1860w\" sizes=\"auto, (max-width: 762px) 100vw, 762px\" \/><\/p>\n<p style=\"font-weight: 400;\">El festival d\u2019arquitectura 48h Open House BCN dedica una l\u00ednia de programaci\u00f3 a la reivindicaci\u00f3 de l\u2019aigua com a agent generador de vida i del paisatge constru\u00eft.<\/p>\n<p style=\"font-weight: 400;\">Des d\u2019un punt de vista t\u00e8cnic, es podran visitar edificis i infraestructures concebuts a escala metropolitana per proveir la poblaci\u00f3 d\u2019aigua potable i sanejament; i, des d\u2019un punt de vista art\u00edstic, ens endinsarem en espais que han fet servir l\u2019aigua com a element de composici\u00f3 arquitect\u00f2nica amb la finalitat de generar edificis singulars per a la ciutat i experi\u00e8ncies enriquidores sensorials per als visitants.<\/p>\n<p style=\"font-weight: 400;\">L&#8217;arquitecta\u00a0<strong>Maria\u00a0Sisternas<\/strong>\u00a0\u00e9s la representat de l&#8217;Arquitectura de l&#8217;Aigua en la programaci\u00f3 de l\u2019<a href=\"https:\/\/www.facebook.com\/hashtag\/ohb19?source=feed_text&amp;epa=HASHTAG&amp;__xts__%5B0%5D=68.ARAlV08IkiYH6Uz9JKCkzpcWuILBwWgH6cxNT8sDNXaeDmIQpwz521MTIpmH3n52bbQhMZP0koihtOyc26JaIP4sTGqQqpgaybDILiqDGWjx6xAriIjq_xEHwO2gGVkW576qqgE3rd377bAZww9SHoD2Ht6xM2t9l1MiOMMXPTrGIhS11XcNXTozw6r3eHNTkMZ2qRsx3N7fY0YlGAHnz2pK8tjLpbpMzyejiBt9qLGHrnZfzDZEozpJxTW8nPwP7MZKyQANDs8Emb7B--jGS6Bzvq-h7i7Xjvk-3VjUYV8sld3ZWsq3cEw3Lee6NQLIbRBhvb1CR8meP0CfWS3sZ9wb3Q&amp;__tn__=%2ANK-R\" data-saferedirecturl=\"https:\/\/www.google.com\/url?q=https:\/\/www.facebook.com\/hashtag\/ohb19?source%3Dfeed_text%26epa%3DHASHTAG%26__xts__%255B0%255D%3D68.ARAlV08IkiYH6Uz9JKCkzpcWuILBwWgH6cxNT8sDNXaeDmIQpwz521MTIpmH3n52bbQhMZP0koihtOyc26JaIP4sTGqQqpgaybDILiqDGWjx6xAriIjq_xEHwO2gGVkW576qqgE3rd377bAZww9SHoD2Ht6xM2t9l1MiOMMXPTrGIhS11XcNXTozw6r3eHNTkMZ2qRsx3N7fY0YlGAHnz2pK8tjLpbpMzyejiBt9qLGHrnZfzDZEozpJxTW8nPwP7MZKyQANDs8Emb7B--jGS6Bzvq-h7i7Xjvk-3VjUYV8sld3ZWsq3cEw3Lee6NQLIbRBhvb1CR8meP0CfWS3sZ9wb3Q%26__tn__%3D%252ANK-R&amp;source=gmail&amp;ust=1570886271856000&amp;usg=AFQjCNHMXfvMv1Co_RFP5IvgWwwHr5ajhA\">#OHB19<\/a><\/p>\n<p><strong>MARIA SISTERNAS<\/strong><\/p>\n<p>Maria Sisternas i Tusell \u00e9s arquitecta per l&#8217;Etsab i MSc City Design and Social Sciences per la London School of Economics.\u00a0Ha treballat a la xarxa de ciutats Medcit\u00e9s gestionant projectes de cooperaci\u00f3 pel desenvolupament sostenible de la Mediterr\u00e0nia i va ser directora de Projectes a l&#8217;Ajuntament de Barcelona entre 2012 i el 2015. Ara lidera Mediaurban, l&#8217;ag\u00e8ncia de creaci\u00f3 de continguts urbans de Mediapro, i col.labora regularment amb el diari Ara amb articles d&#8217;opini\u00f3 sobre q\u00fcestions urbanes que afecten les ciutats contempor\u00e0nies. Tamb\u00e9 prepara els &#8216;Dimarts Urbans&#8217; dels Informatius vespre de Betev\u00e9 des d&#8217;on s&#8217;informa sobre projectes urbans d&#8217;actualitat.<\/p>\n<p>Fa recerca sobre les ciutats mediterr\u00e0nies, i ha treballat en ciutats com el Caire, Istanbul, Roma, Marsella, Tetuan i Beirut. Ha treballat per diversos organismes internacionals i ajuntaments locals, i empreses, amb tot all\u00f2 relacionat amb l&#8217;urbanisme des d&#8217;una mirada interdisciplinar i innovadora.<\/p>\n<a class=\"md-btn button shortcode_button uk-light\" href=\"https:\/\/www.48hopenhousebarcelona.org\/seccions\/arquitectura-de-laigua\/\">PROGRAMACI\u00d3 L'ARQUITECTURA DE L'AIGUA<\/a>\n<p>&nbsp;<\/p>\n<p>Amb el suport d&#8217;Aig\u00fces de Barcelona:<\/p>\n<p><img loading=\"lazy\" decoding=\"async\" class=\"alignnone size-medium wp-image-7349\" src=\"https:\/\/www.48hopenhousebarcelona.org\/wp-content\/uploads\/2019\/10\/logo-vector-aigues-de-barcelona-300x152.jpg\" alt=\"\" width=\"300\" height=\"152\" srcset=\"https:\/\/www.48hopenhousebarcelona.org\/wp-content\/uploads\/2019\/10\/logo-vector-aigues-de-barcelona-300x152.jpg 300w, https:\/\/www.48hopenhousebarcelona.org\/wp-content\/uploads\/2019\/10\/logo-vector-aigues-de-barcelona-400x203.jpg 400w, https:\/\/www.48hopenhousebarcelona.org\/wp-content\/uploads\/2019\/10\/logo-vector-aigues-de-barcelona.jpg 630w\" sizes=\"auto, (max-width: 300px) 100vw, 300px\" \/><\/p>\n","protected":false},"excerpt":{"rendered":"<p>El festival d\u2019arquitectura 48h Open House BCN dedica una l\u00ednia de programaci\u00f3 a la reivindicaci\u00f3 de l\u2019aigua com a agent generador de vida i del paisatge constru\u00eft. Des d\u2019un punt de vista t\u00e8cnic, es podran visitar edificis i infraestructures concebuts a escala metropolitana per proveir la poblaci\u00f3 d\u2019aigua potable i sanejament; i, des d\u2019un punt [&hellip;]<\/p>\n","protected":false},"author":2,"featured_media":0,"parent":0,"menu_order":0,"comment_status":"closed","ping_status":"closed","template":"","meta":{"_acf_changed":false,"footnotes":""},"class_list":["post-5800","page","type-page","status-publish","hentry"],"acf":[],"_links":{"self":[{"href":"https:\/\/www.48hopenhousebarcelona.org\/ca\/wp-json\/wp\/v2\/pages\/5800","targetHints":{"allow":["GET"]}}],"collection":[{"href":"https:\/\/www.48hopenhousebarcelona.org\/ca\/wp-json\/wp\/v2\/pages"}],"about":[{"href":"https:\/\/www.48hopenhousebarcelona.org\/ca\/wp-json\/wp\/v2\/types\/page"}],"author":[{"embeddable":true,"href":"https:\/\/www.48hopenhousebarcelona.org\/ca\/wp-json\/wp\/v2\/users\/2"}],"replies":[{"embeddable":true,"href":"https:\/\/www.48hopenhousebarcelona.org\/ca\/wp-json\/wp\/v2\/comments?post=5800"}],"version-history":[{"count":3,"href":"https:\/\/www.48hopenhousebarcelona.org\/ca\/wp-json\/wp\/v2\/pages\/5800\/revisions"}],"predecessor-version":[{"id":14667,"href":"https:\/\/www.48hopenhousebarcelona.org\/ca\/wp-json\/wp\/v2\/pages\/5800\/revisions\/14667"}],"wp:attachment":[{"href":"https:\/\/www.48hopenhousebarcelona.org\/ca\/wp-json\/wp\/v2\/media?parent=5800"}],"curies":[{"name":"wp","href":"https:\/\/api.w.org\/{rel}","templated":true}]}}

<p><img loading="lazy" decoding="async" class="alignnone wp-image-7346" src="https://www.48hopenhousebarcelona.org/wp-content/uploads/2019/10/web-ARQUI-AIGUA-1-300x169.jpg" alt="" width="762" height="429" srcset="https://www.48hopenhousebarcelona.org/wp-content/uploads/2019/10/web-ARQUI-AIGUA-1-300x169.jpg 300w, https://www.48hopenhousebarcelona.org/wp-content/uploads/2019/10/web-ARQUI-AIGUA-1-400x225.jpg 400w, https://www.48hopenhousebarcelona.org/wp-content/uploads/2019/10/web-ARQUI-AIGUA-1-768x432.jpg 768w, https://www.48hopenhousebarcelona.org/wp-content/uploads/2019/10/web-ARQUI-AIGUA-1-1024x576.jpg 1024w, https://www.48hopenhousebarcelona.org/wp-content/uploads/2019/10/web-ARQUI-AIGUA-1-380x215.jpg 380w, https://www.48hopenhousebarcelona.org/wp-content/uploads/2019/10/web-ARQUI-AIGUA-1.jpg 1860w" sizes="auto, (max-width: 762px) 100vw, 762px" /></p>
<p style="font-weight: 400;">El festival d’arquitectura 48h Open House BCN dedica una línia de programació a la reivindicació de l’aigua com a agent generador de vida i del paisatge construït.</p>
<p style="font-weight: 400;">Des d’un punt de vista tècnic, es podran visitar edificis i infraestructures concebuts a escala metropolitana per proveir la població d’aigua potable i sanejament; i, des d’un punt de vista artístic, ens endinsarem en espais que han fet servir l’aigua com a element de composició arquitectònica amb la finalitat de generar edificis singulars per a la ciutat i experiències enriquidores sensorials per als visitants.</p>
<p style="font-weight: 400;">L&#8217;arquitecta <strong>Maria Sisternas</strong> és la representat de l&#8217;Arquitectura de l&#8217;Aigua en la programació de l’<a href="https://www.facebook.com/hashtag/ohb19?source=feed_text&amp;epa=HASHTAG&amp;__xts__%5B0%5D=68.ARAlV08IkiYH6Uz9JKCkzpcWuILBwWgH6cxNT8sDNXaeDmIQpwz521MTIpmH3n52bbQhMZP0koihtOyc26JaIP4sTGqQqpgaybDILiqDGWjx6xAriIjq_xEHwO2gGVkW576qqgE3rd377bAZww9SHoD2Ht6xM2t9l1MiOMMXPTrGIhS11XcNXTozw6r3eHNTkMZ2qRsx3N7fY0YlGAHnz2pK8tjLpbpMzyejiBt9qLGHrnZfzDZEozpJxTW8nPwP7MZKyQANDs8Emb7B--jGS6Bzvq-h7i7Xjvk-3VjUYV8sld3ZWsq3cEw3Lee6NQLIbRBhvb1CR8meP0CfWS3sZ9wb3Q&amp;__tn__=%2ANK-R" data-saferedirecturl="https://www.google.com/url?q=https://www.facebook.com/hashtag/ohb19?source%3Dfeed_text%26epa%3DHASHTAG%26__xts__%255B0%255D%3D68.ARAlV08IkiYH6Uz9JKCkzpcWuILBwWgH6cxNT8sDNXaeDmIQpwz521MTIpmH3n52bbQhMZP0koihtOyc26JaIP4sTGqQqpgaybDILiqDGWjx6xAriIjq_xEHwO2gGVkW576qqgE3rd377bAZww9SHoD2Ht6xM2t9l1MiOMMXPTrGIhS11XcNXTozw6r3eHNTkMZ2qRsx3N7fY0YlGAHnz2pK8tjLpbpMzyejiBt9qLGHrnZfzDZEozpJxTW8nPwP7MZKyQANDs8Emb7B--jGS6Bzvq-h7i7Xjvk-3VjUYV8sld3ZWsq3cEw3Lee6NQLIbRBhvb1CR8meP0CfWS3sZ9wb3Q%26__tn__%3D%252ANK-R&amp;source=gmail&amp;ust=1570886271856000&amp;usg=AFQjCNHMXfvMv1Co_RFP5IvgWwwHr5ajhA">#OHB19</a></p>
<p><strong>MARIA SISTERNAS</strong></p>
<p>Maria Sisternas i Tusell és arquitecta per l&#8217;Etsab i MSc City Design and Social Sciences per la London School of Economics. Ha treballat a la xarxa de ciutats Medcités gestionant projectes de cooperació pel desenvolupament sostenible de la Mediterrània i va ser directora de Projectes a l&#8217;Ajuntament de Barcelona entre 2012 i el 2015. Ara lidera Mediaurban, l&#8217;agència de creació de continguts urbans de Mediapro, i col.labora regularment amb el diari Ara amb articles d&#8217;opinió sobre qüestions urbanes que afecten les ciutats contemporànies. També prepara els &#8216;Dimarts Urbans&#8217; dels Informatius vespre de Betevé des d&#8217;on s&#8217;informa sobre projectes urbans d&#8217;actualitat.</p>
<p>Fa recerca sobre les ciutats mediterrànies, i ha treballat en ciutats com el Caire, Istanbul, Roma, Marsella, Tetuan i Beirut. Ha treballat per diversos organismes internacionals i ajuntaments locals, i empreses, amb tot allò relacionat amb l&#8217;urbanisme des d&#8217;una mirada interdisciplinar i innovadora.</p>
<a class="md-btn button shortcode_button uk-light" href="https://www.48hopenhousebarcelona.org/seccions/arquitectura-de-laigua/">PROGRAMACIÓ L'ARQUITECTURA DE L'AIGUA</a>
<p>&nbsp;</p>
<p>Amb el suport d&#8217;Aigües de Barcelona:</p>
<p><img loading="lazy" decoding="async" class="alignnone size-medium wp-image-7349" src="https://www.48hopenhousebarcelona.org/wp-content/uploads/2019/10/logo-vector-aigues-de-barcelona-300x152.jpg" alt="" width="300" height="152" srcset="https://www.48hopenhousebarcelona.org/wp-content/uploads/2019/10/logo-vector-aigues-de-barcelona-300x152.jpg 300w, https://www.48hopenhousebarcelona.org/wp-content/uploads/2019/10/logo-vector-aigues-de-barcelona-400x203.jpg 400w, https://www.48hopenhousebarcelona.org/wp-content/uploads/2019/10/logo-vector-aigues-de-barcelona.jpg 630w" sizes="auto, (max-width: 300px) 100vw, 300px" /></p>

<p>El festival d’arquitectura 48h Open House BCN dedica una línia de programació a la reivindicació de l’aigua com a agent generador de vida i del paisatge construït. Des d’un punt de vista tècnic, es podran visitar edificis i infraestructures concebuts a escala metropolitana per proveir la població d’aigua potable i sanejament; i, des d’un punt [&hellip;]</p>
