{"id":23751,"date":"2020-10-06T02:30:39","date_gmt":"2020-10-06T02:30:39","guid":{"rendered":"https:\/\/www.48hopenhousebarcelona.org\/els-edificis\/circulo-del-liceo-cercle-del-liceu\/"},"modified":"2025-08-05T15:56:36","modified_gmt":"2025-08-05T15:56:36","slug":"circulo-del-liceo","status":"publish","type":"edificis","link":"https:\/\/www.48hopenhousebarcelona.org\/es\/els-edificis\/circulo-del-liceo\/","title":{"rendered":"C\u00cdRCULO DEL LICEO"},"content":{"rendered":"<p><span data-sheets-value=\"{&quot;1&quot;:2,&quot;2&quot;:&quot;Inaugurado seis meses despu\u00e9s del Gran Teatro del Liceo, destacan sus dependencias de decoraci\u00f3n modernista. Adem\u00e1s de su mobiliario e interiorismo, el C\u00edrculo es una muestra viva del arte de los mejores artistas catalanes de la \u00e9poca. Tiene un inter\u00e9s particular la decoraci\u00f3n con murales de Antoni Mart\u00ed y el importante conjunto modernista constituido por los vitrales de Oleguer Junyent, los elementos decorativos de Josep Pasc\u00f3 y Alexandre de Riquer y, sobre todo, los doce paneles de Ramon Casas en el sal\u00f3n de la Rotonda.&quot;}\" data-sheets-userformat=\"{&quot;2&quot;:15293,&quot;3&quot;:{&quot;1&quot;:0},&quot;5&quot;:{&quot;1&quot;:[{&quot;1&quot;:2,&quot;2&quot;:0,&quot;5&quot;:{&quot;1&quot;:2,&quot;2&quot;:0}},{&quot;1&quot;:0,&quot;2&quot;:0,&quot;3&quot;:3},{&quot;1&quot;:1,&quot;2&quot;:0,&quot;4&quot;:1}]},&quot;6&quot;:{&quot;1&quot;:[{&quot;1&quot;:2,&quot;2&quot;:0,&quot;5&quot;:{&quot;1&quot;:2,&quot;2&quot;:0}},{&quot;1&quot;:0,&quot;2&quot;:0,&quot;3&quot;:3},{&quot;1&quot;:1,&quot;2&quot;:0,&quot;4&quot;:1}]},&quot;7&quot;:{&quot;1&quot;:[{&quot;1&quot;:2,&quot;2&quot;:0,&quot;5&quot;:{&quot;1&quot;:2,&quot;2&quot;:0}},{&quot;1&quot;:0,&quot;2&quot;:0,&quot;3&quot;:3},{&quot;1&quot;:1,&quot;2&quot;:0,&quot;4&quot;:1}]},&quot;8&quot;:{&quot;1&quot;:[{&quot;1&quot;:2,&quot;2&quot;:0,&quot;5&quot;:{&quot;1&quot;:2,&quot;2&quot;:0}},{&quot;1&quot;:0,&quot;2&quot;:0,&quot;3&quot;:3},{&quot;1&quot;:1,&quot;2&quot;:0,&quot;4&quot;:1}]},&quot;10&quot;:1,&quot;11&quot;:4,&quot;12&quot;:0,&quot;14&quot;:{&quot;1&quot;:2,&quot;2&quot;:0},&quot;15&quot;:&quot;Calibri&quot;,&quot;16&quot;:8}\">Inaugurado seis meses despu\u00e9s del Gran Teatro del Liceo, destacan sus dependencias de decoraci\u00f3n modernista. Adem\u00e1s de su mobiliario e interiorismo, el C\u00edrculo es una muestra viva del arte de los mejores artistas catalanes de la \u00e9poca. Tiene un inter\u00e9s particular la decoraci\u00f3n con murales de Antoni Mart\u00ed y el importante conjunto modernista constituido por los vitrales de Oleguer Junyent, los elementos decorativos de Josep Pasc\u00f3 y Alexandre de Riquer y, sobre todo, los doce paneles de Ramon Casas en el sal\u00f3n de la Rotonda.<\/span><\/p>\n","protected":false},"featured_media":29546,"template":"","tags":[],"edicions":[994,1039,1067,1086],"obert_per":[551],"zones":[1075,996],"seccions":[],"transports":[518],"estils":[553],"usos_actuals":[541],"graella":[],"class_list":["post-23751","edificis","type-edificis","status-publish","has-post-thumbnail","hentry","edicions-2022-es","edicions-2023-es","edicions-2024-es","edicions-1086","obert_per-domingo-manana","zones-barcelona-es","zones-centre","transports-l3-es","estils-modernismo","usos_actuals-cultural-es"],"acf":[],"_links":{"self":[{"href":"https:\/\/www.48hopenhousebarcelona.org\/es\/wp-json\/wp\/v2\/edificis\/23751","targetHints":{"allow":["GET"]}}],"collection":[{"href":"https:\/\/www.48hopenhousebarcelona.org\/es\/wp-json\/wp\/v2\/edificis"}],"about":[{"href":"https:\/\/www.48hopenhousebarcelona.org\/es\/wp-json\/wp\/v2\/types\/edificis"}],"wp:featuredmedia":[{"embeddable":true,"href":"https:\/\/www.48hopenhousebarcelona.org\/es\/wp-json\/wp\/v2\/media\/29546"}],"wp:attachment":[{"href":"https:\/\/www.48hopenhousebarcelona.org\/es\/wp-json\/wp\/v2\/media?parent=23751"}],"wp:term":[{"taxonomy":"post_tag","embeddable":true,"href":"https:\/\/www.48hopenhousebarcelona.org\/es\/wp-json\/wp\/v2\/tags?post=23751"},{"taxonomy":"edicions","embeddable":true,"href":"https:\/\/www.48hopenhousebarcelona.org\/es\/wp-json\/wp\/v2\/edicions?post=23751"},{"taxonomy":"obert_per","embeddable":true,"href":"https:\/\/www.48hopenhousebarcelona.org\/es\/wp-json\/wp\/v2\/obert_per?post=23751"},{"taxonomy":"zones","embeddable":true,"href":"https:\/\/www.48hopenhousebarcelona.org\/es\/wp-json\/wp\/v2\/zones?post=23751"},{"taxonomy":"seccions","embeddable":true,"href":"https:\/\/www.48hopenhousebarcelona.org\/es\/wp-json\/wp\/v2\/seccions?post=23751"},{"taxonomy":"transports","embeddable":true,"href":"https:\/\/www.48hopenhousebarcelona.org\/es\/wp-json\/wp\/v2\/transports?post=23751"},{"taxonomy":"estils","embeddable":true,"href":"https:\/\/www.48hopenhousebarcelona.org\/es\/wp-json\/wp\/v2\/estils?post=23751"},{"taxonomy":"usos_actuals","embeddable":true,"href":"https:\/\/www.48hopenhousebarcelona.org\/es\/wp-json\/wp\/v2\/usos_actuals?post=23751"},{"taxonomy":"graella","embeddable":true,"href":"https:\/\/www.48hopenhousebarcelona.org\/es\/wp-json\/wp\/v2\/graella?post=23751"}],"curies":[{"name":"wp","href":"https:\/\/api.w.org\/{rel}","templated":true}]}}

CÍRCULO DEL LICEO

<p><span data-sheets-value="{&quot;1&quot;:2,&quot;2&quot;:&quot;Inaugurado seis meses después del Gran Teatro del Liceo, destacan sus dependencias de decoración modernista. Además de su mobiliario e interiorismo, el Círculo es una muestra viva del arte de los mejores artistas catalanes de la época. Tiene un interés particular la decoración con murales de Antoni Martí y el importante conjunto modernista constituido por los vitrales de Oleguer Junyent, los elementos decorativos de Josep Pascó y Alexandre de Riquer y, sobre todo, los doce paneles de Ramon Casas en el salón de la Rotonda.&quot;}" data-sheets-userformat="{&quot;2&quot;:15293,&quot;3&quot;:{&quot;1&quot;:0},&quot;5&quot;:{&quot;1&quot;:[{&quot;1&quot;:2,&quot;2&quot;:0,&quot;5&quot;:{&quot;1&quot;:2,&quot;2&quot;:0}},{&quot;1&quot;:0,&quot;2&quot;:0,&quot;3&quot;:3},{&quot;1&quot;:1,&quot;2&quot;:0,&quot;4&quot;:1}]},&quot;6&quot;:{&quot;1&quot;:[{&quot;1&quot;:2,&quot;2&quot;:0,&quot;5&quot;:{&quot;1&quot;:2,&quot;2&quot;:0}},{&quot;1&quot;:0,&quot;2&quot;:0,&quot;3&quot;:3},{&quot;1&quot;:1,&quot;2&quot;:0,&quot;4&quot;:1}]},&quot;7&quot;:{&quot;1&quot;:[{&quot;1&quot;:2,&quot;2&quot;:0,&quot;5&quot;:{&quot;1&quot;:2,&quot;2&quot;:0}},{&quot;1&quot;:0,&quot;2&quot;:0,&quot;3&quot;:3},{&quot;1&quot;:1,&quot;2&quot;:0,&quot;4&quot;:1}]},&quot;8&quot;:{&quot;1&quot;:[{&quot;1&quot;:2,&quot;2&quot;:0,&quot;5&quot;:{&quot;1&quot;:2,&quot;2&quot;:0}},{&quot;1&quot;:0,&quot;2&quot;:0,&quot;3&quot;:3},{&quot;1&quot;:1,&quot;2&quot;:0,&quot;4&quot;:1}]},&quot;10&quot;:1,&quot;11&quot;:4,&quot;12&quot;:0,&quot;14&quot;:{&quot;1&quot;:2,&quot;2&quot;:0},&quot;15&quot;:&quot;Calibri&quot;,&quot;16&quot;:8}">Inaugurado seis meses después del Gran Teatro del Liceo, destacan sus dependencias de decoración modernista. Además de su mobiliario e interiorismo, el Círculo es una muestra viva del arte de los mejores artistas catalanes de la época. Tiene un interés particular la decoración con murales de Antoni Martí y el importante conjunto modernista constituido por los vitrales de Oleguer Junyent, los elementos decorativos de Josep Pascó y Alexandre de Riquer y, sobre todo, los doce paneles de Ramon Casas en el salón de la Rotonda.</span></p>
