{"id":23774,"date":"2020-10-06T02:31:07","date_gmt":"2020-10-06T02:31:07","guid":{"rendered":"https:\/\/www.48hopenhousebarcelona.org\/els-edificis\/colegio-de-arquitectos-de-cataluna-collegi-d%c2%92arquitectes-de-catalunya\/"},"modified":"2025-10-09T09:07:24","modified_gmt":"2025-10-09T09:07:24","slug":"collegi-darquitectes-de-catalunya","status":"publish","type":"edificis","link":"https:\/\/www.48hopenhousebarcelona.org\/es\/els-edificis\/collegi-darquitectes-de-catalunya\/","title":{"rendered":"COL\u00b7LEGI D&#8217;ARQUITECTES DE CATALUNYA (FRISOS OCULTOS DE PABLO PICASSO)"},"content":{"rendered":"<p><span data-sheets-value=\"{&quot;1&quot;:2,&quot;2&quot;:&quot;El proyecto para el edificio del Colegio de Arquitectos naci\u00f3 de un concurso que se celebr\u00f3 en 1958 y consta de dos partes: un cuerpo bajo en forma trapezoidal (que contiene el espacio de exposiciones y la sala de actos) y una torre de ocho pisos de altura.\\n \\nLa \u00faltima intervenci\u00f3n en el edificio se realiza con la voluntad de convertirlo en el Centro Abierto de Arquitectura de Barcelona. El nuevo proyecto, aprovech\u00e1ndose de su ubicaci\u00f3n privilegiada, crea un \u00e1gora central conectada con el espacio p\u00fablico exterior y comunica f\u00edsica y visualmente una secuencia de espacios comunes existentes. Esos espacios comunes son el acceso al edificio, una planta altillo (para exposiciones), el sal\u00f3n de actos, el Espacio Picasso (que se flexibiliza y se dan opciones de compartimentaci\u00f3n), la planta segunda y la terraza, que genera el cambio de volumetr\u00eda del edificio. Como consecuencia, en planta segunda aparece un nuevo mirador interior-exterior sobre la plaza Nova donde se prev\u00e9 que se puedan realizar diferentes eventos culturales abiertos a la ciudadan\u00eda, y que enfatiza la voluntad de convertir el edificio en un punto de encuentro.\\n\\r\\nLa visita incluye documentos originales del arquitecto Llu\u00eds Dom\u00e8nech i Montaner que forman parte del archivo del colegio.&quot;}\" data-sheets-userformat=\"{&quot;2&quot;:15295,&quot;3&quot;:{&quot;1&quot;:0},&quot;4&quot;:{&quot;1&quot;:2,&quot;2&quot;:65535},&quot;5&quot;:{&quot;1&quot;:[{&quot;1&quot;:2,&quot;2&quot;:0,&quot;5&quot;:{&quot;1&quot;:2,&quot;2&quot;:0}},{&quot;1&quot;:0,&quot;2&quot;:0,&quot;3&quot;:3},{&quot;1&quot;:1,&quot;2&quot;:0,&quot;4&quot;:1}]},&quot;6&quot;:{&quot;1&quot;:[{&quot;1&quot;:2,&quot;2&quot;:0,&quot;5&quot;:{&quot;1&quot;:2,&quot;2&quot;:0}},{&quot;1&quot;:0,&quot;2&quot;:0,&quot;3&quot;:3},{&quot;1&quot;:1,&quot;2&quot;:0,&quot;4&quot;:1}]},&quot;7&quot;:{&quot;1&quot;:[{&quot;1&quot;:2,&quot;2&quot;:0,&quot;5&quot;:{&quot;1&quot;:2,&quot;2&quot;:0}},{&quot;1&quot;:0,&quot;2&quot;:0,&quot;3&quot;:3},{&quot;1&quot;:1,&quot;2&quot;:0,&quot;4&quot;:1}]},&quot;8&quot;:{&quot;1&quot;:[{&quot;1&quot;:2,&quot;2&quot;:0,&quot;5&quot;:{&quot;1&quot;:2,&quot;2&quot;:0}},{&quot;1&quot;:0,&quot;2&quot;:0,&quot;3&quot;:3},{&quot;1&quot;:1,&quot;2&quot;:0,&quot;4&quot;:1}]},&quot;10&quot;:0,&quot;11&quot;:4,&quot;12&quot;:0,&quot;14&quot;:{&quot;1&quot;:2,&quot;2&quot;:16711680},&quot;15&quot;:&quot;Calibri&quot;,&quot;16&quot;:8}\" data-sheets-textstyleruns=\"{&quot;1&quot;:0,&quot;2&quot;:{&quot;2&quot;:{&quot;1&quot;:2,&quot;2&quot;:0}}}\uee10{&quot;1&quot;:1137}\uee10{&quot;1&quot;:1140,&quot;2&quot;:{&quot;2&quot;:{&quot;1&quot;:2,&quot;2&quot;:0}}}\">El proyecto para el edificio del Colegio de Arquitectos naci\u00f3 de un concurso que se celebr\u00f3 en 1958 y consta de dos partes: un cuerpo bajo en forma trapezoidal (que contiene el espacio de exposiciones y la sala de actos) y una torre de ocho pisos de altura.<\/span><\/p>\n<p>La \u00faltima intervenci\u00f3n en el edificio se realiza con la voluntad de convertirlo en el Centro Abierto de Arquitectura de Barcelona. El nuevo proyecto, aprovech\u00e1ndose de su ubicaci\u00f3n privilegiada, crea un \u00e1gora central conectada con el espacio p\u00fablico exterior y comunica f\u00edsica y visualmente una secuencia de espacios comunes existentes. Esos espacios comunes son el acceso al edificio, una planta altillo (para exposiciones), el sal\u00f3n de actos, el Espacio Picasso (que se flexibiliza y se dan opciones de compartimentaci\u00f3n), la planta segunda y la terraza, que genera el cambio de volumetr\u00eda del edificio. Como consecuencia, en planta segunda aparece un nuevo mirador interior-exterior sobre la plaza Nova donde se prev\u00e9 que se puedan realizar diferentes eventos culturales abiertos a la ciudadan\u00eda, y que enfatiza la voluntad de convertir el edificio en un punto de encuentro.<\/p>\n","protected":false},"featured_media":29578,"template":"","tags":[],"edicions":[994,1039,1067,1086],"obert_per":[551,550],"zones":[1075,996],"seccions":[1072,1004],"transports":[519],"estils":[720],"usos_actuals":[559],"graella":[],"class_list":["post-23774","edificis","type-edificis","status-publish","has-post-thumbnail","hentry","edicions-2022-es","edicions-2023-es","edicions-2024-es","edicions-1086","obert_per-domingo-manana","obert_per-sabado-tarde","zones-barcelona-es","zones-centre","seccions-open-petits-es","seccions-vistas-panoramicas","transports-l4-es","estils-escuela-de-barcelona","usos_actuals-oficinas"],"acf":[],"_links":{"self":[{"href":"https:\/\/www.48hopenhousebarcelona.org\/es\/wp-json\/wp\/v2\/edificis\/23774","targetHints":{"allow":["GET"]}}],"collection":[{"href":"https:\/\/www.48hopenhousebarcelona.org\/es\/wp-json\/wp\/v2\/edificis"}],"about":[{"href":"https:\/\/www.48hopenhousebarcelona.org\/es\/wp-json\/wp\/v2\/types\/edificis"}],"wp:featuredmedia":[{"embeddable":true,"href":"https:\/\/www.48hopenhousebarcelona.org\/es\/wp-json\/wp\/v2\/media\/29578"}],"wp:attachment":[{"href":"https:\/\/www.48hopenhousebarcelona.org\/es\/wp-json\/wp\/v2\/media?parent=23774"}],"wp:term":[{"taxonomy":"post_tag","embeddable":true,"href":"https:\/\/www.48hopenhousebarcelona.org\/es\/wp-json\/wp\/v2\/tags?post=23774"},{"taxonomy":"edicions","embeddable":true,"href":"https:\/\/www.48hopenhousebarcelona.org\/es\/wp-json\/wp\/v2\/edicions?post=23774"},{"taxonomy":"obert_per","embeddable":true,"href":"https:\/\/www.48hopenhousebarcelona.org\/es\/wp-json\/wp\/v2\/obert_per?post=23774"},{"taxonomy":"zones","embeddable":true,"href":"https:\/\/www.48hopenhousebarcelona.org\/es\/wp-json\/wp\/v2\/zones?post=23774"},{"taxonomy":"seccions","embeddable":true,"href":"https:\/\/www.48hopenhousebarcelona.org\/es\/wp-json\/wp\/v2\/seccions?post=23774"},{"taxonomy":"transports","embeddable":true,"href":"https:\/\/www.48hopenhousebarcelona.org\/es\/wp-json\/wp\/v2\/transports?post=23774"},{"taxonomy":"estils","embeddable":true,"href":"https:\/\/www.48hopenhousebarcelona.org\/es\/wp-json\/wp\/v2\/estils?post=23774"},{"taxonomy":"usos_actuals","embeddable":true,"href":"https:\/\/www.48hopenhousebarcelona.org\/es\/wp-json\/wp\/v2\/usos_actuals?post=23774"},{"taxonomy":"graella","embeddable":true,"href":"https:\/\/www.48hopenhousebarcelona.org\/es\/wp-json\/wp\/v2\/graella?post=23774"}],"curies":[{"name":"wp","href":"https:\/\/api.w.org\/{rel}","templated":true}]}}

<p><span data-sheets-value="{&quot;1&quot;:2,&quot;2&quot;:&quot;El proyecto para el edificio del Colegio de Arquitectos nació de un concurso que se celebró en 1958 y consta de dos partes: un cuerpo bajo en forma trapezoidal (que contiene el espacio de exposiciones y la sala de actos) y una torre de ocho pisos de altura.\n \nLa última intervención en el edificio se realiza con la voluntad de convertirlo en el Centro Abierto de Arquitectura de Barcelona. El nuevo proyecto, aprovechándose de su ubicación privilegiada, crea un ágora central conectada con el espacio público exterior y comunica física y visualmente una secuencia de espacios comunes existentes. Esos espacios comunes son el acceso al edificio, una planta altillo (para exposiciones), el salón de actos, el Espacio Picasso (que se flexibiliza y se dan opciones de compartimentación), la planta segunda y la terraza, que genera el cambio de volumetría del edificio. Como consecuencia, en planta segunda aparece un nuevo mirador interior-exterior sobre la plaza Nova donde se prevé que se puedan realizar diferentes eventos culturales abiertos a la ciudadanía, y que enfatiza la voluntad de convertir el edificio en un punto de encuentro.\n\r\nLa visita incluye documentos originales del arquitecto Lluís Domènech i Montaner que forman parte del archivo del colegio.&quot;}" data-sheets-userformat="{&quot;2&quot;:15295,&quot;3&quot;:{&quot;1&quot;:0},&quot;4&quot;:{&quot;1&quot;:2,&quot;2&quot;:65535},&quot;5&quot;:{&quot;1&quot;:[{&quot;1&quot;:2,&quot;2&quot;:0,&quot;5&quot;:{&quot;1&quot;:2,&quot;2&quot;:0}},{&quot;1&quot;:0,&quot;2&quot;:0,&quot;3&quot;:3},{&quot;1&quot;:1,&quot;2&quot;:0,&quot;4&quot;:1}]},&quot;6&quot;:{&quot;1&quot;:[{&quot;1&quot;:2,&quot;2&quot;:0,&quot;5&quot;:{&quot;1&quot;:2,&quot;2&quot;:0}},{&quot;1&quot;:0,&quot;2&quot;:0,&quot;3&quot;:3},{&quot;1&quot;:1,&quot;2&quot;:0,&quot;4&quot;:1}]},&quot;7&quot;:{&quot;1&quot;:[{&quot;1&quot;:2,&quot;2&quot;:0,&quot;5&quot;:{&quot;1&quot;:2,&quot;2&quot;:0}},{&quot;1&quot;:0,&quot;2&quot;:0,&quot;3&quot;:3},{&quot;1&quot;:1,&quot;2&quot;:0,&quot;4&quot;:1}]},&quot;8&quot;:{&quot;1&quot;:[{&quot;1&quot;:2,&quot;2&quot;:0,&quot;5&quot;:{&quot;1&quot;:2,&quot;2&quot;:0}},{&quot;1&quot;:0,&quot;2&quot;:0,&quot;3&quot;:3},{&quot;1&quot;:1,&quot;2&quot;:0,&quot;4&quot;:1}]},&quot;10&quot;:0,&quot;11&quot;:4,&quot;12&quot;:0,&quot;14&quot;:{&quot;1&quot;:2,&quot;2&quot;:16711680},&quot;15&quot;:&quot;Calibri&quot;,&quot;16&quot;:8}" data-sheets-textstyleruns="{&quot;1&quot;:0,&quot;2&quot;:{&quot;2&quot;:{&quot;1&quot;:2,&quot;2&quot;:0}}}{&quot;1&quot;:1137}{&quot;1&quot;:1140,&quot;2&quot;:{&quot;2&quot;:{&quot;1&quot;:2,&quot;2&quot;:0}}}">El proyecto para el edificio del Colegio de Arquitectos nació de un concurso que se celebró en 1958 y consta de dos partes: un cuerpo bajo en forma trapezoidal (que contiene el espacio de exposiciones y la sala de actos) y una torre de ocho pisos de altura.</span></p>
<p>La última intervención en el edificio se realiza con la voluntad de convertirlo en el Centro Abierto de Arquitectura de Barcelona. El nuevo proyecto, aprovechándose de su ubicación privilegiada, crea un ágora central conectada con el espacio público exterior y comunica física y visualmente una secuencia de espacios comunes existentes. Esos espacios comunes son el acceso al edificio, una planta altillo (para exposiciones), el salón de actos, el Espacio Picasso (que se flexibiliza y se dan opciones de compartimentación), la planta segunda y la terraza, que genera el cambio de volumetría del edificio. Como consecuencia, en planta segunda aparece un nuevo mirador interior-exterior sobre la plaza Nova donde se prevé que se puedan realizar diferentes eventos culturales abiertos a la ciudadanía, y que enfatiza la voluntad de convertir el edificio en un punto de encuentro.</p>
