{"id":23913,"date":"2020-10-06T02:31:36","date_gmt":"2020-10-06T02:31:36","guid":{"rendered":"https:\/\/www.48hopenhousebarcelona.org\/els-edificis\/fundacio-enric-miralles\/"},"modified":"2025-10-30T12:01:46","modified_gmt":"2025-10-30T12:01:46","slug":"fundacion-enric-miralles","status":"publish","type":"edificis","link":"https:\/\/www.48hopenhousebarcelona.org\/es\/els-edificis\/fundacion-enric-miralles\/","title":{"rendered":"FUNDACI\u00d3 ENRIC MIRALLES + ESTUDI EMBT"},"content":{"rendered":"<p><span style=\"font-weight: 400;\">Centro de arquitectura e investigaci\u00f3n contempor\u00e1nea dedicado a fomentar la pasi\u00f3n de Enric Miralles por la innovaci\u00f3n y la experimentaci\u00f3n en el \u00e1mbito de la arquitectura y el dise\u00f1o, con el objetivo principal de preservar su legado.<\/span><\/p>\n<p><span style=\"font-weight: 400;\">Ubicado en el mismo edificio que alberga el estudio de arquitectura Miralles Tagliabue EMBT y donde se encuentra el Centre de Documentaci\u00f3 i Arxiu Enric Miralles. La Fundaci\u00f3 acoge diferentes tipos de actividades, como <\/span><i><span style=\"font-weight: 400;\">workshops<\/span><\/i><span style=\"font-weight: 400;\">, festivales de arte y exposiciones, enfocados tanto en la arquitectura contempor\u00e1nea como en el archivo de la fundaci\u00f3n, particularmente, en la colecci\u00f3n de maquetas, collages y dibujos originales del arquitecto, de quien este a\u00f1o se conmemoran los veinticinco a\u00f1os de su muerte.<\/span><\/p>\n","protected":false},"featured_media":29618,"template":"","tags":[],"edicions":[994,1039,1067,1086],"obert_per":[551,552,550],"zones":[1075,996],"seccions":[808],"transports":[518],"estils":[587],"usos_actuals":[567],"graella":[],"class_list":["post-23913","edificis","type-edificis","status-publish","has-post-thumbnail","hentry","edicions-2022-es","edicions-2023-es","edicions-2024-es","edicions-1086","obert_per-domingo-manana","obert_per-domingo-tarde","obert_per-sabado-tarde","zones-barcelona-es","zones-centre","seccions-open-pro-es","transports-l3-es","estils-historico-contemporaneo","usos_actuals-museo"],"acf":[],"_links":{"self":[{"href":"https:\/\/www.48hopenhousebarcelona.org\/es\/wp-json\/wp\/v2\/edificis\/23913","targetHints":{"allow":["GET"]}}],"collection":[{"href":"https:\/\/www.48hopenhousebarcelona.org\/es\/wp-json\/wp\/v2\/edificis"}],"about":[{"href":"https:\/\/www.48hopenhousebarcelona.org\/es\/wp-json\/wp\/v2\/types\/edificis"}],"wp:featuredmedia":[{"embeddable":true,"href":"https:\/\/www.48hopenhousebarcelona.org\/es\/wp-json\/wp\/v2\/media\/29618"}],"wp:attachment":[{"href":"https:\/\/www.48hopenhousebarcelona.org\/es\/wp-json\/wp\/v2\/media?parent=23913"}],"wp:term":[{"taxonomy":"post_tag","embeddable":true,"href":"https:\/\/www.48hopenhousebarcelona.org\/es\/wp-json\/wp\/v2\/tags?post=23913"},{"taxonomy":"edicions","embeddable":true,"href":"https:\/\/www.48hopenhousebarcelona.org\/es\/wp-json\/wp\/v2\/edicions?post=23913"},{"taxonomy":"obert_per","embeddable":true,"href":"https:\/\/www.48hopenhousebarcelona.org\/es\/wp-json\/wp\/v2\/obert_per?post=23913"},{"taxonomy":"zones","embeddable":true,"href":"https:\/\/www.48hopenhousebarcelona.org\/es\/wp-json\/wp\/v2\/zones?post=23913"},{"taxonomy":"seccions","embeddable":true,"href":"https:\/\/www.48hopenhousebarcelona.org\/es\/wp-json\/wp\/v2\/seccions?post=23913"},{"taxonomy":"transports","embeddable":true,"href":"https:\/\/www.48hopenhousebarcelona.org\/es\/wp-json\/wp\/v2\/transports?post=23913"},{"taxonomy":"estils","embeddable":true,"href":"https:\/\/www.48hopenhousebarcelona.org\/es\/wp-json\/wp\/v2\/estils?post=23913"},{"taxonomy":"usos_actuals","embeddable":true,"href":"https:\/\/www.48hopenhousebarcelona.org\/es\/wp-json\/wp\/v2\/usos_actuals?post=23913"},{"taxonomy":"graella","embeddable":true,"href":"https:\/\/www.48hopenhousebarcelona.org\/es\/wp-json\/wp\/v2\/graella?post=23913"}],"curies":[{"name":"wp","href":"https:\/\/api.w.org\/{rel}","templated":true}]}}

FUNDACIÓ ENRIC MIRALLES + ESTUDI EMBT

<p><span style="font-weight: 400;">Centro de arquitectura e investigación contemporánea dedicado a fomentar la pasión de Enric Miralles por la innovación y la experimentación en el ámbito de la arquitectura y el diseño, con el objetivo principal de preservar su legado.</span></p>
<p><span style="font-weight: 400;">Ubicado en el mismo edificio que alberga el estudio de arquitectura Miralles Tagliabue EMBT y donde se encuentra el Centre de Documentació i Arxiu Enric Miralles. La Fundació acoge diferentes tipos de actividades, como </span><i><span style="font-weight: 400;">workshops</span></i><span style="font-weight: 400;">, festivales de arte y exposiciones, enfocados tanto en la arquitectura contemporánea como en el archivo de la fundación, particularmente, en la colección de maquetas, collages y dibujos originales del arquitecto, de quien este año se conmemoran los veinticinco años de su muerte.</span></p>
