{"id":24297,"date":"2020-10-06T02:34:50","date_gmt":"2020-10-06T02:34:50","guid":{"rendered":"https:\/\/www.48hopenhousebarcelona.org\/els-edificis\/oficinas-y-archivo-de-la-fundacion-mies-van-der-rohe-2\/"},"modified":"2025-10-20T12:12:26","modified_gmt":"2025-10-20T12:12:26","slug":"oficinas-fundacion-mies-van-der-rohe","status":"publish","type":"edificis","link":"https:\/\/www.48hopenhousebarcelona.org\/es\/els-edificis\/oficinas-fundacion-mies-van-der-rohe\/","title":{"rendered":"OFICINAS Y ARCHIVO FUNDACI\u00d3N MIES VAN DER ROHE"},"content":{"rendered":"<p><span data-sheets-value=\"{&quot;1&quot;:2,&quot;2&quot;:&quot;La Fundaci\u00f3n Mies van der Rohe fue creada en 1983 por el Ayuntamiento de Barcelona, adem\u00e1s de atender la conservaci\u00f3n y el conocimiento del Pabell\u00f3n, la Fundaci\u00f3n impulsa el debate, la difusi\u00f3n y la sensibilizaci\u00f3n sobre temas de arquitectura y urbanismo contempor\u00e1neos . De acuerdo con sus fines, la Fundaci\u00f3n organiza numerosos eventos y muchos de ellos se llevan a cabo en el mismo Pabell\u00f3n y en el espacio de trabajo de la calle Provenza. Este es un espacio abierto a todo el que est\u00e9 interesado en el desarrollo y mejora del territorio y donde se puede visitar una parte de la colecci\u00f3n de maquetas; el archivo de 2.881 proyectos de arquitectura contempor\u00e1nea que incluye bocetos, planos, fotos y v\u00eddeos; la biblioteca y documentos hist\u00f3ricos.&quot;}\" data-sheets-userformat=\"{&quot;2&quot;:15295,&quot;3&quot;:{&quot;1&quot;:0},&quot;4&quot;:{&quot;1&quot;:2,&quot;2&quot;:65535},&quot;5&quot;:{&quot;1&quot;:[{&quot;1&quot;:2,&quot;2&quot;:0,&quot;5&quot;:{&quot;1&quot;:2,&quot;2&quot;:0}},{&quot;1&quot;:0,&quot;2&quot;:0,&quot;3&quot;:3},{&quot;1&quot;:1,&quot;2&quot;:0,&quot;4&quot;:1}]},&quot;6&quot;:{&quot;1&quot;:[{&quot;1&quot;:2,&quot;2&quot;:0,&quot;5&quot;:{&quot;1&quot;:2,&quot;2&quot;:0}},{&quot;1&quot;:0,&quot;2&quot;:0,&quot;3&quot;:3},{&quot;1&quot;:1,&quot;2&quot;:0,&quot;4&quot;:1}]},&quot;7&quot;:{&quot;1&quot;:[{&quot;1&quot;:2,&quot;2&quot;:0,&quot;5&quot;:{&quot;1&quot;:2,&quot;2&quot;:0}},{&quot;1&quot;:0,&quot;2&quot;:0,&quot;3&quot;:3},{&quot;1&quot;:1,&quot;2&quot;:0,&quot;4&quot;:1}]},&quot;8&quot;:{&quot;1&quot;:[{&quot;1&quot;:2,&quot;2&quot;:0,&quot;5&quot;:{&quot;1&quot;:2,&quot;2&quot;:0}},{&quot;1&quot;:0,&quot;2&quot;:0,&quot;3&quot;:3},{&quot;1&quot;:1,&quot;2&quot;:0,&quot;4&quot;:1}]},&quot;10&quot;:1,&quot;11&quot;:4,&quot;12&quot;:0,&quot;14&quot;:{&quot;1&quot;:2,&quot;2&quot;:0},&quot;15&quot;:&quot;Calibri&quot;,&quot;16&quot;:8}\">La Fundaci\u00f3n Mies van der Rohe fue creada en 1983 por el Ayuntamiento de Barcelona, adem\u00e1s de atender la conservaci\u00f3n y el conocimiento del Pabell\u00f3n, la Fundaci\u00f3n impulsa el debate, la difusi\u00f3n y la sensibilizaci\u00f3n sobre temas de arquitectura y urbanismo contempor\u00e1neos . De acuerdo con sus fines, la Fundaci\u00f3n organiza numerosos eventos y muchos de ellos se llevan a cabo en el mismo Pabell\u00f3n y en el espacio de trabajo de la calle Provenza. Este es un espacio abierto a todo el que est\u00e9 interesado en el desarrollo y mejora del territorio y donde se puede visitar una parte de la colecci\u00f3n de maquetas; el archivo de 2.881 proyectos de arquitectura contempor\u00e1nea que incluye bocetos, planos, fotos y v\u00eddeos; la biblioteca y documentos hist\u00f3ricos.<\/span><\/p>\n","protected":false},"featured_media":29953,"template":"","tags":[],"edicions":[994,1039,1067,1086],"obert_per":[549],"zones":[937,1075],"seccions":[1048,808],"transports":[518,520],"estils":[587],"usos_actuals":[559],"graella":[],"class_list":["post-24297","edificis","type-edificis","status-publish","has-post-thumbnail","hentry","edicions-2022-es","edicions-2023-es","edicions-2024-es","edicions-1086","obert_per-sabado-manana","zones-dreta-de-leixample","zones-barcelona-es","seccions-espacios-de-trabajo","seccions-open-pro-es","transports-l3-es","transports-l5-es","estils-historico-contemporaneo","usos_actuals-oficinas"],"acf":[],"_links":{"self":[{"href":"https:\/\/www.48hopenhousebarcelona.org\/es\/wp-json\/wp\/v2\/edificis\/24297","targetHints":{"allow":["GET"]}}],"collection":[{"href":"https:\/\/www.48hopenhousebarcelona.org\/es\/wp-json\/wp\/v2\/edificis"}],"about":[{"href":"https:\/\/www.48hopenhousebarcelona.org\/es\/wp-json\/wp\/v2\/types\/edificis"}],"wp:featuredmedia":[{"embeddable":true,"href":"https:\/\/www.48hopenhousebarcelona.org\/es\/wp-json\/wp\/v2\/media\/29953"}],"wp:attachment":[{"href":"https:\/\/www.48hopenhousebarcelona.org\/es\/wp-json\/wp\/v2\/media?parent=24297"}],"wp:term":[{"taxonomy":"post_tag","embeddable":true,"href":"https:\/\/www.48hopenhousebarcelona.org\/es\/wp-json\/wp\/v2\/tags?post=24297"},{"taxonomy":"edicions","embeddable":true,"href":"https:\/\/www.48hopenhousebarcelona.org\/es\/wp-json\/wp\/v2\/edicions?post=24297"},{"taxonomy":"obert_per","embeddable":true,"href":"https:\/\/www.48hopenhousebarcelona.org\/es\/wp-json\/wp\/v2\/obert_per?post=24297"},{"taxonomy":"zones","embeddable":true,"href":"https:\/\/www.48hopenhousebarcelona.org\/es\/wp-json\/wp\/v2\/zones?post=24297"},{"taxonomy":"seccions","embeddable":true,"href":"https:\/\/www.48hopenhousebarcelona.org\/es\/wp-json\/wp\/v2\/seccions?post=24297"},{"taxonomy":"transports","embeddable":true,"href":"https:\/\/www.48hopenhousebarcelona.org\/es\/wp-json\/wp\/v2\/transports?post=24297"},{"taxonomy":"estils","embeddable":true,"href":"https:\/\/www.48hopenhousebarcelona.org\/es\/wp-json\/wp\/v2\/estils?post=24297"},{"taxonomy":"usos_actuals","embeddable":true,"href":"https:\/\/www.48hopenhousebarcelona.org\/es\/wp-json\/wp\/v2\/usos_actuals?post=24297"},{"taxonomy":"graella","embeddable":true,"href":"https:\/\/www.48hopenhousebarcelona.org\/es\/wp-json\/wp\/v2\/graella?post=24297"}],"curies":[{"name":"wp","href":"https:\/\/api.w.org\/{rel}","templated":true}]}}

OFICINAS Y ARCHIVO FUNDACIÓN MIES VAN DER ROHE

<p><span data-sheets-value="{&quot;1&quot;:2,&quot;2&quot;:&quot;La Fundación Mies van der Rohe fue creada en 1983 por el Ayuntamiento de Barcelona, además de atender la conservación y el conocimiento del Pabellón, la Fundación impulsa el debate, la difusión y la sensibilización sobre temas de arquitectura y urbanismo contemporáneos . De acuerdo con sus fines, la Fundación organiza numerosos eventos y muchos de ellos se llevan a cabo en el mismo Pabellón y en el espacio de trabajo de la calle Provenza. Este es un espacio abierto a todo el que esté interesado en el desarrollo y mejora del territorio y donde se puede visitar una parte de la colección de maquetas; el archivo de 2.881 proyectos de arquitectura contemporánea que incluye bocetos, planos, fotos y vídeos; la biblioteca y documentos históricos.&quot;}" data-sheets-userformat="{&quot;2&quot;:15295,&quot;3&quot;:{&quot;1&quot;:0},&quot;4&quot;:{&quot;1&quot;:2,&quot;2&quot;:65535},&quot;5&quot;:{&quot;1&quot;:[{&quot;1&quot;:2,&quot;2&quot;:0,&quot;5&quot;:{&quot;1&quot;:2,&quot;2&quot;:0}},{&quot;1&quot;:0,&quot;2&quot;:0,&quot;3&quot;:3},{&quot;1&quot;:1,&quot;2&quot;:0,&quot;4&quot;:1}]},&quot;6&quot;:{&quot;1&quot;:[{&quot;1&quot;:2,&quot;2&quot;:0,&quot;5&quot;:{&quot;1&quot;:2,&quot;2&quot;:0}},{&quot;1&quot;:0,&quot;2&quot;:0,&quot;3&quot;:3},{&quot;1&quot;:1,&quot;2&quot;:0,&quot;4&quot;:1}]},&quot;7&quot;:{&quot;1&quot;:[{&quot;1&quot;:2,&quot;2&quot;:0,&quot;5&quot;:{&quot;1&quot;:2,&quot;2&quot;:0}},{&quot;1&quot;:0,&quot;2&quot;:0,&quot;3&quot;:3},{&quot;1&quot;:1,&quot;2&quot;:0,&quot;4&quot;:1}]},&quot;8&quot;:{&quot;1&quot;:[{&quot;1&quot;:2,&quot;2&quot;:0,&quot;5&quot;:{&quot;1&quot;:2,&quot;2&quot;:0}},{&quot;1&quot;:0,&quot;2&quot;:0,&quot;3&quot;:3},{&quot;1&quot;:1,&quot;2&quot;:0,&quot;4&quot;:1}]},&quot;10&quot;:1,&quot;11&quot;:4,&quot;12&quot;:0,&quot;14&quot;:{&quot;1&quot;:2,&quot;2&quot;:0},&quot;15&quot;:&quot;Calibri&quot;,&quot;16&quot;:8}">La Fundación Mies van der Rohe fue creada en 1983 por el Ayuntamiento de Barcelona, además de atender la conservación y el conocimiento del Pabellón, la Fundación impulsa el debate, la difusión y la sensibilización sobre temas de arquitectura y urbanismo contemporáneos . De acuerdo con sus fines, la Fundación organiza numerosos eventos y muchos de ellos se llevan a cabo en el mismo Pabellón y en el espacio de trabajo de la calle Provenza. Este es un espacio abierto a todo el que esté interesado en el desarrollo y mejora del territorio y donde se puede visitar una parte de la colección de maquetas; el archivo de 2.881 proyectos de arquitectura contemporánea que incluye bocetos, planos, fotos y vídeos; la biblioteca y documentos históricos.</span></p>
