{"id":24914,"date":"2020-10-06T02:40:41","date_gmt":"2020-10-06T02:40:41","guid":{"rendered":"https:\/\/www.48hopenhousebarcelona.org\/els-edificis\/vivienda-cooperativa-la-balma\/"},"modified":"2025-10-08T08:43:53","modified_gmt":"2025-10-08T08:43:53","slug":"vivienda-cooperativa-la-balma","status":"publish","type":"edificis","link":"https:\/\/www.48hopenhousebarcelona.org\/es\/els-edificis\/vivienda-cooperativa-la-balma\/","title":{"rendered":"ITINERARIO LA VIVIENDA COOPERATIVA EN POBLENOU"},"content":{"rendered":"<p><span data-sheets-value=\"{&quot;1&quot;:2,&quot;2&quot;:&quot;Proyecto ganador del concurso p\u00fablico de solares municipales destinados a vivienda cooperativa en cesi\u00f3n de uso. El edificio, que comparte espacios con el barrio y muestra la riqueza de la vida comunitaria interior, cuenta con una secci\u00f3n cambiante que se adapta a las necesidades de cada piso y ofrece un buen confort clim\u00e1tico y ac\u00fastico. Tipol\u00f3gicamente (el grupo lo forman 33 personas agrupadas en 19 unidades de convivencia), las viviendas se dise\u00f1an a partir de una unidad b\u00e1sica de 50 m\u00b2 ampliables seg\u00fan las necesidades de los usuarios: las viviendas se apropian de espacios (de forma individual, compartida o como habitaciones sat\u00e9lite) con una obra m\u00ednima de divisorias en seco. Constructivamente, se trata de un edificio ligero donde predominan materiales reutilizables y desmontables, que permiten reducir la cimentaci\u00f3n y los materiales de origen mineral en el edificio.&quot;}\" data-sheets-userformat=\"{&quot;2&quot;:15293,&quot;3&quot;:{&quot;1&quot;:0},&quot;5&quot;:{&quot;1&quot;:[{&quot;1&quot;:2,&quot;2&quot;:0,&quot;5&quot;:{&quot;1&quot;:2,&quot;2&quot;:0}},{&quot;1&quot;:0,&quot;2&quot;:0,&quot;3&quot;:3},{&quot;1&quot;:1,&quot;2&quot;:0,&quot;4&quot;:1}]},&quot;6&quot;:{&quot;1&quot;:[{&quot;1&quot;:2,&quot;2&quot;:0,&quot;5&quot;:{&quot;1&quot;:2,&quot;2&quot;:0}},{&quot;1&quot;:0,&quot;2&quot;:0,&quot;3&quot;:3},{&quot;1&quot;:1,&quot;2&quot;:0,&quot;4&quot;:1}]},&quot;7&quot;:{&quot;1&quot;:[{&quot;1&quot;:2,&quot;2&quot;:0,&quot;5&quot;:{&quot;1&quot;:2,&quot;2&quot;:0}},{&quot;1&quot;:0,&quot;2&quot;:0,&quot;3&quot;:3},{&quot;1&quot;:1,&quot;2&quot;:0,&quot;4&quot;:1}]},&quot;8&quot;:{&quot;1&quot;:[{&quot;1&quot;:2,&quot;2&quot;:0,&quot;5&quot;:{&quot;1&quot;:2,&quot;2&quot;:0}},{&quot;1&quot;:0,&quot;2&quot;:0,&quot;3&quot;:3},{&quot;1&quot;:1,&quot;2&quot;:0,&quot;4&quot;:1}]},&quot;10&quot;:1,&quot;11&quot;:4,&quot;12&quot;:0,&quot;14&quot;:{&quot;1&quot;:2,&quot;2&quot;:0},&quot;15&quot;:&quot;Calibri&quot;,&quot;16&quot;:8}\"> Proyecto ganador del concurso p\u00fablico de solares municipales destinados a vivienda cooperativa en cesi\u00f3n de uso. El edificio, que comparte espacios con el barrio y muestra la riqueza de la vida comunitaria interior, cuenta con una secci\u00f3n cambiante que se adapta a las necesidades de cada piso y ofrece un buen confort clim\u00e1tico y ac\u00fastico. Tipol\u00f3gicamente (el grupo lo forman 33 personas agrupadas en 19 unidades de convivencia), las viviendas se dise\u00f1an a partir de una unidad b\u00e1sica de 50 m\u00b2 ampliables seg\u00fan las necesidades de los usuarios: las viviendas se apropian de espacios (de forma individual, compartida o como habitaciones sat\u00e9lite) con una obra m\u00ednima de divisorias en seco. Constructivamente, se trata de un edificio ligero donde predominan materiales reutilizables y desmontables, que permiten reducir la cimentaci\u00f3n y los materiales de origen mineral en el edificio.<\/span><\/p>\n<p>&nbsp;<\/p>\n<p>&nbsp;<\/p>\n","protected":false},"featured_media":39406,"template":"","tags":[],"edicions":[1039,1086],"obert_per":[549],"zones":[1075,1000],"seccions":[985,808,510,902],"transports":[519],"estils":[570],"usos_actuals":[547],"graella":[],"class_list":["post-24914","edificis","type-edificis","status-publish","has-post-thumbnail","hentry","edicions-2023-es","edicions-1086","obert_per-sabado-manana","zones-barcelona-es","zones-poblenou","seccions-inscripcion-previa","seccions-open-pro-es","seccions-open-social-es","seccions-vivienda","transports-l4-es","estils-estilos-contemporaneos","usos_actuals-residencial-es"],"acf":[],"_links":{"self":[{"href":"https:\/\/www.48hopenhousebarcelona.org\/es\/wp-json\/wp\/v2\/edificis\/24914","targetHints":{"allow":["GET"]}}],"collection":[{"href":"https:\/\/www.48hopenhousebarcelona.org\/es\/wp-json\/wp\/v2\/edificis"}],"about":[{"href":"https:\/\/www.48hopenhousebarcelona.org\/es\/wp-json\/wp\/v2\/types\/edificis"}],"wp:featuredmedia":[{"embeddable":true,"href":"https:\/\/www.48hopenhousebarcelona.org\/es\/wp-json\/wp\/v2\/media\/39406"}],"wp:attachment":[{"href":"https:\/\/www.48hopenhousebarcelona.org\/es\/wp-json\/wp\/v2\/media?parent=24914"}],"wp:term":[{"taxonomy":"post_tag","embeddable":true,"href":"https:\/\/www.48hopenhousebarcelona.org\/es\/wp-json\/wp\/v2\/tags?post=24914"},{"taxonomy":"edicions","embeddable":true,"href":"https:\/\/www.48hopenhousebarcelona.org\/es\/wp-json\/wp\/v2\/edicions?post=24914"},{"taxonomy":"obert_per","embeddable":true,"href":"https:\/\/www.48hopenhousebarcelona.org\/es\/wp-json\/wp\/v2\/obert_per?post=24914"},{"taxonomy":"zones","embeddable":true,"href":"https:\/\/www.48hopenhousebarcelona.org\/es\/wp-json\/wp\/v2\/zones?post=24914"},{"taxonomy":"seccions","embeddable":true,"href":"https:\/\/www.48hopenhousebarcelona.org\/es\/wp-json\/wp\/v2\/seccions?post=24914"},{"taxonomy":"transports","embeddable":true,"href":"https:\/\/www.48hopenhousebarcelona.org\/es\/wp-json\/wp\/v2\/transports?post=24914"},{"taxonomy":"estils","embeddable":true,"href":"https:\/\/www.48hopenhousebarcelona.org\/es\/wp-json\/wp\/v2\/estils?post=24914"},{"taxonomy":"usos_actuals","embeddable":true,"href":"https:\/\/www.48hopenhousebarcelona.org\/es\/wp-json\/wp\/v2\/usos_actuals?post=24914"},{"taxonomy":"graella","embeddable":true,"href":"https:\/\/www.48hopenhousebarcelona.org\/es\/wp-json\/wp\/v2\/graella?post=24914"}],"curies":[{"name":"wp","href":"https:\/\/api.w.org\/{rel}","templated":true}]}}

<p><span data-sheets-value="{&quot;1&quot;:2,&quot;2&quot;:&quot;Proyecto ganador del concurso público de solares municipales destinados a vivienda cooperativa en cesión de uso. El edificio, que comparte espacios con el barrio y muestra la riqueza de la vida comunitaria interior, cuenta con una sección cambiante que se adapta a las necesidades de cada piso y ofrece un buen confort climático y acústico. Tipológicamente (el grupo lo forman 33 personas agrupadas en 19 unidades de convivencia), las viviendas se diseñan a partir de una unidad básica de 50 m² ampliables según las necesidades de los usuarios: las viviendas se apropian de espacios (de forma individual, compartida o como habitaciones satélite) con una obra mínima de divisorias en seco. Constructivamente, se trata de un edificio ligero donde predominan materiales reutilizables y desmontables, que permiten reducir la cimentación y los materiales de origen mineral en el edificio.&quot;}" data-sheets-userformat="{&quot;2&quot;:15293,&quot;3&quot;:{&quot;1&quot;:0},&quot;5&quot;:{&quot;1&quot;:[{&quot;1&quot;:2,&quot;2&quot;:0,&quot;5&quot;:{&quot;1&quot;:2,&quot;2&quot;:0}},{&quot;1&quot;:0,&quot;2&quot;:0,&quot;3&quot;:3},{&quot;1&quot;:1,&quot;2&quot;:0,&quot;4&quot;:1}]},&quot;6&quot;:{&quot;1&quot;:[{&quot;1&quot;:2,&quot;2&quot;:0,&quot;5&quot;:{&quot;1&quot;:2,&quot;2&quot;:0}},{&quot;1&quot;:0,&quot;2&quot;:0,&quot;3&quot;:3},{&quot;1&quot;:1,&quot;2&quot;:0,&quot;4&quot;:1}]},&quot;7&quot;:{&quot;1&quot;:[{&quot;1&quot;:2,&quot;2&quot;:0,&quot;5&quot;:{&quot;1&quot;:2,&quot;2&quot;:0}},{&quot;1&quot;:0,&quot;2&quot;:0,&quot;3&quot;:3},{&quot;1&quot;:1,&quot;2&quot;:0,&quot;4&quot;:1}]},&quot;8&quot;:{&quot;1&quot;:[{&quot;1&quot;:2,&quot;2&quot;:0,&quot;5&quot;:{&quot;1&quot;:2,&quot;2&quot;:0}},{&quot;1&quot;:0,&quot;2&quot;:0,&quot;3&quot;:3},{&quot;1&quot;:1,&quot;2&quot;:0,&quot;4&quot;:1}]},&quot;10&quot;:1,&quot;11&quot;:4,&quot;12&quot;:0,&quot;14&quot;:{&quot;1&quot;:2,&quot;2&quot;:0},&quot;15&quot;:&quot;Calibri&quot;,&quot;16&quot;:8}"> Proyecto ganador del concurso público de solares municipales destinados a vivienda cooperativa en cesión de uso. El edificio, que comparte espacios con el barrio y muestra la riqueza de la vida comunitaria interior, cuenta con una sección cambiante que se adapta a las necesidades de cada piso y ofrece un buen confort climático y acústico. Tipológicamente (el grupo lo forman 33 personas agrupadas en 19 unidades de convivencia), las viviendas se diseñan a partir de una unidad básica de 50 m² ampliables según las necesidades de los usuarios: las viviendas se apropian de espacios (de forma individual, compartida o como habitaciones satélite) con una obra mínima de divisorias en seco. Constructivamente, se trata de un edificio ligero donde predominan materiales reutilizables y desmontables, que permiten reducir la cimentación y los materiales de origen mineral en el edificio.</span></p>
<p>&nbsp;</p>
<p>&nbsp;</p>
