{"id":25017,"date":"2020-10-06T02:41:38","date_gmt":"2020-10-06T02:41:38","guid":{"rendered":"https:\/\/www.48hopenhousebarcelona.org\/els-edificis\/espai-bombers-%c2%96-parque-de-la-prevencion-de-barcelona\/"},"modified":"2025-10-13T09:40:15","modified_gmt":"2025-10-13T09:40:15","slug":"espai-bombers-parque-de-la-prevencion-de-barcelona","status":"publish","type":"edificis","link":"https:\/\/www.48hopenhousebarcelona.org\/es\/els-edificis\/espai-bombers-parque-de-la-prevencion-de-barcelona\/","title":{"rendered":"ESPACIO BOMBEROS \u2013 PARQUE DE LA PREVENCI\u00d3N DE BARCELONA"},"content":{"rendered":"<p><span data-sheets-value=\"{&quot;1&quot;:2,&quot;2&quot;:&quot;Antiguo parque de bomberos de Poble Sec, levantado para la Exposici\u00f3n Internacional de 1929, y convertido en un nuevo equipamiento, parte de la red de espacios culturales Montju\u00efc, Monta\u00f1a de los Museos. El nuevo proyecto supone una rehabilitaci\u00f3n integral para lograr la mayor transparencia entre los diferentes espacios expositivos, utilizando, en su mayor\u00eda, el vidrio en el nuevo cuerpo y con nuevas aperturas en los muros interiores, enmarcando as\u00ed la estructura de ladrillo y acero.&quot;}\" data-sheets-userformat=\"{&quot;2&quot;:15293,&quot;3&quot;:{&quot;1&quot;:0},&quot;5&quot;:{&quot;1&quot;:[{&quot;1&quot;:2,&quot;2&quot;:0,&quot;5&quot;:{&quot;1&quot;:2,&quot;2&quot;:0}},{&quot;1&quot;:0,&quot;2&quot;:0,&quot;3&quot;:3},{&quot;1&quot;:1,&quot;2&quot;:0,&quot;4&quot;:1}]},&quot;6&quot;:{&quot;1&quot;:[{&quot;1&quot;:2,&quot;2&quot;:0,&quot;5&quot;:{&quot;1&quot;:2,&quot;2&quot;:0}},{&quot;1&quot;:0,&quot;2&quot;:0,&quot;3&quot;:3},{&quot;1&quot;:1,&quot;2&quot;:0,&quot;4&quot;:1}]},&quot;7&quot;:{&quot;1&quot;:[{&quot;1&quot;:2,&quot;2&quot;:0,&quot;5&quot;:{&quot;1&quot;:2,&quot;2&quot;:0}},{&quot;1&quot;:0,&quot;2&quot;:0,&quot;3&quot;:3},{&quot;1&quot;:1,&quot;2&quot;:0,&quot;4&quot;:1}]},&quot;8&quot;:{&quot;1&quot;:[{&quot;1&quot;:2,&quot;2&quot;:0,&quot;5&quot;:{&quot;1&quot;:2,&quot;2&quot;:0}},{&quot;1&quot;:0,&quot;2&quot;:0,&quot;3&quot;:3},{&quot;1&quot;:1,&quot;2&quot;:0,&quot;4&quot;:1}]},&quot;10&quot;:1,&quot;11&quot;:4,&quot;12&quot;:0,&quot;14&quot;:{&quot;1&quot;:2,&quot;2&quot;:0},&quot;15&quot;:&quot;Calibri&quot;,&quot;16&quot;:8}\"> Antiguo parque de bomberos de Poble Sec, levantado para la Exposici\u00f3n Internacional de 1929, y convertido en un nuevo equipamiento, parte de la red de espacios culturales Montju\u00efc, Monta\u00f1a de los Museos. El nuevo proyecto supone una rehabilitaci\u00f3n integral para lograr la mayor transparencia entre los diferentes espacios expositivos, utilizando, en su mayor\u00eda, el vidrio en el nuevo cuerpo y con nuevas aperturas en los muros interiores, enmarcando as\u00ed la estructura de ladrillo y acero.<\/span><\/p>\n","protected":false},"featured_media":30691,"template":"","tags":[],"edicions":[994,1086],"obert_per":[549,550],"zones":[933,1075],"seccions":[],"transports":[512,518],"estils":[570],"usos_actuals":[567],"graella":[],"class_list":["post-25017","edificis","type-edificis","status-publish","has-post-thumbnail","hentry","edicions-2022-es","edicions-1086","obert_per-sabado-manana","obert_per-sabado-tarde","zones-montjuic","zones-barcelona-es","transports-l1-es","transports-l3-es","estils-estilos-contemporaneos","usos_actuals-museo"],"acf":[],"_links":{"self":[{"href":"https:\/\/www.48hopenhousebarcelona.org\/es\/wp-json\/wp\/v2\/edificis\/25017","targetHints":{"allow":["GET"]}}],"collection":[{"href":"https:\/\/www.48hopenhousebarcelona.org\/es\/wp-json\/wp\/v2\/edificis"}],"about":[{"href":"https:\/\/www.48hopenhousebarcelona.org\/es\/wp-json\/wp\/v2\/types\/edificis"}],"wp:featuredmedia":[{"embeddable":true,"href":"https:\/\/www.48hopenhousebarcelona.org\/es\/wp-json\/wp\/v2\/media\/30691"}],"wp:attachment":[{"href":"https:\/\/www.48hopenhousebarcelona.org\/es\/wp-json\/wp\/v2\/media?parent=25017"}],"wp:term":[{"taxonomy":"post_tag","embeddable":true,"href":"https:\/\/www.48hopenhousebarcelona.org\/es\/wp-json\/wp\/v2\/tags?post=25017"},{"taxonomy":"edicions","embeddable":true,"href":"https:\/\/www.48hopenhousebarcelona.org\/es\/wp-json\/wp\/v2\/edicions?post=25017"},{"taxonomy":"obert_per","embeddable":true,"href":"https:\/\/www.48hopenhousebarcelona.org\/es\/wp-json\/wp\/v2\/obert_per?post=25017"},{"taxonomy":"zones","embeddable":true,"href":"https:\/\/www.48hopenhousebarcelona.org\/es\/wp-json\/wp\/v2\/zones?post=25017"},{"taxonomy":"seccions","embeddable":true,"href":"https:\/\/www.48hopenhousebarcelona.org\/es\/wp-json\/wp\/v2\/seccions?post=25017"},{"taxonomy":"transports","embeddable":true,"href":"https:\/\/www.48hopenhousebarcelona.org\/es\/wp-json\/wp\/v2\/transports?post=25017"},{"taxonomy":"estils","embeddable":true,"href":"https:\/\/www.48hopenhousebarcelona.org\/es\/wp-json\/wp\/v2\/estils?post=25017"},{"taxonomy":"usos_actuals","embeddable":true,"href":"https:\/\/www.48hopenhousebarcelona.org\/es\/wp-json\/wp\/v2\/usos_actuals?post=25017"},{"taxonomy":"graella","embeddable":true,"href":"https:\/\/www.48hopenhousebarcelona.org\/es\/wp-json\/wp\/v2\/graella?post=25017"}],"curies":[{"name":"wp","href":"https:\/\/api.w.org\/{rel}","templated":true}]}}

ESPACIO BOMBEROS – PARQUE DE LA PREVENCIÓN DE BARCELONA

<p><span data-sheets-value="{&quot;1&quot;:2,&quot;2&quot;:&quot;Antiguo parque de bomberos de Poble Sec, levantado para la Exposición Internacional de 1929, y convertido en un nuevo equipamiento, parte de la red de espacios culturales Montjuïc, Montaña de los Museos. El nuevo proyecto supone una rehabilitación integral para lograr la mayor transparencia entre los diferentes espacios expositivos, utilizando, en su mayoría, el vidrio en el nuevo cuerpo y con nuevas aperturas en los muros interiores, enmarcando así la estructura de ladrillo y acero.&quot;}" data-sheets-userformat="{&quot;2&quot;:15293,&quot;3&quot;:{&quot;1&quot;:0},&quot;5&quot;:{&quot;1&quot;:[{&quot;1&quot;:2,&quot;2&quot;:0,&quot;5&quot;:{&quot;1&quot;:2,&quot;2&quot;:0}},{&quot;1&quot;:0,&quot;2&quot;:0,&quot;3&quot;:3},{&quot;1&quot;:1,&quot;2&quot;:0,&quot;4&quot;:1}]},&quot;6&quot;:{&quot;1&quot;:[{&quot;1&quot;:2,&quot;2&quot;:0,&quot;5&quot;:{&quot;1&quot;:2,&quot;2&quot;:0}},{&quot;1&quot;:0,&quot;2&quot;:0,&quot;3&quot;:3},{&quot;1&quot;:1,&quot;2&quot;:0,&quot;4&quot;:1}]},&quot;7&quot;:{&quot;1&quot;:[{&quot;1&quot;:2,&quot;2&quot;:0,&quot;5&quot;:{&quot;1&quot;:2,&quot;2&quot;:0}},{&quot;1&quot;:0,&quot;2&quot;:0,&quot;3&quot;:3},{&quot;1&quot;:1,&quot;2&quot;:0,&quot;4&quot;:1}]},&quot;8&quot;:{&quot;1&quot;:[{&quot;1&quot;:2,&quot;2&quot;:0,&quot;5&quot;:{&quot;1&quot;:2,&quot;2&quot;:0}},{&quot;1&quot;:0,&quot;2&quot;:0,&quot;3&quot;:3},{&quot;1&quot;:1,&quot;2&quot;:0,&quot;4&quot;:1}]},&quot;10&quot;:1,&quot;11&quot;:4,&quot;12&quot;:0,&quot;14&quot;:{&quot;1&quot;:2,&quot;2&quot;:0},&quot;15&quot;:&quot;Calibri&quot;,&quot;16&quot;:8}"> Antiguo parque de bomberos de Poble Sec, levantado para la Exposición Internacional de 1929, y convertido en un nuevo equipamiento, parte de la red de espacios culturales Montjuïc, Montaña de los Museos. El nuevo proyecto supone una rehabilitación integral para lograr la mayor transparencia entre los diferentes espacios expositivos, utilizando, en su mayoría, el vidrio en el nuevo cuerpo y con nuevas aperturas en los muros interiores, enmarcando así la estructura de ladrillo y acero.</span></p>
