{"id":25024,"date":"2020-10-06T02:41:38","date_gmt":"2020-10-06T02:41:38","guid":{"rendered":"https:\/\/www.48hopenhousebarcelona.org\/els-edificis\/fundacion-joan-miro-2\/"},"modified":"2025-08-19T11:13:44","modified_gmt":"2025-08-19T11:13:44","slug":"fundacion-joan-miro","status":"publish","type":"edificis","link":"https:\/\/www.48hopenhousebarcelona.org\/es\/els-edificis\/fundacion-joan-miro\/","title":{"rendered":"FUNDACI\u00d3 JOAN MIR\u00d3 (EDIFICIO + TERRAZAS)"},"content":{"rendered":"<p><span data-sheets-value=\"{&quot;1&quot;:2,&quot;2&quot;:&quot;Josep Llu\u00eds Sert, uno de los art\u00edfices del GATCPAC y gran amigo de Joan Mir\u00f3, proyect\u00f3 un museo racionalista que enfatizaba los rasgos principales de la arquitectura mediterr\u00e1nea (el patio, las cubiertas con uso de azotea y el control de la luz), al mismo tiempo que demostraba un control de las formas y las proporciones con gran imaginaci\u00f3n y fantas\u00eda. Llev\u00f3 a cabo la ampliaci\u00f3n Jaume Freixa, disc\u00edpulo y amigo de Sert, bas\u00e1ndose, sobre todo, en conseguir una circulaci\u00f3n continua que uniese los antiguos espacios con las nuevas zonas del museo.&quot;}\" data-sheets-userformat=\"{&quot;2&quot;:15293,&quot;3&quot;:{&quot;1&quot;:0},&quot;5&quot;:{&quot;1&quot;:[{&quot;1&quot;:2,&quot;2&quot;:0,&quot;5&quot;:{&quot;1&quot;:2,&quot;2&quot;:0}},{&quot;1&quot;:0,&quot;2&quot;:0,&quot;3&quot;:3},{&quot;1&quot;:1,&quot;2&quot;:0,&quot;4&quot;:1}]},&quot;6&quot;:{&quot;1&quot;:[{&quot;1&quot;:2,&quot;2&quot;:0,&quot;5&quot;:{&quot;1&quot;:2,&quot;2&quot;:0}},{&quot;1&quot;:0,&quot;2&quot;:0,&quot;3&quot;:3},{&quot;1&quot;:1,&quot;2&quot;:0,&quot;4&quot;:1}]},&quot;7&quot;:{&quot;1&quot;:[{&quot;1&quot;:2,&quot;2&quot;:0,&quot;5&quot;:{&quot;1&quot;:2,&quot;2&quot;:0}},{&quot;1&quot;:0,&quot;2&quot;:0,&quot;3&quot;:3},{&quot;1&quot;:1,&quot;2&quot;:0,&quot;4&quot;:1}]},&quot;8&quot;:{&quot;1&quot;:[{&quot;1&quot;:2,&quot;2&quot;:0,&quot;5&quot;:{&quot;1&quot;:2,&quot;2&quot;:0}},{&quot;1&quot;:0,&quot;2&quot;:0,&quot;3&quot;:3},{&quot;1&quot;:1,&quot;2&quot;:0,&quot;4&quot;:1}]},&quot;10&quot;:1,&quot;11&quot;:4,&quot;12&quot;:0,&quot;14&quot;:{&quot;1&quot;:2,&quot;2&quot;:0},&quot;15&quot;:&quot;Calibri&quot;,&quot;16&quot;:8}\"> Josep Llu\u00eds Sert, uno de los art\u00edfices del GATCPAC y gran amigo de Joan Mir\u00f3, proyect\u00f3 un museo racionalista que enfatizaba los rasgos principales de la arquitectura mediterr\u00e1nea (el patio, las cubiertas con uso de azotea y el control de la luz), al mismo tiempo que demostraba un control de las formas y las proporciones con gran imaginaci\u00f3n y fantas\u00eda. Llev\u00f3 a cabo la ampliaci\u00f3n Jaume Freixa, disc\u00edpulo y amigo de Sert, bas\u00e1ndose, sobre todo, en conseguir una circulaci\u00f3n continua que uniese los antiguos espacios con las nuevas zonas del museo.<\/span><\/p>\n","protected":false},"featured_media":30699,"template":"","tags":[],"edicions":[994,1039,1067,1086],"obert_per":[552],"zones":[933,1075],"seccions":[1004],"transports":[512,518,523],"estils":[585],"usos_actuals":[567],"graella":[],"class_list":["post-25024","edificis","type-edificis","status-publish","has-post-thumbnail","hentry","edicions-2022-es","edicions-2023-es","edicions-2024-es","edicions-1086","obert_per-domingo-tarde","zones-montjuic","zones-barcelona-es","seccions-vistas-panoramicas","transports-l1-es","transports-l3-es","transports-l8-es","estils-racionalismo","usos_actuals-museo"],"acf":[],"_links":{"self":[{"href":"https:\/\/www.48hopenhousebarcelona.org\/es\/wp-json\/wp\/v2\/edificis\/25024","targetHints":{"allow":["GET"]}}],"collection":[{"href":"https:\/\/www.48hopenhousebarcelona.org\/es\/wp-json\/wp\/v2\/edificis"}],"about":[{"href":"https:\/\/www.48hopenhousebarcelona.org\/es\/wp-json\/wp\/v2\/types\/edificis"}],"wp:featuredmedia":[{"embeddable":true,"href":"https:\/\/www.48hopenhousebarcelona.org\/es\/wp-json\/wp\/v2\/media\/30699"}],"wp:attachment":[{"href":"https:\/\/www.48hopenhousebarcelona.org\/es\/wp-json\/wp\/v2\/media?parent=25024"}],"wp:term":[{"taxonomy":"post_tag","embeddable":true,"href":"https:\/\/www.48hopenhousebarcelona.org\/es\/wp-json\/wp\/v2\/tags?post=25024"},{"taxonomy":"edicions","embeddable":true,"href":"https:\/\/www.48hopenhousebarcelona.org\/es\/wp-json\/wp\/v2\/edicions?post=25024"},{"taxonomy":"obert_per","embeddable":true,"href":"https:\/\/www.48hopenhousebarcelona.org\/es\/wp-json\/wp\/v2\/obert_per?post=25024"},{"taxonomy":"zones","embeddable":true,"href":"https:\/\/www.48hopenhousebarcelona.org\/es\/wp-json\/wp\/v2\/zones?post=25024"},{"taxonomy":"seccions","embeddable":true,"href":"https:\/\/www.48hopenhousebarcelona.org\/es\/wp-json\/wp\/v2\/seccions?post=25024"},{"taxonomy":"transports","embeddable":true,"href":"https:\/\/www.48hopenhousebarcelona.org\/es\/wp-json\/wp\/v2\/transports?post=25024"},{"taxonomy":"estils","embeddable":true,"href":"https:\/\/www.48hopenhousebarcelona.org\/es\/wp-json\/wp\/v2\/estils?post=25024"},{"taxonomy":"usos_actuals","embeddable":true,"href":"https:\/\/www.48hopenhousebarcelona.org\/es\/wp-json\/wp\/v2\/usos_actuals?post=25024"},{"taxonomy":"graella","embeddable":true,"href":"https:\/\/www.48hopenhousebarcelona.org\/es\/wp-json\/wp\/v2\/graella?post=25024"}],"curies":[{"name":"wp","href":"https:\/\/api.w.org\/{rel}","templated":true}]}}

FUNDACIÓ JOAN MIRÓ (EDIFICIO + TERRAZAS)

<p><span data-sheets-value="{&quot;1&quot;:2,&quot;2&quot;:&quot;Josep Lluís Sert, uno de los artífices del GATCPAC y gran amigo de Joan Miró, proyectó un museo racionalista que enfatizaba los rasgos principales de la arquitectura mediterránea (el patio, las cubiertas con uso de azotea y el control de la luz), al mismo tiempo que demostraba un control de las formas y las proporciones con gran imaginación y fantasía. Llevó a cabo la ampliación Jaume Freixa, discípulo y amigo de Sert, basándose, sobre todo, en conseguir una circulación continua que uniese los antiguos espacios con las nuevas zonas del museo.&quot;}" data-sheets-userformat="{&quot;2&quot;:15293,&quot;3&quot;:{&quot;1&quot;:0},&quot;5&quot;:{&quot;1&quot;:[{&quot;1&quot;:2,&quot;2&quot;:0,&quot;5&quot;:{&quot;1&quot;:2,&quot;2&quot;:0}},{&quot;1&quot;:0,&quot;2&quot;:0,&quot;3&quot;:3},{&quot;1&quot;:1,&quot;2&quot;:0,&quot;4&quot;:1}]},&quot;6&quot;:{&quot;1&quot;:[{&quot;1&quot;:2,&quot;2&quot;:0,&quot;5&quot;:{&quot;1&quot;:2,&quot;2&quot;:0}},{&quot;1&quot;:0,&quot;2&quot;:0,&quot;3&quot;:3},{&quot;1&quot;:1,&quot;2&quot;:0,&quot;4&quot;:1}]},&quot;7&quot;:{&quot;1&quot;:[{&quot;1&quot;:2,&quot;2&quot;:0,&quot;5&quot;:{&quot;1&quot;:2,&quot;2&quot;:0}},{&quot;1&quot;:0,&quot;2&quot;:0,&quot;3&quot;:3},{&quot;1&quot;:1,&quot;2&quot;:0,&quot;4&quot;:1}]},&quot;8&quot;:{&quot;1&quot;:[{&quot;1&quot;:2,&quot;2&quot;:0,&quot;5&quot;:{&quot;1&quot;:2,&quot;2&quot;:0}},{&quot;1&quot;:0,&quot;2&quot;:0,&quot;3&quot;:3},{&quot;1&quot;:1,&quot;2&quot;:0,&quot;4&quot;:1}]},&quot;10&quot;:1,&quot;11&quot;:4,&quot;12&quot;:0,&quot;14&quot;:{&quot;1&quot;:2,&quot;2&quot;:0},&quot;15&quot;:&quot;Calibri&quot;,&quot;16&quot;:8}"> Josep Lluís Sert, uno de los artífices del GATCPAC y gran amigo de Joan Miró, proyectó un museo racionalista que enfatizaba los rasgos principales de la arquitectura mediterránea (el patio, las cubiertas con uso de azotea y el control de la luz), al mismo tiempo que demostraba un control de las formas y las proporciones con gran imaginación y fantasía. Llevó a cabo la ampliación Jaume Freixa, discípulo y amigo de Sert, basándose, sobre todo, en conseguir una circulación continua que uniese los antiguos espacios con las nuevas zonas del museo.</span></p>
