{"id":25037,"date":"2020-10-06T02:41:56","date_gmt":"2020-10-06T02:41:56","guid":{"rendered":"https:\/\/www.48hopenhousebarcelona.org\/els-edificis\/museo-nacional-de-arte-de-cataluna-museu-nacional-d%c2%92art-de-catalunya\/"},"modified":"2025-09-05T11:55:10","modified_gmt":"2025-09-05T11:55:10","slug":"museo-nacional-de-arte-de-cataluna","status":"publish","type":"edificis","link":"https:\/\/www.48hopenhousebarcelona.org\/es\/els-edificis\/museo-nacional-de-arte-de-cataluna\/","title":{"rendered":"MUSEU NACIONAL D&#8217;ART DE CATALUNYA"},"content":{"rendered":"<p><span data-sheets-value=\"{&quot;1&quot;:2,&quot;2&quot;:&quot;El Palau Nacional, construido para la Exposici\u00f3n Internacional del a\u00f1o 1929, es un edificio de casi 50.000 m\u00b2 que se adscribe a los modelos del clasicismo acad\u00e9mico imperantes en la \u00e9poca. La decoraci\u00f3n interior del palacio se encarg\u00f3 a reconocidos pintores y escultores del momento, representantes mayoritariamente del movimiento est\u00e9tico y cultural del Novecentismo. Actualmente, despu\u00e9s de una reforma importante, a cargo de Gae Aulenti, que tuvo lugar en los a\u00f1os noventa, acoge la sede del Museu Nacional d\u2019Art de Catalunya. &quot;}\" data-sheets-userformat=\"{&quot;2&quot;:15293,&quot;3&quot;:{&quot;1&quot;:0},&quot;5&quot;:{&quot;1&quot;:[{&quot;1&quot;:2,&quot;2&quot;:0,&quot;5&quot;:{&quot;1&quot;:2,&quot;2&quot;:0}},{&quot;1&quot;:0,&quot;2&quot;:0,&quot;3&quot;:3},{&quot;1&quot;:1,&quot;2&quot;:0,&quot;4&quot;:1}]},&quot;6&quot;:{&quot;1&quot;:[{&quot;1&quot;:2,&quot;2&quot;:0,&quot;5&quot;:{&quot;1&quot;:2,&quot;2&quot;:0}},{&quot;1&quot;:0,&quot;2&quot;:0,&quot;3&quot;:3},{&quot;1&quot;:1,&quot;2&quot;:0,&quot;4&quot;:1}]},&quot;7&quot;:{&quot;1&quot;:[{&quot;1&quot;:2,&quot;2&quot;:0,&quot;5&quot;:{&quot;1&quot;:2,&quot;2&quot;:0}},{&quot;1&quot;:0,&quot;2&quot;:0,&quot;3&quot;:3},{&quot;1&quot;:1,&quot;2&quot;:0,&quot;4&quot;:1}]},&quot;8&quot;:{&quot;1&quot;:[{&quot;1&quot;:2,&quot;2&quot;:0,&quot;5&quot;:{&quot;1&quot;:2,&quot;2&quot;:0}},{&quot;1&quot;:0,&quot;2&quot;:0,&quot;3&quot;:3},{&quot;1&quot;:1,&quot;2&quot;:0,&quot;4&quot;:1}]},&quot;10&quot;:1,&quot;11&quot;:4,&quot;12&quot;:0,&quot;14&quot;:{&quot;1&quot;:2,&quot;2&quot;:0},&quot;15&quot;:&quot;Calibri&quot;,&quot;16&quot;:8}\"> El Palau Nacional, construido para la Exposici\u00f3n Internacional del a\u00f1o 1929, es un edificio de casi 50.000 m\u00b2 que se adscribe a los modelos del clasicismo acad\u00e9mico imperantes en la \u00e9poca. La decoraci\u00f3n interior del palacio se encarg\u00f3 a reconocidos pintores y escultores del momento, representantes mayoritariamente del movimiento est\u00e9tico y cultural del Novecentismo. Actualmente, despu\u00e9s de una reforma importante, a cargo de Gae Aulenti, que tuvo lugar en los a\u00f1os noventa, acoge la sede del Museu Nacional d\u2019Art de Catalunya. <\/span><\/p>\n","protected":false},"featured_media":40677,"template":"","tags":[],"edicions":[994,1039,1067,1086],"obert_per":[551],"zones":[933,1075],"seccions":[1004],"transports":[512,518],"estils":[587],"usos_actuals":[567],"graella":[],"class_list":["post-25037","edificis","type-edificis","status-publish","has-post-thumbnail","hentry","edicions-2022-es","edicions-2023-es","edicions-2024-es","edicions-1086","obert_per-domingo-manana","zones-montjuic","zones-barcelona-es","seccions-vistas-panoramicas","transports-l1-es","transports-l3-es","estils-historico-contemporaneo","usos_actuals-museo"],"acf":[],"_links":{"self":[{"href":"https:\/\/www.48hopenhousebarcelona.org\/es\/wp-json\/wp\/v2\/edificis\/25037","targetHints":{"allow":["GET"]}}],"collection":[{"href":"https:\/\/www.48hopenhousebarcelona.org\/es\/wp-json\/wp\/v2\/edificis"}],"about":[{"href":"https:\/\/www.48hopenhousebarcelona.org\/es\/wp-json\/wp\/v2\/types\/edificis"}],"wp:featuredmedia":[{"embeddable":true,"href":"https:\/\/www.48hopenhousebarcelona.org\/es\/wp-json\/wp\/v2\/media\/40677"}],"wp:attachment":[{"href":"https:\/\/www.48hopenhousebarcelona.org\/es\/wp-json\/wp\/v2\/media?parent=25037"}],"wp:term":[{"taxonomy":"post_tag","embeddable":true,"href":"https:\/\/www.48hopenhousebarcelona.org\/es\/wp-json\/wp\/v2\/tags?post=25037"},{"taxonomy":"edicions","embeddable":true,"href":"https:\/\/www.48hopenhousebarcelona.org\/es\/wp-json\/wp\/v2\/edicions?post=25037"},{"taxonomy":"obert_per","embeddable":true,"href":"https:\/\/www.48hopenhousebarcelona.org\/es\/wp-json\/wp\/v2\/obert_per?post=25037"},{"taxonomy":"zones","embeddable":true,"href":"https:\/\/www.48hopenhousebarcelona.org\/es\/wp-json\/wp\/v2\/zones?post=25037"},{"taxonomy":"seccions","embeddable":true,"href":"https:\/\/www.48hopenhousebarcelona.org\/es\/wp-json\/wp\/v2\/seccions?post=25037"},{"taxonomy":"transports","embeddable":true,"href":"https:\/\/www.48hopenhousebarcelona.org\/es\/wp-json\/wp\/v2\/transports?post=25037"},{"taxonomy":"estils","embeddable":true,"href":"https:\/\/www.48hopenhousebarcelona.org\/es\/wp-json\/wp\/v2\/estils?post=25037"},{"taxonomy":"usos_actuals","embeddable":true,"href":"https:\/\/www.48hopenhousebarcelona.org\/es\/wp-json\/wp\/v2\/usos_actuals?post=25037"},{"taxonomy":"graella","embeddable":true,"href":"https:\/\/www.48hopenhousebarcelona.org\/es\/wp-json\/wp\/v2\/graella?post=25037"}],"curies":[{"name":"wp","href":"https:\/\/api.w.org\/{rel}","templated":true}]}}

<p><span data-sheets-value="{&quot;1&quot;:2,&quot;2&quot;:&quot;El Palau Nacional, construido para la Exposición Internacional del año 1929, es un edificio de casi 50.000 m² que se adscribe a los modelos del clasicismo académico imperantes en la época. La decoración interior del palacio se encargó a reconocidos pintores y escultores del momento, representantes mayoritariamente del movimiento estético y cultural del Novecentismo. Actualmente, después de una reforma importante, a cargo de Gae Aulenti, que tuvo lugar en los años noventa, acoge la sede del Museu Nacional d’Art de Catalunya. &quot;}" data-sheets-userformat="{&quot;2&quot;:15293,&quot;3&quot;:{&quot;1&quot;:0},&quot;5&quot;:{&quot;1&quot;:[{&quot;1&quot;:2,&quot;2&quot;:0,&quot;5&quot;:{&quot;1&quot;:2,&quot;2&quot;:0}},{&quot;1&quot;:0,&quot;2&quot;:0,&quot;3&quot;:3},{&quot;1&quot;:1,&quot;2&quot;:0,&quot;4&quot;:1}]},&quot;6&quot;:{&quot;1&quot;:[{&quot;1&quot;:2,&quot;2&quot;:0,&quot;5&quot;:{&quot;1&quot;:2,&quot;2&quot;:0}},{&quot;1&quot;:0,&quot;2&quot;:0,&quot;3&quot;:3},{&quot;1&quot;:1,&quot;2&quot;:0,&quot;4&quot;:1}]},&quot;7&quot;:{&quot;1&quot;:[{&quot;1&quot;:2,&quot;2&quot;:0,&quot;5&quot;:{&quot;1&quot;:2,&quot;2&quot;:0}},{&quot;1&quot;:0,&quot;2&quot;:0,&quot;3&quot;:3},{&quot;1&quot;:1,&quot;2&quot;:0,&quot;4&quot;:1}]},&quot;8&quot;:{&quot;1&quot;:[{&quot;1&quot;:2,&quot;2&quot;:0,&quot;5&quot;:{&quot;1&quot;:2,&quot;2&quot;:0}},{&quot;1&quot;:0,&quot;2&quot;:0,&quot;3&quot;:3},{&quot;1&quot;:1,&quot;2&quot;:0,&quot;4&quot;:1}]},&quot;10&quot;:1,&quot;11&quot;:4,&quot;12&quot;:0,&quot;14&quot;:{&quot;1&quot;:2,&quot;2&quot;:0},&quot;15&quot;:&quot;Calibri&quot;,&quot;16&quot;:8}"> El Palau Nacional, construido para la Exposición Internacional del año 1929, es un edificio de casi 50.000 m² que se adscribe a los modelos del clasicismo académico imperantes en la época. La decoración interior del palacio se encargó a reconocidos pintores y escultores del momento, representantes mayoritariamente del movimiento estético y cultural del Novecentismo. Actualmente, después de una reforma importante, a cargo de Gae Aulenti, que tuvo lugar en los años noventa, acoge la sede del Museu Nacional d’Art de Catalunya. </span></p>
