{"id":25046,"date":"2020-10-06T02:41:56","date_gmt":"2020-10-06T02:41:56","guid":{"rendered":"https:\/\/www.48hopenhousebarcelona.org\/els-edificis\/pabellon-mies-van-der-rohe-pavello-alemany-fundacio-mies-van-der-rohe\/"},"modified":"2025-08-07T10:00:33","modified_gmt":"2025-08-07T10:00:33","slug":"pabellon-aleman","status":"publish","type":"edificis","link":"https:\/\/www.48hopenhousebarcelona.org\/es\/els-edificis\/pabellon-aleman\/","title":{"rendered":"PABELL\u00d3N ALEM\u00c1N (FUNDACI\u00d3N MIES VAN DER ROHE)"},"content":{"rendered":"<p><span data-sheets-value=\"{&quot;1&quot;:2,&quot;2&quot;:&quot;El Pabell\u00f3n de Barcelona, obra simb\u00f3lica del movimiento moderno, se dise\u00f1\u00f3 como pabell\u00f3n nacional de Alemania para la Exposici\u00f3n Internacional de Barcelona de 1929. Construido con cristal, travertino y diferentes clases de m\u00e1rmol, el Pabell\u00f3n se concibi\u00f3 para alojar en \u00e9l la recepci\u00f3n oficial, presidida por el rey Alfonso XIII junto a las autoridades alemanas. Una vez pasada la clausura de la Exposici\u00f3n, en 1930, el Pabell\u00f3n se desmont\u00f3. La significaci\u00f3n y el reconocimiento del Pabell\u00f3n hicieron pensar en su posible reconstrucci\u00f3n, que se consum\u00f3 en 1986.&quot;}\" data-sheets-userformat=\"{&quot;2&quot;:15293,&quot;3&quot;:{&quot;1&quot;:0},&quot;5&quot;:{&quot;1&quot;:[{&quot;1&quot;:2,&quot;2&quot;:0,&quot;5&quot;:{&quot;1&quot;:2,&quot;2&quot;:0}},{&quot;1&quot;:0,&quot;2&quot;:0,&quot;3&quot;:3},{&quot;1&quot;:1,&quot;2&quot;:0,&quot;4&quot;:1}]},&quot;6&quot;:{&quot;1&quot;:[{&quot;1&quot;:2,&quot;2&quot;:0,&quot;5&quot;:{&quot;1&quot;:2,&quot;2&quot;:0}},{&quot;1&quot;:0,&quot;2&quot;:0,&quot;3&quot;:3},{&quot;1&quot;:1,&quot;2&quot;:0,&quot;4&quot;:1}]},&quot;7&quot;:{&quot;1&quot;:[{&quot;1&quot;:2,&quot;2&quot;:0,&quot;5&quot;:{&quot;1&quot;:2,&quot;2&quot;:0}},{&quot;1&quot;:0,&quot;2&quot;:0,&quot;3&quot;:3},{&quot;1&quot;:1,&quot;2&quot;:0,&quot;4&quot;:1}]},&quot;8&quot;:{&quot;1&quot;:[{&quot;1&quot;:2,&quot;2&quot;:0,&quot;5&quot;:{&quot;1&quot;:2,&quot;2&quot;:0}},{&quot;1&quot;:0,&quot;2&quot;:0,&quot;3&quot;:3},{&quot;1&quot;:1,&quot;2&quot;:0,&quot;4&quot;:1}]},&quot;10&quot;:1,&quot;11&quot;:4,&quot;12&quot;:0,&quot;14&quot;:{&quot;1&quot;:2,&quot;2&quot;:0},&quot;15&quot;:&quot;Calibri&quot;,&quot;16&quot;:8}\"> El Pabell\u00f3n de Barcelona, obra simb\u00f3lica del movimiento moderno, se dise\u00f1\u00f3 como pabell\u00f3n nacional de Alemania para la Exposici\u00f3n Internacional de Barcelona de 1929. Construido con cristal, travertino y diferentes clases de m\u00e1rmol, el Pabell\u00f3n se concibi\u00f3 para alojar en \u00e9l la recepci\u00f3n oficial, presidida por el rey Alfonso XIII junto a las autoridades alemanas. Una vez pasada la clausura de la Exposici\u00f3n, en 1930, el Pabell\u00f3n se desmont\u00f3. La significaci\u00f3n y el reconocimiento del Pabell\u00f3n hicieron pensar en su posible reconstrucci\u00f3n, que se consum\u00f3 en 1986.<\/span><\/p>\n","protected":false},"featured_media":30717,"template":"","tags":[],"edicions":[994,1039,1067,1086],"obert_per":[551,552],"zones":[933,1075],"seccions":[],"transports":[512,518],"estils":[585],"usos_actuals":[541],"graella":[],"class_list":["post-25046","edificis","type-edificis","status-publish","has-post-thumbnail","hentry","edicions-2022-es","edicions-2023-es","edicions-2024-es","edicions-1086","obert_per-domingo-manana","obert_per-domingo-tarde","zones-montjuic","zones-barcelona-es","transports-l1-es","transports-l3-es","estils-racionalismo","usos_actuals-cultural-es"],"acf":[],"_links":{"self":[{"href":"https:\/\/www.48hopenhousebarcelona.org\/es\/wp-json\/wp\/v2\/edificis\/25046","targetHints":{"allow":["GET"]}}],"collection":[{"href":"https:\/\/www.48hopenhousebarcelona.org\/es\/wp-json\/wp\/v2\/edificis"}],"about":[{"href":"https:\/\/www.48hopenhousebarcelona.org\/es\/wp-json\/wp\/v2\/types\/edificis"}],"wp:featuredmedia":[{"embeddable":true,"href":"https:\/\/www.48hopenhousebarcelona.org\/es\/wp-json\/wp\/v2\/media\/30717"}],"wp:attachment":[{"href":"https:\/\/www.48hopenhousebarcelona.org\/es\/wp-json\/wp\/v2\/media?parent=25046"}],"wp:term":[{"taxonomy":"post_tag","embeddable":true,"href":"https:\/\/www.48hopenhousebarcelona.org\/es\/wp-json\/wp\/v2\/tags?post=25046"},{"taxonomy":"edicions","embeddable":true,"href":"https:\/\/www.48hopenhousebarcelona.org\/es\/wp-json\/wp\/v2\/edicions?post=25046"},{"taxonomy":"obert_per","embeddable":true,"href":"https:\/\/www.48hopenhousebarcelona.org\/es\/wp-json\/wp\/v2\/obert_per?post=25046"},{"taxonomy":"zones","embeddable":true,"href":"https:\/\/www.48hopenhousebarcelona.org\/es\/wp-json\/wp\/v2\/zones?post=25046"},{"taxonomy":"seccions","embeddable":true,"href":"https:\/\/www.48hopenhousebarcelona.org\/es\/wp-json\/wp\/v2\/seccions?post=25046"},{"taxonomy":"transports","embeddable":true,"href":"https:\/\/www.48hopenhousebarcelona.org\/es\/wp-json\/wp\/v2\/transports?post=25046"},{"taxonomy":"estils","embeddable":true,"href":"https:\/\/www.48hopenhousebarcelona.org\/es\/wp-json\/wp\/v2\/estils?post=25046"},{"taxonomy":"usos_actuals","embeddable":true,"href":"https:\/\/www.48hopenhousebarcelona.org\/es\/wp-json\/wp\/v2\/usos_actuals?post=25046"},{"taxonomy":"graella","embeddable":true,"href":"https:\/\/www.48hopenhousebarcelona.org\/es\/wp-json\/wp\/v2\/graella?post=25046"}],"curies":[{"name":"wp","href":"https:\/\/api.w.org\/{rel}","templated":true}]}}

PABELLÓN ALEMÁN (FUNDACIÓN MIES VAN DER ROHE)

<p><span data-sheets-value="{&quot;1&quot;:2,&quot;2&quot;:&quot;El Pabellón de Barcelona, obra simbólica del movimiento moderno, se diseñó como pabellón nacional de Alemania para la Exposición Internacional de Barcelona de 1929. Construido con cristal, travertino y diferentes clases de mármol, el Pabellón se concibió para alojar en él la recepción oficial, presidida por el rey Alfonso XIII junto a las autoridades alemanas. Una vez pasada la clausura de la Exposición, en 1930, el Pabellón se desmontó. La significación y el reconocimiento del Pabellón hicieron pensar en su posible reconstrucción, que se consumó en 1986.&quot;}" data-sheets-userformat="{&quot;2&quot;:15293,&quot;3&quot;:{&quot;1&quot;:0},&quot;5&quot;:{&quot;1&quot;:[{&quot;1&quot;:2,&quot;2&quot;:0,&quot;5&quot;:{&quot;1&quot;:2,&quot;2&quot;:0}},{&quot;1&quot;:0,&quot;2&quot;:0,&quot;3&quot;:3},{&quot;1&quot;:1,&quot;2&quot;:0,&quot;4&quot;:1}]},&quot;6&quot;:{&quot;1&quot;:[{&quot;1&quot;:2,&quot;2&quot;:0,&quot;5&quot;:{&quot;1&quot;:2,&quot;2&quot;:0}},{&quot;1&quot;:0,&quot;2&quot;:0,&quot;3&quot;:3},{&quot;1&quot;:1,&quot;2&quot;:0,&quot;4&quot;:1}]},&quot;7&quot;:{&quot;1&quot;:[{&quot;1&quot;:2,&quot;2&quot;:0,&quot;5&quot;:{&quot;1&quot;:2,&quot;2&quot;:0}},{&quot;1&quot;:0,&quot;2&quot;:0,&quot;3&quot;:3},{&quot;1&quot;:1,&quot;2&quot;:0,&quot;4&quot;:1}]},&quot;8&quot;:{&quot;1&quot;:[{&quot;1&quot;:2,&quot;2&quot;:0,&quot;5&quot;:{&quot;1&quot;:2,&quot;2&quot;:0}},{&quot;1&quot;:0,&quot;2&quot;:0,&quot;3&quot;:3},{&quot;1&quot;:1,&quot;2&quot;:0,&quot;4&quot;:1}]},&quot;10&quot;:1,&quot;11&quot;:4,&quot;12&quot;:0,&quot;14&quot;:{&quot;1&quot;:2,&quot;2&quot;:0},&quot;15&quot;:&quot;Calibri&quot;,&quot;16&quot;:8}"> El Pabellón de Barcelona, obra simbólica del movimiento moderno, se diseñó como pabellón nacional de Alemania para la Exposición Internacional de Barcelona de 1929. Construido con cristal, travertino y diferentes clases de mármol, el Pabellón se concibió para alojar en él la recepción oficial, presidida por el rey Alfonso XIII junto a las autoridades alemanas. Una vez pasada la clausura de la Exposición, en 1930, el Pabellón se desmontó. La significación y el reconocimiento del Pabellón hicieron pensar en su posible reconstrucción, que se consumó en 1986.</span></p>
