{"id":25401,"date":"2020-10-06T02:45:56","date_gmt":"2020-10-06T02:45:56","guid":{"rendered":"https:\/\/www.48hopenhousebarcelona.org\/els-edificis\/fabrica-de-can-manyer-2\/"},"modified":"2025-10-21T09:11:52","modified_gmt":"2025-10-21T09:11:52","slug":"nau-vella-de-can-manyer","status":"publish","type":"edificis","link":"https:\/\/www.48hopenhousebarcelona.org\/es\/els-edificis\/nau-vella-de-can-manyer\/","title":{"rendered":"NAVE VIEJA DE CAN MANYER"},"content":{"rendered":"<p><span style=\"font-weight: 400;\">Existen varios factores que llevan a concluir que la nave antigua de la f\u00e1brica, la de la izquierda, puede ser obra del arquitecto Rafael Guastavino. Actualmente, acoge la colecci\u00f3n textil local y est\u00e1 en fase de remodelaci\u00f3n, pueden verse las b\u00f3vedas tabicadas del techo y las columnas de forja, recientemente rehabilitadas.<\/span><\/p>\n<p><span style=\"font-weight: 400;\">Constituye un ejemplo de la aplicaci\u00f3n de la b\u00f3veda tabicada para cubrir espacios industriales de gran tama\u00f1o y ser\u00e1 la sede del futuro Museu T\u00e8xtil de Can Manyer.<\/span><\/p>\n","protected":false},"featured_media":34077,"template":"","tags":[],"edicions":[994,1086],"obert_per":[551,552],"zones":[506],"seccions":[],"transports":[],"estils":[587],"usos_actuals":[],"graella":[],"class_list":["post-25401","edificis","type-edificis","status-publish","has-post-thumbnail","hentry","edicions-2022-es","edicions-1086","obert_per-domingo-manana","obert_per-domingo-tarde","zones-vilassar-de-dalt-es","estils-historico-contemporaneo"],"acf":[],"_links":{"self":[{"href":"https:\/\/www.48hopenhousebarcelona.org\/es\/wp-json\/wp\/v2\/edificis\/25401","targetHints":{"allow":["GET"]}}],"collection":[{"href":"https:\/\/www.48hopenhousebarcelona.org\/es\/wp-json\/wp\/v2\/edificis"}],"about":[{"href":"https:\/\/www.48hopenhousebarcelona.org\/es\/wp-json\/wp\/v2\/types\/edificis"}],"wp:featuredmedia":[{"embeddable":true,"href":"https:\/\/www.48hopenhousebarcelona.org\/es\/wp-json\/wp\/v2\/media\/34077"}],"wp:attachment":[{"href":"https:\/\/www.48hopenhousebarcelona.org\/es\/wp-json\/wp\/v2\/media?parent=25401"}],"wp:term":[{"taxonomy":"post_tag","embeddable":true,"href":"https:\/\/www.48hopenhousebarcelona.org\/es\/wp-json\/wp\/v2\/tags?post=25401"},{"taxonomy":"edicions","embeddable":true,"href":"https:\/\/www.48hopenhousebarcelona.org\/es\/wp-json\/wp\/v2\/edicions?post=25401"},{"taxonomy":"obert_per","embeddable":true,"href":"https:\/\/www.48hopenhousebarcelona.org\/es\/wp-json\/wp\/v2\/obert_per?post=25401"},{"taxonomy":"zones","embeddable":true,"href":"https:\/\/www.48hopenhousebarcelona.org\/es\/wp-json\/wp\/v2\/zones?post=25401"},{"taxonomy":"seccions","embeddable":true,"href":"https:\/\/www.48hopenhousebarcelona.org\/es\/wp-json\/wp\/v2\/seccions?post=25401"},{"taxonomy":"transports","embeddable":true,"href":"https:\/\/www.48hopenhousebarcelona.org\/es\/wp-json\/wp\/v2\/transports?post=25401"},{"taxonomy":"estils","embeddable":true,"href":"https:\/\/www.48hopenhousebarcelona.org\/es\/wp-json\/wp\/v2\/estils?post=25401"},{"taxonomy":"usos_actuals","embeddable":true,"href":"https:\/\/www.48hopenhousebarcelona.org\/es\/wp-json\/wp\/v2\/usos_actuals?post=25401"},{"taxonomy":"graella","embeddable":true,"href":"https:\/\/www.48hopenhousebarcelona.org\/es\/wp-json\/wp\/v2\/graella?post=25401"}],"curies":[{"name":"wp","href":"https:\/\/api.w.org\/{rel}","templated":true}]}}

<p><span style="font-weight: 400;">Existen varios factores que llevan a concluir que la nave antigua de la fábrica, la de la izquierda, puede ser obra del arquitecto Rafael Guastavino. Actualmente, acoge la colección textil local y está en fase de remodelación, pueden verse las bóvedas tabicadas del techo y las columnas de forja, recientemente rehabilitadas.</span></p>
<p><span style="font-weight: 400;">Constituye un ejemplo de la aplicación de la bóveda tabicada para cubrir espacios industriales de gran tamaño y será la sede del futuro Museu Tèxtil de Can Manyer.</span></p>
