{"id":25685,"date":"2020-10-06T02:49:33","date_gmt":"2020-10-06T02:49:33","guid":{"rendered":"https:\/\/www.48hopenhousebarcelona.org\/els-edificis\/modul-proyecto-de-regeneracion-urbana-del-espacio-de-matacavalls\/"},"modified":"2025-09-10T13:27:45","modified_gmt":"2025-09-10T13:27:45","slug":"modul-proyecto-de-regeneracion-urbana-del-espacio-de-matacavalls","status":"publish","type":"edificis","link":"https:\/\/www.48hopenhousebarcelona.org\/es\/els-edificis\/modul-proyecto-de-regeneracion-urbana-del-espacio-de-matacavalls\/","title":{"rendered":"M\u00d3DULO: PROYECTO DE REGENERACI\u00d3N URBANA DEL ESPACIO DE MATACAVALLS"},"content":{"rendered":"<p><span style=\"font-weight: 400;\">El proyecto se propone incidir en la transformaci\u00f3n de un solar en desuso del distrito de La Florida &#8211; Les Planes para hacerlo m\u00e1s seguro, apto para jugar e inclusivo. En 2018, un proceso participativo impulsado por el Ayuntamiento de L\u2019Hospitalet defini\u00f3 la recuperaci\u00f3n del espacio; en 2019, la Fundaci\u00f3n Contorno Urbano, entidad del barrio, lider\u00f3 el proyecto de regeneraci\u00f3n del espacio y cre\u00f3 una red comunitaria en torno al proyecto que participa utilizando una metodolog\u00eda horizontal. A principios de 2020, se decidi\u00f3 priorizar la construcci\u00f3n del equipamiento sociocultural en el parque, para revertir situaciones de desigualdad, dinamizar el espacio y fortalecer el tejido comunitario, que dar\u00e1 respuesta a la falta de equipamientos del barrio. Durante los a\u00f1os siguientes, se ha ampliado el equipamiento con un nuevo m\u00f3dulo, construido con madera, y se ha instalado un ba\u00f1o seco ecol\u00f3gico, adem\u00e1s de un nuevo invernadero y huertos sociales. Este equipamiento est\u00e1 autogestionado por la red de agentes y funciona como un aula comunitaria abierta al aire libre, para realizar actividades educativas, de ocio, deportivas y culturales.<\/span><\/p>\n","protected":false},"featured_media":34085,"template":"","tags":[],"edicions":[994,1039,1067,1086],"obert_per":[552],"zones":[936],"seccions":[510],"transports":[],"estils":[570],"usos_actuals":[541],"graella":[],"class_list":["post-25685","edificis","type-edificis","status-publish","has-post-thumbnail","hentry","edicions-2022-es","edicions-2023-es","edicions-2024-es","edicions-1086","obert_per-domingo-tarde","zones-lhospitalet-de-llobregat-es","seccions-open-social-es","estils-estilos-contemporaneos","usos_actuals-cultural-es"],"acf":[],"_links":{"self":[{"href":"https:\/\/www.48hopenhousebarcelona.org\/es\/wp-json\/wp\/v2\/edificis\/25685","targetHints":{"allow":["GET"]}}],"collection":[{"href":"https:\/\/www.48hopenhousebarcelona.org\/es\/wp-json\/wp\/v2\/edificis"}],"about":[{"href":"https:\/\/www.48hopenhousebarcelona.org\/es\/wp-json\/wp\/v2\/types\/edificis"}],"wp:featuredmedia":[{"embeddable":true,"href":"https:\/\/www.48hopenhousebarcelona.org\/es\/wp-json\/wp\/v2\/media\/34085"}],"wp:attachment":[{"href":"https:\/\/www.48hopenhousebarcelona.org\/es\/wp-json\/wp\/v2\/media?parent=25685"}],"wp:term":[{"taxonomy":"post_tag","embeddable":true,"href":"https:\/\/www.48hopenhousebarcelona.org\/es\/wp-json\/wp\/v2\/tags?post=25685"},{"taxonomy":"edicions","embeddable":true,"href":"https:\/\/www.48hopenhousebarcelona.org\/es\/wp-json\/wp\/v2\/edicions?post=25685"},{"taxonomy":"obert_per","embeddable":true,"href":"https:\/\/www.48hopenhousebarcelona.org\/es\/wp-json\/wp\/v2\/obert_per?post=25685"},{"taxonomy":"zones","embeddable":true,"href":"https:\/\/www.48hopenhousebarcelona.org\/es\/wp-json\/wp\/v2\/zones?post=25685"},{"taxonomy":"seccions","embeddable":true,"href":"https:\/\/www.48hopenhousebarcelona.org\/es\/wp-json\/wp\/v2\/seccions?post=25685"},{"taxonomy":"transports","embeddable":true,"href":"https:\/\/www.48hopenhousebarcelona.org\/es\/wp-json\/wp\/v2\/transports?post=25685"},{"taxonomy":"estils","embeddable":true,"href":"https:\/\/www.48hopenhousebarcelona.org\/es\/wp-json\/wp\/v2\/estils?post=25685"},{"taxonomy":"usos_actuals","embeddable":true,"href":"https:\/\/www.48hopenhousebarcelona.org\/es\/wp-json\/wp\/v2\/usos_actuals?post=25685"},{"taxonomy":"graella","embeddable":true,"href":"https:\/\/www.48hopenhousebarcelona.org\/es\/wp-json\/wp\/v2\/graella?post=25685"}],"curies":[{"name":"wp","href":"https:\/\/api.w.org\/{rel}","templated":true}]}}

MÓDULO: PROYECTO DE REGENERACIÓN URBANA DEL ESPACIO DE MATACAVALLS

<p><span style="font-weight: 400;">El proyecto se propone incidir en la transformación de un solar en desuso del distrito de La Florida &#8211; Les Planes para hacerlo más seguro, apto para jugar e inclusivo. En 2018, un proceso participativo impulsado por el Ayuntamiento de L’Hospitalet definió la recuperación del espacio; en 2019, la Fundación Contorno Urbano, entidad del barrio, lideró el proyecto de regeneración del espacio y creó una red comunitaria en torno al proyecto que participa utilizando una metodología horizontal. A principios de 2020, se decidió priorizar la construcción del equipamiento sociocultural en el parque, para revertir situaciones de desigualdad, dinamizar el espacio y fortalecer el tejido comunitario, que dará respuesta a la falta de equipamientos del barrio. Durante los años siguientes, se ha ampliado el equipamiento con un nuevo módulo, construido con madera, y se ha instalado un baño seco ecológico, además de un nuevo invernadero y huertos sociales. Este equipamiento está autogestionado por la red de agentes y funciona como un aula comunitaria abierta al aire libre, para realizar actividades educativas, de ocio, deportivas y culturales.</span></p>
