{"id":25712,"date":"2020-10-06T02:49:49","date_gmt":"2020-10-06T02:49:49","guid":{"rendered":"https:\/\/www.48hopenhousebarcelona.org\/els-edificis\/itinerario-libre-collblanc-la-torrassa\/"},"modified":"2025-09-17T15:53:27","modified_gmt":"2025-09-17T15:53:27","slug":"itinerario-libre-collblanc-la-torrassa","status":"publish","type":"edificis","link":"https:\/\/www.48hopenhousebarcelona.org\/es\/els-edificis\/itinerario-libre-collblanc-la-torrassa\/","title":{"rendered":"ITINERARIO PASSADISSOS DE COLLBLANC &#8211; LA TORRASSA"},"content":{"rendered":"<p><span style=\"font-weight: 400;\">El objetivo de este itinerario a pie por el barrio de Collblanc &#8211; La Torrassa es descubrir y recuperar el origen y las caracter\u00edsticas de una tipolog\u00eda de vivienda que surgi\u00f3 a principios del siglo XX para poder atender las necesidades de vivienda derivadas de la ola migratoria de aquella \u00e9poca: las casas en pasillo. Durante la \u00faltima d\u00e9cada del siglo XIX, la zona experiment\u00f3 un proceso de transformaci\u00f3n urbana que supuso su progresiva urbanizaci\u00f3n. Los propietarios residentes en Barcelona y L\u2019Hospitalet centro vieron la oportunidad de adquirir estos terrenos sin urbanizar y emprender un negocio lucrativo. Los animaba un aparente esp\u00edritu proteccionista en la construcci\u00f3n de vivienda para personas con pocos recursos; sin embargo, en realidad, se trataba de edificaciones de bajo coste y r\u00e1pida amortizaci\u00f3n. Estas viviendas, caracterizadas por la superficie reducida y un dise\u00f1o que propiciaba la insalubridad, fueron objeto de numerosas denuncias, por parte de los propios residentes, por sus inadecuadas condiciones de vida. Una de las fachadas estaba orientada a un pasillo, que pod\u00eda ser central o lateral.<\/span><\/p>\n","protected":false},"featured_media":51593,"template":"","tags":[],"edicions":[1067,1086],"obert_per":[551],"zones":[936],"seccions":[985],"transports":[],"estils":[],"usos_actuals":[],"graella":[],"class_list":["post-25712","edificis","type-edificis","status-publish","has-post-thumbnail","hentry","edicions-2024-es","edicions-1086","obert_per-domingo-manana","zones-lhospitalet-de-llobregat-es","seccions-inscripcion-previa"],"acf":[],"_links":{"self":[{"href":"https:\/\/www.48hopenhousebarcelona.org\/es\/wp-json\/wp\/v2\/edificis\/25712","targetHints":{"allow":["GET"]}}],"collection":[{"href":"https:\/\/www.48hopenhousebarcelona.org\/es\/wp-json\/wp\/v2\/edificis"}],"about":[{"href":"https:\/\/www.48hopenhousebarcelona.org\/es\/wp-json\/wp\/v2\/types\/edificis"}],"wp:featuredmedia":[{"embeddable":true,"href":"https:\/\/www.48hopenhousebarcelona.org\/es\/wp-json\/wp\/v2\/media\/51593"}],"wp:attachment":[{"href":"https:\/\/www.48hopenhousebarcelona.org\/es\/wp-json\/wp\/v2\/media?parent=25712"}],"wp:term":[{"taxonomy":"post_tag","embeddable":true,"href":"https:\/\/www.48hopenhousebarcelona.org\/es\/wp-json\/wp\/v2\/tags?post=25712"},{"taxonomy":"edicions","embeddable":true,"href":"https:\/\/www.48hopenhousebarcelona.org\/es\/wp-json\/wp\/v2\/edicions?post=25712"},{"taxonomy":"obert_per","embeddable":true,"href":"https:\/\/www.48hopenhousebarcelona.org\/es\/wp-json\/wp\/v2\/obert_per?post=25712"},{"taxonomy":"zones","embeddable":true,"href":"https:\/\/www.48hopenhousebarcelona.org\/es\/wp-json\/wp\/v2\/zones?post=25712"},{"taxonomy":"seccions","embeddable":true,"href":"https:\/\/www.48hopenhousebarcelona.org\/es\/wp-json\/wp\/v2\/seccions?post=25712"},{"taxonomy":"transports","embeddable":true,"href":"https:\/\/www.48hopenhousebarcelona.org\/es\/wp-json\/wp\/v2\/transports?post=25712"},{"taxonomy":"estils","embeddable":true,"href":"https:\/\/www.48hopenhousebarcelona.org\/es\/wp-json\/wp\/v2\/estils?post=25712"},{"taxonomy":"usos_actuals","embeddable":true,"href":"https:\/\/www.48hopenhousebarcelona.org\/es\/wp-json\/wp\/v2\/usos_actuals?post=25712"},{"taxonomy":"graella","embeddable":true,"href":"https:\/\/www.48hopenhousebarcelona.org\/es\/wp-json\/wp\/v2\/graella?post=25712"}],"curies":[{"name":"wp","href":"https:\/\/api.w.org\/{rel}","templated":true}]}}

<p><span style="font-weight: 400;">El objetivo de este itinerario a pie por el barrio de Collblanc &#8211; La Torrassa es descubrir y recuperar el origen y las características de una tipología de vivienda que surgió a principios del siglo XX para poder atender las necesidades de vivienda derivadas de la ola migratoria de aquella época: las casas en pasillo. Durante la última década del siglo XIX, la zona experimentó un proceso de transformación urbana que supuso su progresiva urbanización. Los propietarios residentes en Barcelona y L’Hospitalet centro vieron la oportunidad de adquirir estos terrenos sin urbanizar y emprender un negocio lucrativo. Los animaba un aparente espíritu proteccionista en la construcción de vivienda para personas con pocos recursos; sin embargo, en realidad, se trataba de edificaciones de bajo coste y rápida amortización. Estas viviendas, caracterizadas por la superficie reducida y un diseño que propiciaba la insalubridad, fueron objeto de numerosas denuncias, por parte de los propios residentes, por sus inadecuadas condiciones de vida. Una de las fachadas estaba orientada a un pasillo, que podía ser central o lateral.</span></p>
