{"id":32254,"date":"2021-07-30T13:36:58","date_gmt":"2021-07-30T13:36:58","guid":{"rendered":"https:\/\/www.48hopenhousebarcelona.org\/?post_type=edificis&#038;p=32254"},"modified":"2025-10-01T17:19:38","modified_gmt":"2025-10-01T17:19:38","slug":"casa-francesc-cama","status":"publish","type":"edificis","link":"https:\/\/www.48hopenhousebarcelona.org\/es\/els-edificis\/casa-francesc-cama\/","title":{"rendered":"CASA FRANCESC CAMA"},"content":{"rendered":"<p><span style=\"font-weight: 400;\">Bloque de viviendas de estilo modernista, de planta baja y cuatro plantas piso de altura, situado en una parcela en una esquina. A pesar de su ubicaci\u00f3n, el proyecto renuncia a crear dos fachadas principales y se estructura como un bloque entre medianeras: una fachada principal sobre la calle Gran de Gr\u00e0cia y una fachada secundaria sobre la calle de Santa Eug\u00e8nia. La fachada principal es sim\u00e9trica respecto al eje vertical de la puerta de acceso: a cada lado hay dos balcones (convertidos en tribunas en el piso principal) y el coronamiento se realiza con dos frontones escalonados que se alargan hacia la fachada de la calle lateral (sencilla y plana). En el edificio destacan elementos ornamentales como los bajo-balcones con <\/span><i><span style=\"font-weight: 400;\">trencad\u00eds<\/span><\/i><span style=\"font-weight: 400;\"> de colores, barandillas cer\u00e1micas, elementos de hierro forjado, enmarcados escult\u00f3ricos de las aperturas, esgrafiados de fachada en blanco sobre verde y vitrales de las tribunas, entre otros.<\/span><\/p>\n","protected":false},"featured_media":35851,"template":"","tags":[],"edicions":[994,1086],"obert_per":[551,552],"zones":[495,1075],"seccions":[],"transports":[518],"estils":[553],"usos_actuals":[547],"graella":[],"class_list":["post-32254","edificis","type-edificis","status-publish","has-post-thumbnail","hentry","edicions-2022-es","edicions-1086","obert_per-domingo-manana","obert_per-domingo-tarde","zones-gracia-es","zones-barcelona-es","transports-l3-es","estils-modernismo","usos_actuals-residencial-es"],"acf":[],"_links":{"self":[{"href":"https:\/\/www.48hopenhousebarcelona.org\/es\/wp-json\/wp\/v2\/edificis\/32254","targetHints":{"allow":["GET"]}}],"collection":[{"href":"https:\/\/www.48hopenhousebarcelona.org\/es\/wp-json\/wp\/v2\/edificis"}],"about":[{"href":"https:\/\/www.48hopenhousebarcelona.org\/es\/wp-json\/wp\/v2\/types\/edificis"}],"wp:featuredmedia":[{"embeddable":true,"href":"https:\/\/www.48hopenhousebarcelona.org\/es\/wp-json\/wp\/v2\/media\/35851"}],"wp:attachment":[{"href":"https:\/\/www.48hopenhousebarcelona.org\/es\/wp-json\/wp\/v2\/media?parent=32254"}],"wp:term":[{"taxonomy":"post_tag","embeddable":true,"href":"https:\/\/www.48hopenhousebarcelona.org\/es\/wp-json\/wp\/v2\/tags?post=32254"},{"taxonomy":"edicions","embeddable":true,"href":"https:\/\/www.48hopenhousebarcelona.org\/es\/wp-json\/wp\/v2\/edicions?post=32254"},{"taxonomy":"obert_per","embeddable":true,"href":"https:\/\/www.48hopenhousebarcelona.org\/es\/wp-json\/wp\/v2\/obert_per?post=32254"},{"taxonomy":"zones","embeddable":true,"href":"https:\/\/www.48hopenhousebarcelona.org\/es\/wp-json\/wp\/v2\/zones?post=32254"},{"taxonomy":"seccions","embeddable":true,"href":"https:\/\/www.48hopenhousebarcelona.org\/es\/wp-json\/wp\/v2\/seccions?post=32254"},{"taxonomy":"transports","embeddable":true,"href":"https:\/\/www.48hopenhousebarcelona.org\/es\/wp-json\/wp\/v2\/transports?post=32254"},{"taxonomy":"estils","embeddable":true,"href":"https:\/\/www.48hopenhousebarcelona.org\/es\/wp-json\/wp\/v2\/estils?post=32254"},{"taxonomy":"usos_actuals","embeddable":true,"href":"https:\/\/www.48hopenhousebarcelona.org\/es\/wp-json\/wp\/v2\/usos_actuals?post=32254"},{"taxonomy":"graella","embeddable":true,"href":"https:\/\/www.48hopenhousebarcelona.org\/es\/wp-json\/wp\/v2\/graella?post=32254"}],"curies":[{"name":"wp","href":"https:\/\/api.w.org\/{rel}","templated":true}]}}

<p><span style="font-weight: 400;">Bloque de viviendas de estilo modernista, de planta baja y cuatro plantas piso de altura, situado en una parcela en una esquina. A pesar de su ubicación, el proyecto renuncia a crear dos fachadas principales y se estructura como un bloque entre medianeras: una fachada principal sobre la calle Gran de Gràcia y una fachada secundaria sobre la calle de Santa Eugènia. La fachada principal es simétrica respecto al eje vertical de la puerta de acceso: a cada lado hay dos balcones (convertidos en tribunas en el piso principal) y el coronamiento se realiza con dos frontones escalonados que se alargan hacia la fachada de la calle lateral (sencilla y plana). En el edificio destacan elementos ornamentales como los bajo-balcones con </span><i><span style="font-weight: 400;">trencadís</span></i><span style="font-weight: 400;"> de colores, barandillas cerámicas, elementos de hierro forjado, enmarcados escultóricos de las aperturas, esgrafiados de fachada en blanco sobre verde y vitrales de las tribunas, entre otros.</span></p>
