{"id":32267,"date":"2021-07-30T14:53:59","date_gmt":"2021-07-30T14:53:59","guid":{"rendered":"https:\/\/www.48hopenhousebarcelona.org\/?post_type=edificis&#038;p=32267"},"modified":"2025-09-17T09:58:49","modified_gmt":"2025-09-17T09:58:49","slug":"recinte-sant-pau-uab-casa-convalescencia","status":"publish","type":"edificis","link":"https:\/\/www.48hopenhousebarcelona.org\/es\/els-edificis\/recinte-sant-pau-uab-casa-convalescencia\/","title":{"rendered":"RECINTO SANT PAU &#8211; CASA DE CONVALESCENCIA DE SANT PAU"},"content":{"rendered":"<p><span style=\"font-weight: 400;\">La Casa de Convalecencia, con una superficie de 6.235 m<\/span><span style=\"font-weight: 400;\">2<\/span><span style=\"font-weight: 400;\">, es una de las \u00faltimas obras del modernismo catal\u00e1n y forma parte del recinto del Hospital de la Santa Creu i Sant Pau. Su construcci\u00f3n estuvo dirigida por Pere Dom\u00e8nech i Roura, que colabor\u00f3 con su padre, Llu\u00eds Dom\u00e8nech i Montaner, y le sustituy\u00f3 en la direcci\u00f3n de las obras a su muerte, en 1923.<\/span><\/p>\n<p><span style=\"font-weight: 400;\">El edificio, que se destin\u00f3 a albergar a personas convalecientes \u2013con capacidad m\u00e1xima para cien residentes\u2013, destacaba por los solariums acristalados y contaba con una capilla, que divid\u00eda el edificio en dos alas, una para hombres y otra para a mujeres. La Casa disfrutaba de vida aut\u00f3noma del Hospital, con econom\u00eda, cocina y farmacia propias.<\/span><\/p>\n<p><span style=\"font-weight: 400;\">La Universitat Aut\u00f2noma de Barcelona obtuvo la concesi\u00f3n para la utilizaci\u00f3n del edificio en el a\u00f1o 1969, con el objetivo de desarrollar en \u00e9l diferentes actividades acad\u00e9micas, lo que consolid\u00f3 la presencia de esta universidad en la ciudad.<\/span><\/p>\n<p><span style=\"font-weight: 400;\">A\u00f1os m\u00e1s tarde, en 1998, el edificio fue rehabilitado para adaptarlo a esos usos acad\u00e9micos con la voluntad, tambi\u00e9n, de devolverle su forma original: se rehabilitaron fachadas y cubiertas (con la gran c\u00fapula central) y el edificio se adecu\u00f3 como equipamiento de aulario, ubicando la biblioteca en la planta s\u00f3tano. Actualmente, la Casa de Convalecencia es la sede de la Fundaci\u00f3 Universitat Aut\u00f2noma de Barcelona.<\/span><\/p>\n","protected":false},"featured_media":32526,"template":"","tags":[],"edicions":[994,1039,1067,1086],"obert_per":[550],"zones":[930,1075],"seccions":[913],"transports":[519,520],"estils":[553],"usos_actuals":[564],"graella":[],"class_list":["post-32267","edificis","type-edificis","status-publish","has-post-thumbnail","hentry","edicions-2022-es","edicions-2023-es","edicions-2024-es","edicions-1086","obert_per-sabado-tarde","zones-guinardo-es","zones-barcelona-es","seccions-recinto-historico","transports-l4-es","transports-l5-es","estils-modernismo","usos_actuals-docente"],"acf":[],"_links":{"self":[{"href":"https:\/\/www.48hopenhousebarcelona.org\/es\/wp-json\/wp\/v2\/edificis\/32267","targetHints":{"allow":["GET"]}}],"collection":[{"href":"https:\/\/www.48hopenhousebarcelona.org\/es\/wp-json\/wp\/v2\/edificis"}],"about":[{"href":"https:\/\/www.48hopenhousebarcelona.org\/es\/wp-json\/wp\/v2\/types\/edificis"}],"wp:featuredmedia":[{"embeddable":true,"href":"https:\/\/www.48hopenhousebarcelona.org\/es\/wp-json\/wp\/v2\/media\/32526"}],"wp:attachment":[{"href":"https:\/\/www.48hopenhousebarcelona.org\/es\/wp-json\/wp\/v2\/media?parent=32267"}],"wp:term":[{"taxonomy":"post_tag","embeddable":true,"href":"https:\/\/www.48hopenhousebarcelona.org\/es\/wp-json\/wp\/v2\/tags?post=32267"},{"taxonomy":"edicions","embeddable":true,"href":"https:\/\/www.48hopenhousebarcelona.org\/es\/wp-json\/wp\/v2\/edicions?post=32267"},{"taxonomy":"obert_per","embeddable":true,"href":"https:\/\/www.48hopenhousebarcelona.org\/es\/wp-json\/wp\/v2\/obert_per?post=32267"},{"taxonomy":"zones","embeddable":true,"href":"https:\/\/www.48hopenhousebarcelona.org\/es\/wp-json\/wp\/v2\/zones?post=32267"},{"taxonomy":"seccions","embeddable":true,"href":"https:\/\/www.48hopenhousebarcelona.org\/es\/wp-json\/wp\/v2\/seccions?post=32267"},{"taxonomy":"transports","embeddable":true,"href":"https:\/\/www.48hopenhousebarcelona.org\/es\/wp-json\/wp\/v2\/transports?post=32267"},{"taxonomy":"estils","embeddable":true,"href":"https:\/\/www.48hopenhousebarcelona.org\/es\/wp-json\/wp\/v2\/estils?post=32267"},{"taxonomy":"usos_actuals","embeddable":true,"href":"https:\/\/www.48hopenhousebarcelona.org\/es\/wp-json\/wp\/v2\/usos_actuals?post=32267"},{"taxonomy":"graella","embeddable":true,"href":"https:\/\/www.48hopenhousebarcelona.org\/es\/wp-json\/wp\/v2\/graella?post=32267"}],"curies":[{"name":"wp","href":"https:\/\/api.w.org\/{rel}","templated":true}]}}

<p><span style="font-weight: 400;">La Casa de Convalecencia, con una superficie de 6.235 m</span><span style="font-weight: 400;">2</span><span style="font-weight: 400;">, es una de las últimas obras del modernismo catalán y forma parte del recinto del Hospital de la Santa Creu i Sant Pau. Su construcción estuvo dirigida por Pere Domènech i Roura, que colaboró con su padre, Lluís Domènech i Montaner, y le sustituyó en la dirección de las obras a su muerte, en 1923.</span></p>
<p><span style="font-weight: 400;">El edificio, que se destinó a albergar a personas convalecientes –con capacidad máxima para cien residentes–, destacaba por los solariums acristalados y contaba con una capilla, que dividía el edificio en dos alas, una para hombres y otra para a mujeres. La Casa disfrutaba de vida autónoma del Hospital, con economía, cocina y farmacia propias.</span></p>
<p><span style="font-weight: 400;">La Universitat Autònoma de Barcelona obtuvo la concesión para la utilización del edificio en el año 1969, con el objetivo de desarrollar en él diferentes actividades académicas, lo que consolidó la presencia de esta universidad en la ciudad.</span></p>
<p><span style="font-weight: 400;">Años más tarde, en 1998, el edificio fue rehabilitado para adaptarlo a esos usos académicos con la voluntad, también, de devolverle su forma original: se rehabilitaron fachadas y cubiertas (con la gran cúpula central) y el edificio se adecuó como equipamiento de aulario, ubicando la biblioteca en la planta sótano. Actualmente, la Casa de Convalecencia es la sede de la Fundació Universitat Autònoma de Barcelona.</span></p>
