{"id":37917,"date":"2022-08-19T08:33:48","date_gmt":"2022-08-19T08:33:48","guid":{"rendered":"https:\/\/www.48hopenhousebarcelona.org\/?post_type=edificis&#038;p=37917"},"modified":"2025-08-06T09:32:41","modified_gmt":"2025-08-06T09:32:41","slug":"bernadi-hub","status":"publish","type":"edificis","link":"https:\/\/www.48hopenhousebarcelona.org\/es\/els-edificis\/bernadi-hub\/","title":{"rendered":"BERNAD\u00cd HUB"},"content":{"rendered":"<p><span style=\"font-weight: 400;\">Espacio de trabajo y <\/span><i><span style=\"font-weight: 400;\">retail<\/span><\/i><span style=\"font-weight: 400;\"> ubicado en una planta de mil metros cuadrados en el centro de Barcelona, dise\u00f1ado para acompa\u00f1ar y asesorar a diferentes profesionales del sector de la arquitectura y el interiorismo. El proyecto se adapta a las nuevas formas de trabajo y crea diferentes espacios multifuncionales, espacios comunes, espacios de cocreaci\u00f3n, etc. El eje principal del proyecto es la experiencia del usuario y su bienestar, cuidando todos los detalles, desde la iluminaci\u00f3n hasta la biofilia (destaca un jard\u00edn vertical exterior), la ac\u00fastica (que crea espacios confortables) y la sostenibilidad (presente en forma de nuevas tecnolog\u00edas y materiales que velan por el cuidado del medio ambiente y el usuario). Adem\u00e1s, se incorpora la cultura mediterr\u00e1nea a trav\u00e9s de la terracota, las celos\u00edas de madera, los tonos c\u00e1lidos y el uso de plantas aut\u00f3ctonas.<\/span><\/p>\n","protected":false},"featured_media":38270,"template":"","tags":[],"edicions":[994,1039,1067,1086],"obert_per":[549,550],"zones":[937,1075],"seccions":[1048,1047,808],"transports":[520],"estils":[570],"usos_actuals":[559],"graella":[],"class_list":["post-37917","edificis","type-edificis","status-publish","has-post-thumbnail","hentry","edicions-2022-es","edicions-2023-es","edicions-2024-es","edicions-1086","obert_per-sabado-manana","obert_per-sabado-tarde","zones-dreta-de-leixample","zones-barcelona-es","seccions-espacios-de-trabajo","seccions-interiorismo","seccions-open-pro-es","transports-l5-es","estils-estilos-contemporaneos","usos_actuals-oficinas"],"acf":[],"_links":{"self":[{"href":"https:\/\/www.48hopenhousebarcelona.org\/es\/wp-json\/wp\/v2\/edificis\/37917","targetHints":{"allow":["GET"]}}],"collection":[{"href":"https:\/\/www.48hopenhousebarcelona.org\/es\/wp-json\/wp\/v2\/edificis"}],"about":[{"href":"https:\/\/www.48hopenhousebarcelona.org\/es\/wp-json\/wp\/v2\/types\/edificis"}],"wp:featuredmedia":[{"embeddable":true,"href":"https:\/\/www.48hopenhousebarcelona.org\/es\/wp-json\/wp\/v2\/media\/38270"}],"wp:attachment":[{"href":"https:\/\/www.48hopenhousebarcelona.org\/es\/wp-json\/wp\/v2\/media?parent=37917"}],"wp:term":[{"taxonomy":"post_tag","embeddable":true,"href":"https:\/\/www.48hopenhousebarcelona.org\/es\/wp-json\/wp\/v2\/tags?post=37917"},{"taxonomy":"edicions","embeddable":true,"href":"https:\/\/www.48hopenhousebarcelona.org\/es\/wp-json\/wp\/v2\/edicions?post=37917"},{"taxonomy":"obert_per","embeddable":true,"href":"https:\/\/www.48hopenhousebarcelona.org\/es\/wp-json\/wp\/v2\/obert_per?post=37917"},{"taxonomy":"zones","embeddable":true,"href":"https:\/\/www.48hopenhousebarcelona.org\/es\/wp-json\/wp\/v2\/zones?post=37917"},{"taxonomy":"seccions","embeddable":true,"href":"https:\/\/www.48hopenhousebarcelona.org\/es\/wp-json\/wp\/v2\/seccions?post=37917"},{"taxonomy":"transports","embeddable":true,"href":"https:\/\/www.48hopenhousebarcelona.org\/es\/wp-json\/wp\/v2\/transports?post=37917"},{"taxonomy":"estils","embeddable":true,"href":"https:\/\/www.48hopenhousebarcelona.org\/es\/wp-json\/wp\/v2\/estils?post=37917"},{"taxonomy":"usos_actuals","embeddable":true,"href":"https:\/\/www.48hopenhousebarcelona.org\/es\/wp-json\/wp\/v2\/usos_actuals?post=37917"},{"taxonomy":"graella","embeddable":true,"href":"https:\/\/www.48hopenhousebarcelona.org\/es\/wp-json\/wp\/v2\/graella?post=37917"}],"curies":[{"name":"wp","href":"https:\/\/api.w.org\/{rel}","templated":true}]}}

BERNADÍ HUB

<p><span style="font-weight: 400;">Espacio de trabajo y </span><i><span style="font-weight: 400;">retail</span></i><span style="font-weight: 400;"> ubicado en una planta de mil metros cuadrados en el centro de Barcelona, diseñado para acompañar y asesorar a diferentes profesionales del sector de la arquitectura y el interiorismo. El proyecto se adapta a las nuevas formas de trabajo y crea diferentes espacios multifuncionales, espacios comunes, espacios de cocreación, etc. El eje principal del proyecto es la experiencia del usuario y su bienestar, cuidando todos los detalles, desde la iluminación hasta la biofilia (destaca un jardín vertical exterior), la acústica (que crea espacios confortables) y la sostenibilidad (presente en forma de nuevas tecnologías y materiales que velan por el cuidado del medio ambiente y el usuario). Además, se incorpora la cultura mediterránea a través de la terracota, las celosías de madera, los tonos cálidos y el uso de plantas autóctonas.</span></p>
