{"id":43288,"date":"2023-09-02T14:31:51","date_gmt":"2023-09-02T14:31:51","guid":{"rendered":"https:\/\/www.48hopenhousebarcelona.org\/?post_type=edificis&#038;p=43288"},"modified":"2025-08-10T16:19:44","modified_gmt":"2025-08-10T16:19:44","slug":"institut-catala-de-la-salut","status":"publish","type":"edificis","link":"https:\/\/www.48hopenhousebarcelona.org\/es\/els-edificis\/institut-catala-de-la-salut\/","title":{"rendered":"INSTITUT CATAL\u00c0 DE LA SALUT"},"content":{"rendered":"<p><span style=\"font-weight: 400;\">En sus inicios, el edificio, ubicado en el chafl\u00e1n de la calle Balmes con Gran V\u00eda de les Corts Catalanes, estaba destinado a vivienda. Durante la Guerra Civil, result\u00f3 tan da\u00f1ado que se reconstruy\u00f3, a cargo del arquitecto Llu\u00eds Bonet i Gar\u00ed, para alojar a la delegaci\u00f3n de Barcelona del Instituto Nacional de Previsi\u00f3n. A partir de 1983, el edificio pas\u00f3 a ser la sede central del Institut Catal\u00e0 de la Salut, cuando se realiz\u00f3 el traspaso de las competencias de salud a la Generalitat de Catalunya.<\/span><\/p>\n<p><span style=\"font-weight: 400;\">El edificio hace fachada en las dos calles en las que est\u00e1 ubicado y en el chafl\u00e1n, donde tiene su entrada principal, que culmina en un gran atrio central. Las diferentes fachadas se encuentran divididas en tres elementos principales: bajos, un cuerpo de cinco plantas piso y el \u00e1tico. Su distribuci\u00f3n interior recuerda la estrategia de La Pedrera: situar las habitaciones cerca de la fachada, lo cual conlleva que la circulaci\u00f3n se produzca a trav\u00e9s de los patios interiores, de un tama\u00f1o m\u00e1s generoso que el t\u00edpico del resto de edificios de L\u2019Eixample. El edificio sigue un estilo que, a pesar de adaptarse a la moda historicista que se impuso durante la dictadura franquista, cumple con las reglas de la arquitectura cl\u00e1sica.<\/span><\/p>\n","protected":false},"featured_media":45566,"template":"","tags":[],"edicions":[1039,1067,1086],"obert_per":[549,550],"zones":[926,1075],"seccions":[],"transports":[512,517,518,521,522],"estils":[1042],"usos_actuals":[562],"graella":[],"class_list":["post-43288","edificis","type-edificis","status-publish","has-post-thumbnail","hentry","edicions-2023-es","edicions-2024-es","edicions-1086","obert_per-sabado-manana","obert_per-sabado-tarde","zones-esquerra-de-leixample-es","zones-barcelona-es","transports-l1-es","transports-l2-es","transports-l3-es","transports-l6-es","transports-l7-es","estils-clasicismo","usos_actuals-administrativo"],"acf":[],"_links":{"self":[{"href":"https:\/\/www.48hopenhousebarcelona.org\/es\/wp-json\/wp\/v2\/edificis\/43288","targetHints":{"allow":["GET"]}}],"collection":[{"href":"https:\/\/www.48hopenhousebarcelona.org\/es\/wp-json\/wp\/v2\/edificis"}],"about":[{"href":"https:\/\/www.48hopenhousebarcelona.org\/es\/wp-json\/wp\/v2\/types\/edificis"}],"wp:featuredmedia":[{"embeddable":true,"href":"https:\/\/www.48hopenhousebarcelona.org\/es\/wp-json\/wp\/v2\/media\/45566"}],"wp:attachment":[{"href":"https:\/\/www.48hopenhousebarcelona.org\/es\/wp-json\/wp\/v2\/media?parent=43288"}],"wp:term":[{"taxonomy":"post_tag","embeddable":true,"href":"https:\/\/www.48hopenhousebarcelona.org\/es\/wp-json\/wp\/v2\/tags?post=43288"},{"taxonomy":"edicions","embeddable":true,"href":"https:\/\/www.48hopenhousebarcelona.org\/es\/wp-json\/wp\/v2\/edicions?post=43288"},{"taxonomy":"obert_per","embeddable":true,"href":"https:\/\/www.48hopenhousebarcelona.org\/es\/wp-json\/wp\/v2\/obert_per?post=43288"},{"taxonomy":"zones","embeddable":true,"href":"https:\/\/www.48hopenhousebarcelona.org\/es\/wp-json\/wp\/v2\/zones?post=43288"},{"taxonomy":"seccions","embeddable":true,"href":"https:\/\/www.48hopenhousebarcelona.org\/es\/wp-json\/wp\/v2\/seccions?post=43288"},{"taxonomy":"transports","embeddable":true,"href":"https:\/\/www.48hopenhousebarcelona.org\/es\/wp-json\/wp\/v2\/transports?post=43288"},{"taxonomy":"estils","embeddable":true,"href":"https:\/\/www.48hopenhousebarcelona.org\/es\/wp-json\/wp\/v2\/estils?post=43288"},{"taxonomy":"usos_actuals","embeddable":true,"href":"https:\/\/www.48hopenhousebarcelona.org\/es\/wp-json\/wp\/v2\/usos_actuals?post=43288"},{"taxonomy":"graella","embeddable":true,"href":"https:\/\/www.48hopenhousebarcelona.org\/es\/wp-json\/wp\/v2\/graella?post=43288"}],"curies":[{"name":"wp","href":"https:\/\/api.w.org\/{rel}","templated":true}]}}

INSTITUT CATALÀ DE LA SALUT

<p><span style="font-weight: 400;">En sus inicios, el edificio, ubicado en el chaflán de la calle Balmes con Gran Vía de les Corts Catalanes, estaba destinado a vivienda. Durante la Guerra Civil, resultó tan dañado que se reconstruyó, a cargo del arquitecto Lluís Bonet i Garí, para alojar a la delegación de Barcelona del Instituto Nacional de Previsión. A partir de 1983, el edificio pasó a ser la sede central del Institut Català de la Salut, cuando se realizó el traspaso de las competencias de salud a la Generalitat de Catalunya.</span></p>
<p><span style="font-weight: 400;">El edificio hace fachada en las dos calles en las que está ubicado y en el chaflán, donde tiene su entrada principal, que culmina en un gran atrio central. Las diferentes fachadas se encuentran divididas en tres elementos principales: bajos, un cuerpo de cinco plantas piso y el ático. Su distribución interior recuerda la estrategia de La Pedrera: situar las habitaciones cerca de la fachada, lo cual conlleva que la circulación se produzca a través de los patios interiores, de un tamaño más generoso que el típico del resto de edificios de L’Eixample. El edificio sigue un estilo que, a pesar de adaptarse a la moda historicista que se impuso durante la dictadura franquista, cumple con las reglas de la arquitectura clásica.</span></p>
