{"id":43305,"date":"2023-09-03T10:39:44","date_gmt":"2023-09-03T10:39:44","guid":{"rendered":"https:\/\/www.48hopenhousebarcelona.org\/?post_type=edificis&#038;p=43305"},"modified":"2025-10-20T12:22:10","modified_gmt":"2025-10-20T12:22:10","slug":"vivienda-les-mont-rogenques","status":"publish","type":"edificis","link":"https:\/\/www.48hopenhousebarcelona.org\/es\/els-edificis\/vivienda-les-mont-rogenques\/","title":{"rendered":"VIVIENDA LES MONT-ROGENQUES"},"content":{"rendered":"<p><span data-sheets-value=\"{&quot;1&quot;:2,&quot;2&quot;:&quot;En medio de la cotidianidad de los vecinos de El Farr\u00f3, se encuentran Les Mont-rogenques, dos viviendas dentro de una casa unifamiliar con una larga historia constructiva. La casa es la rehabilitaci\u00f3n de una construcci\u00f3n con dos etapas claramente diferenciadas: la primera responde a una edificaci\u00f3n rural del primer tercio del siglo XIX, la segunda a una ampliaci\u00f3n modernista de principios del siglo XX. El proyecto recupera las dos casas de c\u00f3s originales, a la vez que da valor a los espacios y los elementos de la \u00e9poca modernista posterior: galer\u00edas, vidrieras de colores, suelos de mosaico hidr\u00e1ulico y b\u00f3vedas, entre otros.\\r\\n\\r\\nLas viviendas constan de diferentes salas sucesivas, sin un uso preestablecido, que dan valor a la equidad habitacional y apuestan por la flexibilidad. La transici\u00f3n entre esas salas se realiza a trav\u00e9s de grandes portales, que enriquecen la circulaci\u00f3n y se vuelve m\u00e1s compleja y din\u00e1mica.\\r\\nLas salas centrales, que son las \u00fanicas que se comunican verticalmente entre s\u00ed, son a la vez un gran patio interior que se convierte en el eje articulador de cada casa.\\r\\nLa galer\u00eda y el patio generan un coj\u00edn t\u00e9rmico y es donde confieren el resto de salas, recuperando y valorando la importancia de esos espacios vern\u00e1culos olvidados.\\r&quot;}\" data-sheets-userformat=\"{&quot;2&quot;:15295,&quot;3&quot;:{&quot;1&quot;:0},&quot;4&quot;:{&quot;1&quot;:2,&quot;2&quot;:16370588},&quot;5&quot;:{&quot;1&quot;:[{&quot;1&quot;:2,&quot;2&quot;:0,&quot;5&quot;:{&quot;1&quot;:2,&quot;2&quot;:0}},{&quot;1&quot;:0,&quot;2&quot;:0,&quot;3&quot;:3},{&quot;1&quot;:1,&quot;2&quot;:0,&quot;4&quot;:1}]},&quot;6&quot;:{&quot;1&quot;:[{&quot;1&quot;:2,&quot;2&quot;:0,&quot;5&quot;:{&quot;1&quot;:2,&quot;2&quot;:0}},{&quot;1&quot;:0,&quot;2&quot;:0,&quot;3&quot;:3},{&quot;1&quot;:1,&quot;2&quot;:0,&quot;4&quot;:1}]},&quot;7&quot;:{&quot;1&quot;:[{&quot;1&quot;:2,&quot;2&quot;:0,&quot;5&quot;:{&quot;1&quot;:2,&quot;2&quot;:0}},{&quot;1&quot;:0,&quot;2&quot;:0,&quot;3&quot;:3},{&quot;1&quot;:1,&quot;2&quot;:0,&quot;4&quot;:1}]},&quot;8&quot;:{&quot;1&quot;:[{&quot;1&quot;:2,&quot;2&quot;:0,&quot;5&quot;:{&quot;1&quot;:2,&quot;2&quot;:0}},{&quot;1&quot;:0,&quot;2&quot;:0,&quot;3&quot;:3},{&quot;1&quot;:1,&quot;2&quot;:0,&quot;4&quot;:1}]},&quot;10&quot;:1,&quot;11&quot;:4,&quot;12&quot;:0,&quot;14&quot;:{&quot;1&quot;:2,&quot;2&quot;:0},&quot;15&quot;:&quot;Calibri&quot;,&quot;16&quot;:8}\">En medio de la cotidianidad de los vecinos de El Farr\u00f3, se encuentran Les Mont-rogenques, dos viviendas dentro de una casa unifamiliar con una larga historia constructiva. La casa es la rehabilitaci\u00f3n de una construcci\u00f3n con dos etapas claramente diferenciadas: la primera responde a una edificaci\u00f3n rural del primer tercio del siglo XIX, la segunda a una ampliaci\u00f3n modernista de principios del siglo XX. El proyecto recupera las dos casas de c\u00f3s originales, a la vez que da valor a los espacios y los elementos de la \u00e9poca modernista posterior: galer\u00edas, vidrieras de colores, suelos de mosaico hidr\u00e1ulico y b\u00f3vedas, entre otros.<\/span><\/p>\n<p>Las viviendas constan de diferentes salas sucesivas, sin un uso preestablecido, que dan valor a la equidad habitacional y apuestan por la flexibilidad. La transici\u00f3n entre esas salas se realiza a trav\u00e9s de grandes portales, que enriquecen la circulaci\u00f3n y se vuelve m\u00e1s compleja y din\u00e1mica.<br \/>\nLas salas centrales, que son las \u00fanicas que se comunican verticalmente entre s\u00ed, son a la vez un gran patio interior que se convierte en el eje articulador de cada casa.<br \/>\nLa galer\u00eda y el patio generan un coj\u00edn t\u00e9rmico y es donde confieren el resto de salas, recuperando y valorando la importancia de esos espacios vern\u00e1culos olvidados.<\/p>\n","protected":false},"featured_media":45606,"template":"","tags":[],"edicions":[1039,1067,1086],"obert_per":[551],"zones":[495,1075],"seccions":[808,902],"transports":[518],"estils":[570],"usos_actuals":[547],"graella":[],"class_list":["post-43305","edificis","type-edificis","status-publish","has-post-thumbnail","hentry","edicions-2023-es","edicions-2024-es","edicions-1086","obert_per-domingo-manana","zones-gracia-es","zones-barcelona-es","seccions-open-pro-es","seccions-vivienda","transports-l3-es","estils-estilos-contemporaneos","usos_actuals-residencial-es"],"acf":[],"_links":{"self":[{"href":"https:\/\/www.48hopenhousebarcelona.org\/es\/wp-json\/wp\/v2\/edificis\/43305","targetHints":{"allow":["GET"]}}],"collection":[{"href":"https:\/\/www.48hopenhousebarcelona.org\/es\/wp-json\/wp\/v2\/edificis"}],"about":[{"href":"https:\/\/www.48hopenhousebarcelona.org\/es\/wp-json\/wp\/v2\/types\/edificis"}],"wp:featuredmedia":[{"embeddable":true,"href":"https:\/\/www.48hopenhousebarcelona.org\/es\/wp-json\/wp\/v2\/media\/45606"}],"wp:attachment":[{"href":"https:\/\/www.48hopenhousebarcelona.org\/es\/wp-json\/wp\/v2\/media?parent=43305"}],"wp:term":[{"taxonomy":"post_tag","embeddable":true,"href":"https:\/\/www.48hopenhousebarcelona.org\/es\/wp-json\/wp\/v2\/tags?post=43305"},{"taxonomy":"edicions","embeddable":true,"href":"https:\/\/www.48hopenhousebarcelona.org\/es\/wp-json\/wp\/v2\/edicions?post=43305"},{"taxonomy":"obert_per","embeddable":true,"href":"https:\/\/www.48hopenhousebarcelona.org\/es\/wp-json\/wp\/v2\/obert_per?post=43305"},{"taxonomy":"zones","embeddable":true,"href":"https:\/\/www.48hopenhousebarcelona.org\/es\/wp-json\/wp\/v2\/zones?post=43305"},{"taxonomy":"seccions","embeddable":true,"href":"https:\/\/www.48hopenhousebarcelona.org\/es\/wp-json\/wp\/v2\/seccions?post=43305"},{"taxonomy":"transports","embeddable":true,"href":"https:\/\/www.48hopenhousebarcelona.org\/es\/wp-json\/wp\/v2\/transports?post=43305"},{"taxonomy":"estils","embeddable":true,"href":"https:\/\/www.48hopenhousebarcelona.org\/es\/wp-json\/wp\/v2\/estils?post=43305"},{"taxonomy":"usos_actuals","embeddable":true,"href":"https:\/\/www.48hopenhousebarcelona.org\/es\/wp-json\/wp\/v2\/usos_actuals?post=43305"},{"taxonomy":"graella","embeddable":true,"href":"https:\/\/www.48hopenhousebarcelona.org\/es\/wp-json\/wp\/v2\/graella?post=43305"}],"curies":[{"name":"wp","href":"https:\/\/api.w.org\/{rel}","templated":true}]}}

<p><span data-sheets-value="{&quot;1&quot;:2,&quot;2&quot;:&quot;En medio de la cotidianidad de los vecinos de El Farró, se encuentran Les Mont-rogenques, dos viviendas dentro de una casa unifamiliar con una larga historia constructiva. La casa es la rehabilitación de una construcción con dos etapas claramente diferenciadas: la primera responde a una edificación rural del primer tercio del siglo XIX, la segunda a una ampliación modernista de principios del siglo XX. El proyecto recupera las dos casas de cós originales, a la vez que da valor a los espacios y los elementos de la época modernista posterior: galerías, vidrieras de colores, suelos de mosaico hidráulico y bóvedas, entre otros.\r\n\r\nLas viviendas constan de diferentes salas sucesivas, sin un uso preestablecido, que dan valor a la equidad habitacional y apuestan por la flexibilidad. La transición entre esas salas se realiza a través de grandes portales, que enriquecen la circulación y se vuelve más compleja y dinámica.\r\nLas salas centrales, que son las únicas que se comunican verticalmente entre sí, son a la vez un gran patio interior que se convierte en el eje articulador de cada casa.\r\nLa galería y el patio generan un cojín térmico y es donde confieren el resto de salas, recuperando y valorando la importancia de esos espacios vernáculos olvidados.\r&quot;}" data-sheets-userformat="{&quot;2&quot;:15295,&quot;3&quot;:{&quot;1&quot;:0},&quot;4&quot;:{&quot;1&quot;:2,&quot;2&quot;:16370588},&quot;5&quot;:{&quot;1&quot;:[{&quot;1&quot;:2,&quot;2&quot;:0,&quot;5&quot;:{&quot;1&quot;:2,&quot;2&quot;:0}},{&quot;1&quot;:0,&quot;2&quot;:0,&quot;3&quot;:3},{&quot;1&quot;:1,&quot;2&quot;:0,&quot;4&quot;:1}]},&quot;6&quot;:{&quot;1&quot;:[{&quot;1&quot;:2,&quot;2&quot;:0,&quot;5&quot;:{&quot;1&quot;:2,&quot;2&quot;:0}},{&quot;1&quot;:0,&quot;2&quot;:0,&quot;3&quot;:3},{&quot;1&quot;:1,&quot;2&quot;:0,&quot;4&quot;:1}]},&quot;7&quot;:{&quot;1&quot;:[{&quot;1&quot;:2,&quot;2&quot;:0,&quot;5&quot;:{&quot;1&quot;:2,&quot;2&quot;:0}},{&quot;1&quot;:0,&quot;2&quot;:0,&quot;3&quot;:3},{&quot;1&quot;:1,&quot;2&quot;:0,&quot;4&quot;:1}]},&quot;8&quot;:{&quot;1&quot;:[{&quot;1&quot;:2,&quot;2&quot;:0,&quot;5&quot;:{&quot;1&quot;:2,&quot;2&quot;:0}},{&quot;1&quot;:0,&quot;2&quot;:0,&quot;3&quot;:3},{&quot;1&quot;:1,&quot;2&quot;:0,&quot;4&quot;:1}]},&quot;10&quot;:1,&quot;11&quot;:4,&quot;12&quot;:0,&quot;14&quot;:{&quot;1&quot;:2,&quot;2&quot;:0},&quot;15&quot;:&quot;Calibri&quot;,&quot;16&quot;:8}">En medio de la cotidianidad de los vecinos de El Farró, se encuentran Les Mont-rogenques, dos viviendas dentro de una casa unifamiliar con una larga historia constructiva. La casa es la rehabilitación de una construcción con dos etapas claramente diferenciadas: la primera responde a una edificación rural del primer tercio del siglo XIX, la segunda a una ampliación modernista de principios del siglo XX. El proyecto recupera las dos casas de cós originales, a la vez que da valor a los espacios y los elementos de la época modernista posterior: galerías, vidrieras de colores, suelos de mosaico hidráulico y bóvedas, entre otros.</span></p>
<p>Las viviendas constan de diferentes salas sucesivas, sin un uso preestablecido, que dan valor a la equidad habitacional y apuestan por la flexibilidad. La transición entre esas salas se realiza a través de grandes portales, que enriquecen la circulación y se vuelve más compleja y dinámica.<br />
Las salas centrales, que son las únicas que se comunican verticalmente entre sí, son a la vez un gran patio interior que se convierte en el eje articulador de cada casa.<br />
La galería y el patio generan un cojín térmico y es donde confieren el resto de salas, recuperando y valorando la importancia de esos espacios vernáculos olvidados.</p>
