{"id":43379,"date":"2023-09-05T16:02:55","date_gmt":"2023-09-05T16:02:55","guid":{"rendered":"https:\/\/www.48hopenhousebarcelona.org\/?post_type=edificis&#038;p=43379"},"modified":"2025-09-17T16:03:17","modified_gmt":"2025-09-17T16:03:17","slug":"refugi-antiaeri-torre-balldovina","status":"publish","type":"edificis","link":"https:\/\/www.48hopenhousebarcelona.org\/es\/els-edificis\/refugi-antiaeri-torre-balldovina\/","title":{"rendered":"REFUGIO ANTIA\u00c9REO TORRE BALLDOVINA"},"content":{"rendered":"<p><span data-sheets-value=\"{&quot;1&quot;:2,&quot;2&quot;:&quot;Refugio de la \u00e9poca de la Guerra Civil espa\u00f1ola, en concreto, de la guerra de Gramenet del Bes\u00f2s, ubicado a los pies de la torre rom\u00e1nica del siglo XI de la finca de la Torre Balldovina. Esta finca ha pasado por varias manos: fue incautada y convertida en la sede del Comit\u00e9 de Milicias Antifascistas, durante la Guerra Civil, y m\u00e1s adelante se instal\u00f3 en ella la Comisi\u00f3n Municipal de Abastecimientos, y luego el Servicio Fotogr\u00e1fico de la Subsecretar\u00eda de Aviaci\u00f3n del Ministerio de Defensa Nacional del ej\u00e9rcito republicano. Actualmente se ha convertido en museo, para ser testigo de la historia m\u00e1s reciente de la poblaci\u00f3n de Santa Coloma de Gramenet.&quot;}\" data-sheets-userformat=\"{&quot;2&quot;:15295,&quot;3&quot;:{&quot;1&quot;:0},&quot;4&quot;:{&quot;1&quot;:2,&quot;2&quot;:16370588},&quot;5&quot;:{&quot;1&quot;:[{&quot;1&quot;:2,&quot;2&quot;:0,&quot;5&quot;:{&quot;1&quot;:2,&quot;2&quot;:0}},{&quot;1&quot;:0,&quot;2&quot;:0,&quot;3&quot;:3},{&quot;1&quot;:1,&quot;2&quot;:0,&quot;4&quot;:1}]},&quot;6&quot;:{&quot;1&quot;:[{&quot;1&quot;:2,&quot;2&quot;:0,&quot;5&quot;:{&quot;1&quot;:2,&quot;2&quot;:0}},{&quot;1&quot;:0,&quot;2&quot;:0,&quot;3&quot;:3},{&quot;1&quot;:1,&quot;2&quot;:0,&quot;4&quot;:1}]},&quot;7&quot;:{&quot;1&quot;:[{&quot;1&quot;:2,&quot;2&quot;:0,&quot;5&quot;:{&quot;1&quot;:2,&quot;2&quot;:0}},{&quot;1&quot;:0,&quot;2&quot;:0,&quot;3&quot;:3},{&quot;1&quot;:1,&quot;2&quot;:0,&quot;4&quot;:1}]},&quot;8&quot;:{&quot;1&quot;:[{&quot;1&quot;:2,&quot;2&quot;:0,&quot;5&quot;:{&quot;1&quot;:2,&quot;2&quot;:0}},{&quot;1&quot;:0,&quot;2&quot;:0,&quot;3&quot;:3},{&quot;1&quot;:1,&quot;2&quot;:0,&quot;4&quot;:1}]},&quot;10&quot;:1,&quot;11&quot;:4,&quot;12&quot;:0,&quot;14&quot;:{&quot;1&quot;:2,&quot;2&quot;:0},&quot;15&quot;:&quot;Calibri&quot;,&quot;16&quot;:8}\">Refugio de la \u00e9poca de la Guerra Civil espa\u00f1ola, en concreto, de la guerra de Gramenet del Bes\u00f2s, ubicado a los pies de la torre rom\u00e1nica del siglo XI de la finca de la Torre Balldovina. Esta finca ha pasado por varias manos: fue incautada y convertida en la sede del Comit\u00e9 de Milicias Antifascistas, durante la Guerra Civil, y m\u00e1s adelante se instal\u00f3 en ella la Comisi\u00f3n Municipal de Abastecimientos, y luego el Servicio Fotogr\u00e1fico de la Subsecretar\u00eda de Aviaci\u00f3n del Ministerio de Defensa Nacional del ej\u00e9rcito republicano. Actualmente se ha convertido en museo, para ser testigo de la historia m\u00e1s reciente de la poblaci\u00f3n de Santa Coloma de Gramenet.<\/span><\/p>\n","protected":false},"featured_media":46209,"template":"","tags":[],"edicions":[1039,1086],"obert_per":[551,549],"zones":[503],"seccions":[985,808],"transports":[512,525],"estils":[538],"usos_actuals":[567],"graella":[],"class_list":["post-43379","edificis","type-edificis","status-publish","has-post-thumbnail","hentry","edicions-2023-es","edicions-1086","obert_per-domingo-manana","obert_per-sabado-manana","zones-santa-coloma-de-gramenet-es","seccions-inscripcion-previa","seccions-open-pro-es","transports-l1-es","transports-l9n-es","estils-obra-popular-es","usos_actuals-museo"],"acf":[],"_links":{"self":[{"href":"https:\/\/www.48hopenhousebarcelona.org\/es\/wp-json\/wp\/v2\/edificis\/43379","targetHints":{"allow":["GET"]}}],"collection":[{"href":"https:\/\/www.48hopenhousebarcelona.org\/es\/wp-json\/wp\/v2\/edificis"}],"about":[{"href":"https:\/\/www.48hopenhousebarcelona.org\/es\/wp-json\/wp\/v2\/types\/edificis"}],"wp:featuredmedia":[{"embeddable":true,"href":"https:\/\/www.48hopenhousebarcelona.org\/es\/wp-json\/wp\/v2\/media\/46209"}],"wp:attachment":[{"href":"https:\/\/www.48hopenhousebarcelona.org\/es\/wp-json\/wp\/v2\/media?parent=43379"}],"wp:term":[{"taxonomy":"post_tag","embeddable":true,"href":"https:\/\/www.48hopenhousebarcelona.org\/es\/wp-json\/wp\/v2\/tags?post=43379"},{"taxonomy":"edicions","embeddable":true,"href":"https:\/\/www.48hopenhousebarcelona.org\/es\/wp-json\/wp\/v2\/edicions?post=43379"},{"taxonomy":"obert_per","embeddable":true,"href":"https:\/\/www.48hopenhousebarcelona.org\/es\/wp-json\/wp\/v2\/obert_per?post=43379"},{"taxonomy":"zones","embeddable":true,"href":"https:\/\/www.48hopenhousebarcelona.org\/es\/wp-json\/wp\/v2\/zones?post=43379"},{"taxonomy":"seccions","embeddable":true,"href":"https:\/\/www.48hopenhousebarcelona.org\/es\/wp-json\/wp\/v2\/seccions?post=43379"},{"taxonomy":"transports","embeddable":true,"href":"https:\/\/www.48hopenhousebarcelona.org\/es\/wp-json\/wp\/v2\/transports?post=43379"},{"taxonomy":"estils","embeddable":true,"href":"https:\/\/www.48hopenhousebarcelona.org\/es\/wp-json\/wp\/v2\/estils?post=43379"},{"taxonomy":"usos_actuals","embeddable":true,"href":"https:\/\/www.48hopenhousebarcelona.org\/es\/wp-json\/wp\/v2\/usos_actuals?post=43379"},{"taxonomy":"graella","embeddable":true,"href":"https:\/\/www.48hopenhousebarcelona.org\/es\/wp-json\/wp\/v2\/graella?post=43379"}],"curies":[{"name":"wp","href":"https:\/\/api.w.org\/{rel}","templated":true}]}}

REFUGIO ANTIAÉREO TORRE BALLDOVINA

<p><span data-sheets-value="{&quot;1&quot;:2,&quot;2&quot;:&quot;Refugio de la época de la Guerra Civil española, en concreto, de la guerra de Gramenet del Besòs, ubicado a los pies de la torre románica del siglo XI de la finca de la Torre Balldovina. Esta finca ha pasado por varias manos: fue incautada y convertida en la sede del Comité de Milicias Antifascistas, durante la Guerra Civil, y más adelante se instaló en ella la Comisión Municipal de Abastecimientos, y luego el Servicio Fotográfico de la Subsecretaría de Aviación del Ministerio de Defensa Nacional del ejército republicano. Actualmente se ha convertido en museo, para ser testigo de la historia más reciente de la población de Santa Coloma de Gramenet.&quot;}" data-sheets-userformat="{&quot;2&quot;:15295,&quot;3&quot;:{&quot;1&quot;:0},&quot;4&quot;:{&quot;1&quot;:2,&quot;2&quot;:16370588},&quot;5&quot;:{&quot;1&quot;:[{&quot;1&quot;:2,&quot;2&quot;:0,&quot;5&quot;:{&quot;1&quot;:2,&quot;2&quot;:0}},{&quot;1&quot;:0,&quot;2&quot;:0,&quot;3&quot;:3},{&quot;1&quot;:1,&quot;2&quot;:0,&quot;4&quot;:1}]},&quot;6&quot;:{&quot;1&quot;:[{&quot;1&quot;:2,&quot;2&quot;:0,&quot;5&quot;:{&quot;1&quot;:2,&quot;2&quot;:0}},{&quot;1&quot;:0,&quot;2&quot;:0,&quot;3&quot;:3},{&quot;1&quot;:1,&quot;2&quot;:0,&quot;4&quot;:1}]},&quot;7&quot;:{&quot;1&quot;:[{&quot;1&quot;:2,&quot;2&quot;:0,&quot;5&quot;:{&quot;1&quot;:2,&quot;2&quot;:0}},{&quot;1&quot;:0,&quot;2&quot;:0,&quot;3&quot;:3},{&quot;1&quot;:1,&quot;2&quot;:0,&quot;4&quot;:1}]},&quot;8&quot;:{&quot;1&quot;:[{&quot;1&quot;:2,&quot;2&quot;:0,&quot;5&quot;:{&quot;1&quot;:2,&quot;2&quot;:0}},{&quot;1&quot;:0,&quot;2&quot;:0,&quot;3&quot;:3},{&quot;1&quot;:1,&quot;2&quot;:0,&quot;4&quot;:1}]},&quot;10&quot;:1,&quot;11&quot;:4,&quot;12&quot;:0,&quot;14&quot;:{&quot;1&quot;:2,&quot;2&quot;:0},&quot;15&quot;:&quot;Calibri&quot;,&quot;16&quot;:8}">Refugio de la época de la Guerra Civil española, en concreto, de la guerra de Gramenet del Besòs, ubicado a los pies de la torre románica del siglo XI de la finca de la Torre Balldovina. Esta finca ha pasado por varias manos: fue incautada y convertida en la sede del Comité de Milicias Antifascistas, durante la Guerra Civil, y más adelante se instaló en ella la Comisión Municipal de Abastecimientos, y luego el Servicio Fotográfico de la Subsecretaría de Aviación del Ministerio de Defensa Nacional del ejército republicano. Actualmente se ha convertido en museo, para ser testigo de la historia más reciente de la población de Santa Coloma de Gramenet.</span></p>
