{"id":49326,"date":"2024-07-31T09:24:18","date_gmt":"2024-07-31T09:24:18","guid":{"rendered":"https:\/\/www.48hopenhousebarcelona.org\/?post_type=edificis&#038;p=49326"},"modified":"2025-10-24T18:18:25","modified_gmt":"2025-10-24T18:18:25","slug":"espai-la-seca-2-fundacio-joan-brossa","status":"publish","type":"edificis","link":"https:\/\/www.48hopenhousebarcelona.org\/es\/els-edificis\/espai-la-seca-2-fundacio-joan-brossa\/","title":{"rendered":"ESPACIO LA SECA 2 (FUNDACI\u00d3N JOAN BROSSA)"},"content":{"rendered":"<p><span style=\"font-weight: 400;\">La sede de la Fundaci\u00f3 Joan Brossa est\u00e1 ubicada en una parte de lo que fue la Seca Real o la Real F\u00e1brica de Moneda de la Corona de Arag\u00f3n, un edificio documentado, por primera vez, a mediados del siglo XV, y ubicado en el barrio de El Born de Barcelona.<br \/>\n<\/span><span style=\"font-weight: 400;\">Esta f\u00e1brica ocupaba la actual manzana entre la calle Flassaders, la calle Seca y la calle de las Moscas. Cuando la Seca ces\u00f3 su actividad, el edificio fue dividido en distintos inmuebles y as\u00ed ha llegado hasta la actualidad.<br \/>\n<\/span><span style=\"font-weight: 400;\">Desde 2018, este espacio ha sido cedido por el Ayuntamiento de Barcelona para que la fundaci\u00f3n despliegue un proyecto expositivo y de actividades que se convierta en un lugar de referencia del universo del autor, de las escrituras radicales, de la <\/span><i><span style=\"font-weight: 400;\">performance<\/span><\/i><span style=\"font-weight: 400;\"> y de las artes parateatrales. La remodelaci\u00f3n del espacio fue realizada por la arquitecta Meritxell Inaraja i Gen\u00eds, la misma persona que remodel\u00f3 el Escenari Joan Brossa, inaugurado en 2011. De hecho, la Fundaci\u00f3 y el Escenari cuentan con tres conexiones internas, formando un espacio \u00fanico de 1.723 m<\/span><span style=\"font-weight: 400;\">2<\/span><span style=\"font-weight: 400;\">. Se trata de un conjunto vers\u00e1til, con mucha luz natural, que respeta las estructuras y la volumetr\u00eda como memoria de un pasado hist\u00f3rico significativo.<\/span><\/p>\n","protected":false},"featured_media":49441,"template":"","tags":[],"edicions":[1067,1086],"obert_per":[551,552],"zones":[1075,996],"seccions":[808],"transports":[519],"estils":[587],"usos_actuals":[541],"graella":[],"class_list":["post-49326","edificis","type-edificis","status-publish","has-post-thumbnail","hentry","edicions-2024-es","edicions-1086","obert_per-domingo-manana","obert_per-domingo-tarde","zones-barcelona-es","zones-centre","seccions-open-pro-es","transports-l4-es","estils-historico-contemporaneo","usos_actuals-cultural-es"],"acf":[],"_links":{"self":[{"href":"https:\/\/www.48hopenhousebarcelona.org\/es\/wp-json\/wp\/v2\/edificis\/49326","targetHints":{"allow":["GET"]}}],"collection":[{"href":"https:\/\/www.48hopenhousebarcelona.org\/es\/wp-json\/wp\/v2\/edificis"}],"about":[{"href":"https:\/\/www.48hopenhousebarcelona.org\/es\/wp-json\/wp\/v2\/types\/edificis"}],"wp:featuredmedia":[{"embeddable":true,"href":"https:\/\/www.48hopenhousebarcelona.org\/es\/wp-json\/wp\/v2\/media\/49441"}],"wp:attachment":[{"href":"https:\/\/www.48hopenhousebarcelona.org\/es\/wp-json\/wp\/v2\/media?parent=49326"}],"wp:term":[{"taxonomy":"post_tag","embeddable":true,"href":"https:\/\/www.48hopenhousebarcelona.org\/es\/wp-json\/wp\/v2\/tags?post=49326"},{"taxonomy":"edicions","embeddable":true,"href":"https:\/\/www.48hopenhousebarcelona.org\/es\/wp-json\/wp\/v2\/edicions?post=49326"},{"taxonomy":"obert_per","embeddable":true,"href":"https:\/\/www.48hopenhousebarcelona.org\/es\/wp-json\/wp\/v2\/obert_per?post=49326"},{"taxonomy":"zones","embeddable":true,"href":"https:\/\/www.48hopenhousebarcelona.org\/es\/wp-json\/wp\/v2\/zones?post=49326"},{"taxonomy":"seccions","embeddable":true,"href":"https:\/\/www.48hopenhousebarcelona.org\/es\/wp-json\/wp\/v2\/seccions?post=49326"},{"taxonomy":"transports","embeddable":true,"href":"https:\/\/www.48hopenhousebarcelona.org\/es\/wp-json\/wp\/v2\/transports?post=49326"},{"taxonomy":"estils","embeddable":true,"href":"https:\/\/www.48hopenhousebarcelona.org\/es\/wp-json\/wp\/v2\/estils?post=49326"},{"taxonomy":"usos_actuals","embeddable":true,"href":"https:\/\/www.48hopenhousebarcelona.org\/es\/wp-json\/wp\/v2\/usos_actuals?post=49326"},{"taxonomy":"graella","embeddable":true,"href":"https:\/\/www.48hopenhousebarcelona.org\/es\/wp-json\/wp\/v2\/graella?post=49326"}],"curies":[{"name":"wp","href":"https:\/\/api.w.org\/{rel}","templated":true}]}}

ESPACIO LA SECA 2 (FUNDACIÓN JOAN BROSSA)

<p><span style="font-weight: 400;">La sede de la Fundació Joan Brossa está ubicada en una parte de lo que fue la Seca Real o la Real Fábrica de Moneda de la Corona de Aragón, un edificio documentado, por primera vez, a mediados del siglo XV, y ubicado en el barrio de El Born de Barcelona.<br />
</span><span style="font-weight: 400;">Esta fábrica ocupaba la actual manzana entre la calle Flassaders, la calle Seca y la calle de las Moscas. Cuando la Seca cesó su actividad, el edificio fue dividido en distintos inmuebles y así ha llegado hasta la actualidad.<br />
</span><span style="font-weight: 400;">Desde 2018, este espacio ha sido cedido por el Ayuntamiento de Barcelona para que la fundación despliegue un proyecto expositivo y de actividades que se convierta en un lugar de referencia del universo del autor, de las escrituras radicales, de la </span><i><span style="font-weight: 400;">performance</span></i><span style="font-weight: 400;"> y de las artes parateatrales. La remodelación del espacio fue realizada por la arquitecta Meritxell Inaraja i Genís, la misma persona que remodeló el Escenari Joan Brossa, inaugurado en 2011. De hecho, la Fundació y el Escenari cuentan con tres conexiones internas, formando un espacio único de 1.723 m</span><span style="font-weight: 400;">2</span><span style="font-weight: 400;">. Se trata de un conjunto versátil, con mucha luz natural, que respeta las estructuras y la volumetría como memoria de un pasado histórico significativo.</span></p>
