{"id":49351,"date":"2024-07-31T13:19:47","date_gmt":"2024-07-31T13:19:47","guid":{"rendered":"https:\/\/www.48hopenhousebarcelona.org\/?post_type=edificis&#038;p=49351"},"modified":"2025-10-02T12:00:28","modified_gmt":"2025-10-02T12:00:28","slug":"casa-rius-fundacio-acicac","status":"publish","type":"edificis","link":"https:\/\/www.48hopenhousebarcelona.org\/es\/els-edificis\/casa-rius-fundacio-acicac\/","title":{"rendered":"CASA RIUS (FUNDACI\u00d3N ACICAC)"},"content":{"rendered":"<p><span style=\"font-weight: 400;\">Edificio de estilo modernista por encargo del artista Josep Rius i Mestres (Barcelona, 1866-1958). Rius, a los veinte a\u00f1os, fund\u00f3 la industria Casa Rius, dedicada a la industria de im\u00e1genes religiosas y pesebrista. Pese a no tener formaci\u00f3n econ\u00f3mica y a ser totalmente autodidacta, su natural habilidad art\u00edstica lo llev\u00f3 a convertirse en uno de los escultores catalanes m\u00e1s cotizados de la \u00e9poca, y podemos encontrar obras suyas en edificios civiles y religiosos.<br \/>\n<\/span><span style=\"font-weight: 400;\">Casa Rius es un complejo formado por el taller y un bloque de viviendas, construido para alojar empresa y familia. El taller familiar se mantuvo con varios nombres hasta entrados en los a\u00f1os sesenta. Durante los diez \u00faltimos a\u00f1os del siglo XXI, la f\u00e1brica cerr\u00f3 y se convirti\u00f3 en almac\u00e9n.<br \/>\n<\/span><span style=\"font-weight: 400;\">En el a\u00f1o XXX, la Fundaci\u00f3 ACICAC (Agrupaci\u00f3 de Cases de Innovaci\u00f3, Cultura i Art de Catalunya) adquiri\u00f3 y restaur\u00f3 la casa para convertirla en un espacio de transformaci\u00f3n creativa. En ella se realizan eventos, residencias de artistas, espacios gastron\u00f3micos y una amplia programaci\u00f3n cultural.<\/span><\/p>\n","protected":false},"featured_media":49508,"template":"","tags":[],"edicions":[1067,1086],"obert_per":[552],"zones":[937,1075],"seccions":[],"transports":[518,520],"estils":[587],"usos_actuals":[541],"graella":[],"class_list":["post-49351","edificis","type-edificis","status-publish","has-post-thumbnail","hentry","edicions-2024-es","edicions-1086","obert_per-domingo-tarde","zones-dreta-de-leixample","zones-barcelona-es","transports-l3-es","transports-l5-es","estils-historico-contemporaneo","usos_actuals-cultural-es"],"acf":[],"_links":{"self":[{"href":"https:\/\/www.48hopenhousebarcelona.org\/es\/wp-json\/wp\/v2\/edificis\/49351","targetHints":{"allow":["GET"]}}],"collection":[{"href":"https:\/\/www.48hopenhousebarcelona.org\/es\/wp-json\/wp\/v2\/edificis"}],"about":[{"href":"https:\/\/www.48hopenhousebarcelona.org\/es\/wp-json\/wp\/v2\/types\/edificis"}],"wp:featuredmedia":[{"embeddable":true,"href":"https:\/\/www.48hopenhousebarcelona.org\/es\/wp-json\/wp\/v2\/media\/49508"}],"wp:attachment":[{"href":"https:\/\/www.48hopenhousebarcelona.org\/es\/wp-json\/wp\/v2\/media?parent=49351"}],"wp:term":[{"taxonomy":"post_tag","embeddable":true,"href":"https:\/\/www.48hopenhousebarcelona.org\/es\/wp-json\/wp\/v2\/tags?post=49351"},{"taxonomy":"edicions","embeddable":true,"href":"https:\/\/www.48hopenhousebarcelona.org\/es\/wp-json\/wp\/v2\/edicions?post=49351"},{"taxonomy":"obert_per","embeddable":true,"href":"https:\/\/www.48hopenhousebarcelona.org\/es\/wp-json\/wp\/v2\/obert_per?post=49351"},{"taxonomy":"zones","embeddable":true,"href":"https:\/\/www.48hopenhousebarcelona.org\/es\/wp-json\/wp\/v2\/zones?post=49351"},{"taxonomy":"seccions","embeddable":true,"href":"https:\/\/www.48hopenhousebarcelona.org\/es\/wp-json\/wp\/v2\/seccions?post=49351"},{"taxonomy":"transports","embeddable":true,"href":"https:\/\/www.48hopenhousebarcelona.org\/es\/wp-json\/wp\/v2\/transports?post=49351"},{"taxonomy":"estils","embeddable":true,"href":"https:\/\/www.48hopenhousebarcelona.org\/es\/wp-json\/wp\/v2\/estils?post=49351"},{"taxonomy":"usos_actuals","embeddable":true,"href":"https:\/\/www.48hopenhousebarcelona.org\/es\/wp-json\/wp\/v2\/usos_actuals?post=49351"},{"taxonomy":"graella","embeddable":true,"href":"https:\/\/www.48hopenhousebarcelona.org\/es\/wp-json\/wp\/v2\/graella?post=49351"}],"curies":[{"name":"wp","href":"https:\/\/api.w.org\/{rel}","templated":true}]}}

CASA RIUS (FUNDACIÓN ACICAC)

<p><span style="font-weight: 400;">Edificio de estilo modernista por encargo del artista Josep Rius i Mestres (Barcelona, 1866-1958). Rius, a los veinte años, fundó la industria Casa Rius, dedicada a la industria de imágenes religiosas y pesebrista. Pese a no tener formación económica y a ser totalmente autodidacta, su natural habilidad artística lo llevó a convertirse en uno de los escultores catalanes más cotizados de la época, y podemos encontrar obras suyas en edificios civiles y religiosos.<br />
</span><span style="font-weight: 400;">Casa Rius es un complejo formado por el taller y un bloque de viviendas, construido para alojar empresa y familia. El taller familiar se mantuvo con varios nombres hasta entrados en los años sesenta. Durante los diez últimos años del siglo XXI, la fábrica cerró y se convirtió en almacén.<br />
</span><span style="font-weight: 400;">En el año XXX, la Fundació ACICAC (Agrupació de Cases de Innovació, Cultura i Art de Catalunya) adquirió y restauró la casa para convertirla en un espacio de transformación creativa. En ella se realizan eventos, residencias de artistas, espacios gastronómicos y una amplia programación cultural.</span></p>
