{"id":49395,"date":"2024-08-08T08:54:33","date_gmt":"2024-08-08T08:54:33","guid":{"rendered":"https:\/\/www.48hopenhousebarcelona.org\/?post_type=edificis&#038;p=49395"},"modified":"2025-09-08T15:09:07","modified_gmt":"2025-09-08T15:09:07","slug":"fundacio-carulla","status":"publish","type":"edificis","link":"https:\/\/www.48hopenhousebarcelona.org\/es\/els-edificis\/fundacio-carulla\/","title":{"rendered":"FUNDACI\u00d3 CARULLA"},"content":{"rendered":"<p><span style=\"font-weight: 400;\">La Fundaci\u00f3 Carulla, con casi cincuenta a\u00f1os de historia, se dedica a la transformaci\u00f3n de la sociedad a trav\u00e9s de la cultura y las artes. Trabaja impulsando proyectos culturales y educativos, entre los que destacan los Premios Llu\u00eds Carulla, Baldiri Reixac y Francesc Candel, y el espacio Mutare, que conecta el sector cultural con retos sociales. Uno de sus elementos clave es la gesti\u00f3n del <\/span><span style=\"font-weight: 400;\">Museu Terra <\/span><span style=\"font-weight: 400;\">de L\u2019Espluga de Francol\u00ed, antiguo Museu de la Vida Rural, que proyecta la sostenibilidad desde una perspectiva rural.<br \/>\n<\/span><span style=\"font-weight: 400;\">El nuevo espacio de la fundaci\u00f3n est\u00e1 ubicado en la calle Almog\u00e0vers, 214, en un edificio de 1962 dise\u00f1ado por el arquitecto Jos\u00e9 M. Segarra, tambi\u00e9n responsable de la Escuela de Arquitectura de la Universitat Polit\u00e8cnica de Catalunya. Con 1.500 metros cuadrados distribuidos en tres plantas, este espacio acoge la actividad de la fundaci\u00f3n, incluyendo un <\/span><i><span style=\"font-weight: 400;\">coworking<\/span><\/i><span style=\"font-weight: 400;\"> cultural para proyectos transformadores y una sala de exposiciones en colaboraci\u00f3n con el Museu Terra. Esta sede es tambi\u00e9n la casa de la Editorial Barcino, especializada en la difusi\u00f3n de cl\u00e1sicos catalanes, que en 2024 celebra su centenario.<br \/>\n<\/span><span style=\"font-weight: 400;\">El edificio quiere ser una ventana al mundo rural desde la ciudad, promoviendo el di\u00e1logo sobre la sostenibilidad y conectando el patrimonio rural con los retos urbanos, con especial \u00e9nfasis en la cultura, la educaci\u00f3n y la transformaci\u00f3n social.<\/span><\/p>\n","protected":false},"featured_media":49640,"template":"","tags":[],"edicions":[1067,1086],"obert_per":[549,550],"zones":[1075,1000],"seccions":[1048],"transports":[519],"estils":[587],"usos_actuals":[541],"graella":[],"class_list":["post-49395","edificis","type-edificis","status-publish","has-post-thumbnail","hentry","edicions-2024-es","edicions-1086","obert_per-sabado-manana","obert_per-sabado-tarde","zones-barcelona-es","zones-poblenou","seccions-espacios-de-trabajo","transports-l4-es","estils-historico-contemporaneo","usos_actuals-cultural-es"],"acf":[],"_links":{"self":[{"href":"https:\/\/www.48hopenhousebarcelona.org\/es\/wp-json\/wp\/v2\/edificis\/49395","targetHints":{"allow":["GET"]}}],"collection":[{"href":"https:\/\/www.48hopenhousebarcelona.org\/es\/wp-json\/wp\/v2\/edificis"}],"about":[{"href":"https:\/\/www.48hopenhousebarcelona.org\/es\/wp-json\/wp\/v2\/types\/edificis"}],"wp:featuredmedia":[{"embeddable":true,"href":"https:\/\/www.48hopenhousebarcelona.org\/es\/wp-json\/wp\/v2\/media\/49640"}],"wp:attachment":[{"href":"https:\/\/www.48hopenhousebarcelona.org\/es\/wp-json\/wp\/v2\/media?parent=49395"}],"wp:term":[{"taxonomy":"post_tag","embeddable":true,"href":"https:\/\/www.48hopenhousebarcelona.org\/es\/wp-json\/wp\/v2\/tags?post=49395"},{"taxonomy":"edicions","embeddable":true,"href":"https:\/\/www.48hopenhousebarcelona.org\/es\/wp-json\/wp\/v2\/edicions?post=49395"},{"taxonomy":"obert_per","embeddable":true,"href":"https:\/\/www.48hopenhousebarcelona.org\/es\/wp-json\/wp\/v2\/obert_per?post=49395"},{"taxonomy":"zones","embeddable":true,"href":"https:\/\/www.48hopenhousebarcelona.org\/es\/wp-json\/wp\/v2\/zones?post=49395"},{"taxonomy":"seccions","embeddable":true,"href":"https:\/\/www.48hopenhousebarcelona.org\/es\/wp-json\/wp\/v2\/seccions?post=49395"},{"taxonomy":"transports","embeddable":true,"href":"https:\/\/www.48hopenhousebarcelona.org\/es\/wp-json\/wp\/v2\/transports?post=49395"},{"taxonomy":"estils","embeddable":true,"href":"https:\/\/www.48hopenhousebarcelona.org\/es\/wp-json\/wp\/v2\/estils?post=49395"},{"taxonomy":"usos_actuals","embeddable":true,"href":"https:\/\/www.48hopenhousebarcelona.org\/es\/wp-json\/wp\/v2\/usos_actuals?post=49395"},{"taxonomy":"graella","embeddable":true,"href":"https:\/\/www.48hopenhousebarcelona.org\/es\/wp-json\/wp\/v2\/graella?post=49395"}],"curies":[{"name":"wp","href":"https:\/\/api.w.org\/{rel}","templated":true}]}}

FUNDACIÓ CARULLA

<p><span style="font-weight: 400;">La Fundació Carulla, con casi cincuenta años de historia, se dedica a la transformación de la sociedad a través de la cultura y las artes. Trabaja impulsando proyectos culturales y educativos, entre los que destacan los Premios Lluís Carulla, Baldiri Reixac y Francesc Candel, y el espacio Mutare, que conecta el sector cultural con retos sociales. Uno de sus elementos clave es la gestión del </span><span style="font-weight: 400;">Museu Terra </span><span style="font-weight: 400;">de L’Espluga de Francolí, antiguo Museu de la Vida Rural, que proyecta la sostenibilidad desde una perspectiva rural.<br />
</span><span style="font-weight: 400;">El nuevo espacio de la fundación está ubicado en la calle Almogàvers, 214, en un edificio de 1962 diseñado por el arquitecto José M. Segarra, también responsable de la Escuela de Arquitectura de la Universitat Politècnica de Catalunya. Con 1.500 metros cuadrados distribuidos en tres plantas, este espacio acoge la actividad de la fundación, incluyendo un </span><i><span style="font-weight: 400;">coworking</span></i><span style="font-weight: 400;"> cultural para proyectos transformadores y una sala de exposiciones en colaboración con el Museu Terra. Esta sede es también la casa de la Editorial Barcino, especializada en la difusión de clásicos catalanes, que en 2024 celebra su centenario.<br />
</span><span style="font-weight: 400;">El edificio quiere ser una ventana al mundo rural desde la ciudad, promoviendo el diálogo sobre la sostenibilidad y conectando el patrimonio rural con los retos urbanos, con especial énfasis en la cultura, la educación y la transformación social.</span></p>
