{"id":49399,"date":"2024-08-08T09:03:41","date_gmt":"2024-08-08T09:03:41","guid":{"rendered":"https:\/\/www.48hopenhousebarcelona.org\/?post_type=edificis&#038;p=49399"},"modified":"2025-09-02T16:48:27","modified_gmt":"2025-09-02T16:48:27","slug":"auditori-del-forum","status":"publish","type":"edificis","link":"https:\/\/www.48hopenhousebarcelona.org\/es\/els-edificis\/auditori-del-forum\/","title":{"rendered":"AUDITORI F\u00d2RUM  CCIB"},"content":{"rendered":"<p><span style=\"font-weight: 400;\">El Auditori F\u00f2rum CCIB se construy\u00f3 en 2004, con motivo del F\u00f2rum Universal de les Cultures. En su exterior, destaca la estructura triangular de 25 metros de altura, con una fachada de textura rugosa en color azul y un techo formado por 28.000 placas de acero que intuyen el dibujo de la superficie del mar. En su interior, espacios h\u00edbridos, neutros y funcionales nos conducen a un auditorio que, con capacidad para 3.084 personas, se ha convertido en el m\u00e1s grande de la ciudad.<br \/>\n<\/span><span style=\"font-weight: 400;\">Junto con el Centro de Convenciones, con el que est\u00e1 conectado a trav\u00e9s de una rambla subterr\u00e1nea, forman el CCIB, un total de 100.000 m<\/span><span style=\"font-weight: 400;\">2 <\/span><span style=\"font-weight: 400;\">de superficie para eventos.<\/span><\/p>\n","protected":false},"featured_media":49855,"template":"","tags":[],"edicions":[1067,1086],"obert_per":[549],"zones":[939,1075],"seccions":[],"transports":[519,530],"estils":[570],"usos_actuals":[541],"graella":[],"class_list":["post-49399","edificis","type-edificis","status-publish","has-post-thumbnail","hentry","edicions-2024-es","edicions-1086","obert_per-sabado-manana","zones-forum","zones-barcelona-es","transports-l4-es","transports-t4-es","estils-estilos-contemporaneos","usos_actuals-cultural-es"],"acf":[],"_links":{"self":[{"href":"https:\/\/www.48hopenhousebarcelona.org\/es\/wp-json\/wp\/v2\/edificis\/49399","targetHints":{"allow":["GET"]}}],"collection":[{"href":"https:\/\/www.48hopenhousebarcelona.org\/es\/wp-json\/wp\/v2\/edificis"}],"about":[{"href":"https:\/\/www.48hopenhousebarcelona.org\/es\/wp-json\/wp\/v2\/types\/edificis"}],"wp:featuredmedia":[{"embeddable":true,"href":"https:\/\/www.48hopenhousebarcelona.org\/es\/wp-json\/wp\/v2\/media\/49855"}],"wp:attachment":[{"href":"https:\/\/www.48hopenhousebarcelona.org\/es\/wp-json\/wp\/v2\/media?parent=49399"}],"wp:term":[{"taxonomy":"post_tag","embeddable":true,"href":"https:\/\/www.48hopenhousebarcelona.org\/es\/wp-json\/wp\/v2\/tags?post=49399"},{"taxonomy":"edicions","embeddable":true,"href":"https:\/\/www.48hopenhousebarcelona.org\/es\/wp-json\/wp\/v2\/edicions?post=49399"},{"taxonomy":"obert_per","embeddable":true,"href":"https:\/\/www.48hopenhousebarcelona.org\/es\/wp-json\/wp\/v2\/obert_per?post=49399"},{"taxonomy":"zones","embeddable":true,"href":"https:\/\/www.48hopenhousebarcelona.org\/es\/wp-json\/wp\/v2\/zones?post=49399"},{"taxonomy":"seccions","embeddable":true,"href":"https:\/\/www.48hopenhousebarcelona.org\/es\/wp-json\/wp\/v2\/seccions?post=49399"},{"taxonomy":"transports","embeddable":true,"href":"https:\/\/www.48hopenhousebarcelona.org\/es\/wp-json\/wp\/v2\/transports?post=49399"},{"taxonomy":"estils","embeddable":true,"href":"https:\/\/www.48hopenhousebarcelona.org\/es\/wp-json\/wp\/v2\/estils?post=49399"},{"taxonomy":"usos_actuals","embeddable":true,"href":"https:\/\/www.48hopenhousebarcelona.org\/es\/wp-json\/wp\/v2\/usos_actuals?post=49399"},{"taxonomy":"graella","embeddable":true,"href":"https:\/\/www.48hopenhousebarcelona.org\/es\/wp-json\/wp\/v2\/graella?post=49399"}],"curies":[{"name":"wp","href":"https:\/\/api.w.org\/{rel}","templated":true}]}}

AUDITORI FÒRUM  CCIB

<p><span style="font-weight: 400;">El Auditori Fòrum CCIB se construyó en 2004, con motivo del Fòrum Universal de les Cultures. En su exterior, destaca la estructura triangular de 25 metros de altura, con una fachada de textura rugosa en color azul y un techo formado por 28.000 placas de acero que intuyen el dibujo de la superficie del mar. En su interior, espacios híbridos, neutros y funcionales nos conducen a un auditorio que, con capacidad para 3.084 personas, se ha convertido en el más grande de la ciudad.<br />
</span><span style="font-weight: 400;">Junto con el Centro de Convenciones, con el que está conectado a través de una rambla subterránea, forman el CCIB, un total de 100.000 m</span><span style="font-weight: 400;">2 </span><span style="font-weight: 400;">de superficie para eventos.</span></p>
