{"id":54514,"date":"2025-08-05T16:52:34","date_gmt":"2025-08-05T16:52:34","guid":{"rendered":"https:\/\/www.48hopenhousebarcelona.org\/?post_type=edificis&#038;p=54514"},"modified":"2025-09-16T12:10:05","modified_gmt":"2025-09-16T12:10:05","slug":"lantic-teatre-espai-de-creacio","status":"publish","type":"edificis","link":"https:\/\/www.48hopenhousebarcelona.org\/es\/els-edificis\/lantic-teatre-espai-de-creacio\/","title":{"rendered":"L&#8217;ANTIC TEATRE &#8211; ESPAI DE CREACI\u00d3"},"content":{"rendered":"<p><span style=\"font-weight: 400;\">El arquitecto Joan Martorell fue el impulsor y primer presidente del C\u00edrculo Barcelon\u00e9s de Obreros, bajo la Advocaci\u00f3n de San Jos\u00e9, un c\u00edrculo religioso e instructivo que, en sus primeros estatutos, redactados en 1887 y aprobados en 1889, se presentaba as\u00ed: \u00abPara que los obreros de esta ciudad puedan reunirse en las noches de los d\u00edas de trabajo y tarde y noche de festivos, disfrutando de algunos ratos de solaz, honestas recreaciones y hasta perfeccionando su instrucci\u00f3n, se instalar\u00e1 en un local adecuado un C\u00edrculo de Obreros\u00bb. La entidad ten\u00eda, en esa primera \u00e9poca, la vocaci\u00f3n de convertirse en el \u00abcentro del pueblo cat\u00f3lico de Barcelona\u00bb, y sus actividades principales fueron iniciativas educativas, para obreros y ni\u00f1os, y diferentes iniciativas de ayuda (bolsa de trabajo, mutualismo) y culturales.<\/span><\/p>\n<p><span style=\"font-weight: 400;\">En este sentido, en 1917, la entidad se encontraba en proceso de buscar un nuevo local, en el que preve\u00eda albergar \u201c<\/span><i><span style=\"font-weight: 400;\">un lloch aproposit pera celebrar los espectacles, so es un explendit sal\u00f3-teatre de gran capasitat<\/span><\/i><span style=\"font-weight: 400;\">\u201d. A lo largo del siglo XX, la actividad de la entidad incluy\u00f3 talleres y cursos de varias disciplinas (m\u00fasica, mecanograf\u00eda, costura&#8230;), y se convirti\u00f3 en una plataforma para varias iniciativas culturales, especialmente de actividad esc\u00e9nica: el cuadro dram\u00e1tico de principios de siglo, el grupo amateur mixto Agrupaci\u00f3 Dram\u00e0tica Adelfos, el grupo de teatro Jaris y la Escuela de Arte Integral Wartburg, en los sententa&#8230;<\/span><\/p>\n<p><span style=\"font-weight: 400;\">Antes del inmueble actual, una antigua casa se\u00f1orial de finales del siglo XVIII en la calle de Verdaguer Call\u00eds, junto al Palau de la M\u00fasica Catalana (donde se estableci\u00f3 en 1951, tras el traslado debido a la apertura de la avenida de la Catedral), el C\u00edrculo hab\u00eda tenido otras sedes. Primero se encontraba en la calle de Duran i Bas, n\u00ba 9 (al final del Portal del \u00c0ngel), y luego pas\u00f3 a la calle Mercaders, n\u00ba 2.<\/span><\/p>\n<p><span style=\"font-weight: 400;\">Aunque durante los a\u00f1os setenta del siglo XX parece que se produjo un reavivamiento de la actividad asociativa, empez\u00f3 a decaer claramente, as\u00ed como tambi\u00e9n el n\u00famero de asociados, a partir de los ochenta y los a\u00f1os siguientes. Tras un buen n\u00famero de a\u00f1os de letargo, en los que en el local del C\u00edrculo pr\u00e1cticamente solo hab\u00eda actividad de bar y sala recreativa (futbolines y domin\u00f3s), una serie de iniciativas empresariales del ramo de la hosteler\u00eda prob\u00f3, sin \u00e9xito, renovar tanto el espacio como la clientela. En ese momento, en 2003, los artistas Semolina Tomic y Sergi F\u00e4ustino, ligados a la escena de la performance y musical m\u00e1s innovadora de Barcelona, entraron en escena. Buscaban un lugar donde ensayar las creaciones propias, pero la demanda de un espacio off, abierto a los nuevos lenguajes, hizo que la sala se convirtiera en una plataforma de creaci\u00f3n donde se programaban espect\u00e1culos con un calendario in\u00e9dito en la ciudad: estrenos semanales, una gran variedad de propuestas (poes\u00eda, cine, debates, teatro, danza&#8230;) cada semana, compa\u00f1\u00edas extranjeras y aut\u00f3ctonas, y un espacio asociado, el Adriantic, de Adri\u00e0 del Bes\u00f2s, como apoyo para ensayos de compa\u00f1\u00edas visitantes y en residencia art\u00edstica.<\/span><\/p>\n<p><span style=\"font-weight: 400;\">El nuevo c\u00edrculo, una asociaci\u00f3n cultural rebautizada como L&#8217;Antic Teatre, fue reinaugurado el 23 de abril, y al d\u00eda siguiente ya se realiz\u00f3 el primer espect\u00e1culo: <\/span><i><span style=\"font-weight: 400;\">De la impossibilitat de conjugar el verb estimar<\/span><\/i><span style=\"font-weight: 400;\">, de Roger Bernat y Juan Navarro. El montaje formaba parte del ciclo Bona Gent, una serie de performances en diferentes espacios no comerciales \/ convencionales del casco antiguo (Sala Conservas, La Poderosa, L&#8217;Atelier y otros). La nueva etapa de L&#8217;Antic, bajo la direcci\u00f3n de Semolinika Tomic, ha seguido a lo largo de los a\u00f1os con una programaci\u00f3n mod\u00e9lica en cuanto al riesgo, la cantidad y la calidad de las propuestas, y con un \u00e9xito de p\u00fablico espoleado tambi\u00e9n por la singularidad de sus espacios, especialmente por su terraza y el amplio jard\u00edn adyacentes, que le han convertido en un verdadero oasis para los \u00abratos de solaz\u00bb y las \u00abhonestas recreaciones\u201d: el lugar favorito de la juventud del barrio. De julio de 2008 a enero de 2010, la entidad reform\u00f3 sus espacios para adecuarlos a los nuevos usos y necesidades, y para adaptarlos a las normativas, con un proyecto del arquitecto Josep Gr\u00e0cia.<\/span><\/p>\n","protected":false},"featured_media":55638,"template":"","tags":[],"edicions":[1086],"obert_per":[551,549],"zones":[1075,996],"seccions":[],"transports":[512,519],"estils":[],"usos_actuals":[541],"graella":[],"class_list":["post-54514","edificis","type-edificis","status-publish","has-post-thumbnail","hentry","edicions-1086","obert_per-domingo-manana","obert_per-sabado-manana","zones-barcelona-es","zones-centre","transports-l1-es","transports-l4-es","usos_actuals-cultural-es"],"acf":[],"_links":{"self":[{"href":"https:\/\/www.48hopenhousebarcelona.org\/es\/wp-json\/wp\/v2\/edificis\/54514","targetHints":{"allow":["GET"]}}],"collection":[{"href":"https:\/\/www.48hopenhousebarcelona.org\/es\/wp-json\/wp\/v2\/edificis"}],"about":[{"href":"https:\/\/www.48hopenhousebarcelona.org\/es\/wp-json\/wp\/v2\/types\/edificis"}],"wp:featuredmedia":[{"embeddable":true,"href":"https:\/\/www.48hopenhousebarcelona.org\/es\/wp-json\/wp\/v2\/media\/55638"}],"wp:attachment":[{"href":"https:\/\/www.48hopenhousebarcelona.org\/es\/wp-json\/wp\/v2\/media?parent=54514"}],"wp:term":[{"taxonomy":"post_tag","embeddable":true,"href":"https:\/\/www.48hopenhousebarcelona.org\/es\/wp-json\/wp\/v2\/tags?post=54514"},{"taxonomy":"edicions","embeddable":true,"href":"https:\/\/www.48hopenhousebarcelona.org\/es\/wp-json\/wp\/v2\/edicions?post=54514"},{"taxonomy":"obert_per","embeddable":true,"href":"https:\/\/www.48hopenhousebarcelona.org\/es\/wp-json\/wp\/v2\/obert_per?post=54514"},{"taxonomy":"zones","embeddable":true,"href":"https:\/\/www.48hopenhousebarcelona.org\/es\/wp-json\/wp\/v2\/zones?post=54514"},{"taxonomy":"seccions","embeddable":true,"href":"https:\/\/www.48hopenhousebarcelona.org\/es\/wp-json\/wp\/v2\/seccions?post=54514"},{"taxonomy":"transports","embeddable":true,"href":"https:\/\/www.48hopenhousebarcelona.org\/es\/wp-json\/wp\/v2\/transports?post=54514"},{"taxonomy":"estils","embeddable":true,"href":"https:\/\/www.48hopenhousebarcelona.org\/es\/wp-json\/wp\/v2\/estils?post=54514"},{"taxonomy":"usos_actuals","embeddable":true,"href":"https:\/\/www.48hopenhousebarcelona.org\/es\/wp-json\/wp\/v2\/usos_actuals?post=54514"},{"taxonomy":"graella","embeddable":true,"href":"https:\/\/www.48hopenhousebarcelona.org\/es\/wp-json\/wp\/v2\/graella?post=54514"}],"curies":[{"name":"wp","href":"https:\/\/api.w.org\/{rel}","templated":true}]}}

L&#8217;ANTIC TEATRE &#8211; ESPAI DE CREACIÓ

<p><span style="font-weight: 400;">El arquitecto Joan Martorell fue el impulsor y primer presidente del Círculo Barcelonés de Obreros, bajo la Advocación de San José, un círculo religioso e instructivo que, en sus primeros estatutos, redactados en 1887 y aprobados en 1889, se presentaba así: «Para que los obreros de esta ciudad puedan reunirse en las noches de los días de trabajo y tarde y noche de festivos, disfrutando de algunos ratos de solaz, honestas recreaciones y hasta perfeccionando su instrucción, se instalará en un local adecuado un Círculo de Obreros». La entidad tenía, en esa primera época, la vocación de convertirse en el «centro del pueblo católico de Barcelona», y sus actividades principales fueron iniciativas educativas, para obreros y niños, y diferentes iniciativas de ayuda (bolsa de trabajo, mutualismo) y culturales.</span></p>
<p><span style="font-weight: 400;">En este sentido, en 1917, la entidad se encontraba en proceso de buscar un nuevo local, en el que preveía albergar “</span><i><span style="font-weight: 400;">un lloch aproposit pera celebrar los espectacles, so es un explendit saló-teatre de gran capasitat</span></i><span style="font-weight: 400;">”. A lo largo del siglo XX, la actividad de la entidad incluyó talleres y cursos de varias disciplinas (música, mecanografía, costura&#8230;), y se convirtió en una plataforma para varias iniciativas culturales, especialmente de actividad escénica: el cuadro dramático de principios de siglo, el grupo amateur mixto Agrupació Dramàtica Adelfos, el grupo de teatro Jaris y la Escuela de Arte Integral Wartburg, en los sententa&#8230;</span></p>
<p><span style="font-weight: 400;">Antes del inmueble actual, una antigua casa señorial de finales del siglo XVIII en la calle de Verdaguer Callís, junto al Palau de la Música Catalana (donde se estableció en 1951, tras el traslado debido a la apertura de la avenida de la Catedral), el Círculo había tenido otras sedes. Primero se encontraba en la calle de Duran i Bas, nº 9 (al final del Portal del Àngel), y luego pasó a la calle Mercaders, nº 2.</span></p>
<p><span style="font-weight: 400;">Aunque durante los años setenta del siglo XX parece que se produjo un reavivamiento de la actividad asociativa, empezó a decaer claramente, así como también el número de asociados, a partir de los ochenta y los años siguientes. Tras un buen número de años de letargo, en los que en el local del Círculo prácticamente solo había actividad de bar y sala recreativa (futbolines y dominós), una serie de iniciativas empresariales del ramo de la hostelería probó, sin éxito, renovar tanto el espacio como la clientela. En ese momento, en 2003, los artistas Semolina Tomic y Sergi Fäustino, ligados a la escena de la performance y musical más innovadora de Barcelona, entraron en escena. Buscaban un lugar donde ensayar las creaciones propias, pero la demanda de un espacio off, abierto a los nuevos lenguajes, hizo que la sala se convirtiera en una plataforma de creación donde se programaban espectáculos con un calendario inédito en la ciudad: estrenos semanales, una gran variedad de propuestas (poesía, cine, debates, teatro, danza&#8230;) cada semana, compañías extranjeras y autóctonas, y un espacio asociado, el Adriantic, de Adrià del Besòs, como apoyo para ensayos de compañías visitantes y en residencia artística.</span></p>
<p><span style="font-weight: 400;">El nuevo círculo, una asociación cultural rebautizada como L&#8217;Antic Teatre, fue reinaugurado el 23 de abril, y al día siguiente ya se realizó el primer espectáculo: </span><i><span style="font-weight: 400;">De la impossibilitat de conjugar el verb estimar</span></i><span style="font-weight: 400;">, de Roger Bernat y Juan Navarro. El montaje formaba parte del ciclo Bona Gent, una serie de performances en diferentes espacios no comerciales / convencionales del casco antiguo (Sala Conservas, La Poderosa, L&#8217;Atelier y otros). La nueva etapa de L&#8217;Antic, bajo la dirección de Semolinika Tomic, ha seguido a lo largo de los años con una programación modélica en cuanto al riesgo, la cantidad y la calidad de las propuestas, y con un éxito de público espoleado también por la singularidad de sus espacios, especialmente por su terraza y el amplio jardín adyacentes, que le han convertido en un verdadero oasis para los «ratos de solaz» y las «honestas recreaciones”: el lugar favorito de la juventud del barrio. De julio de 2008 a enero de 2010, la entidad reformó sus espacios para adecuarlos a los nuevos usos y necesidades, y para adaptarlos a las normativas, con un proyecto del arquitecto Josep Gràcia.</span></p>
