{"id":54521,"date":"2025-08-06T09:44:31","date_gmt":"2025-08-06T09:44:31","guid":{"rendered":"https:\/\/www.48hopenhousebarcelona.org\/?post_type=edificis&#038;p=54521"},"modified":"2025-10-20T11:20:31","modified_gmt":"2025-10-20T11:20:31","slug":"casa-granell","status":"publish","type":"edificis","link":"https:\/\/www.48hopenhousebarcelona.org\/es\/els-edificis\/casa-granell\/","title":{"rendered":"CASA GRANELL"},"content":{"rendered":"<p><span style=\"font-weight: 400;\">Proyectada en el a\u00f1o 1901 por el arquitecto Jeroni F. Granell y finalizada en 1903, la Casa Granell es un edificio entre medianeras ubicado en la calle de Girona, 122, formado por planta baja, entresuelo, cinco pisos y azotea. Considerada bien cultural de inter\u00e9s local, representa una de las obras m\u00e1s personales de Granell, conocido por un modernismo sobrio pero rico en soluciones ornamentales inspiradas en la naturaleza.<\/span><\/p>\n<p><span style=\"font-weight: 400;\">La fachada presenta una composici\u00f3n singular, con balcones en los lados y aperturas centrales pareadas. Est\u00e1 decorada con esgrafiados florales en tonos verdes y rosados, y enmarcada con sinuosas molduras en piedra. Los vitrales y las contraventanas originales se conservan, y el coronamiento se resuelve con una cornisa ondulada con respiradores cuadrangulares.<\/span><\/p>\n<p><span style=\"font-weight: 400;\">En su interior, el vest\u00edbulo y el patio de luces central destacan por su ornamentaci\u00f3n en m\u00e1rmol, cer\u00e1mica vidriada y estucos policromados con motivos vegetales, especialmente iris y plumas de pavo real. Granell, que resid\u00eda en el edificio, intervino tambi\u00e9n como vidriero, a trav\u00e9s del taller Rigalt i Granell, del que era socio.<\/span><\/p>\n<p><span style=\"font-weight: 400;\">En el a\u00f1o 1987, el arquitecto Antoni Solanas realiz\u00f3 una rehabilitaci\u00f3n de las fachadas principal y posterior, y recuper\u00f3 los colores originales de las persianas y el aspecto general de la finca, respetando su concepci\u00f3n modernista original.<\/span><\/p>\n","protected":false},"featured_media":56476,"template":"","tags":[],"edicions":[1086],"obert_per":[551],"zones":[937,1075],"seccions":[808,902],"transports":[520],"estils":[553],"usos_actuals":[547],"graella":[],"class_list":["post-54521","edificis","type-edificis","status-publish","has-post-thumbnail","hentry","edicions-1086","obert_per-domingo-manana","zones-dreta-de-leixample","zones-barcelona-es","seccions-open-pro-es","seccions-vivienda","transports-l5-es","estils-modernismo","usos_actuals-residencial-es"],"acf":[],"_links":{"self":[{"href":"https:\/\/www.48hopenhousebarcelona.org\/es\/wp-json\/wp\/v2\/edificis\/54521","targetHints":{"allow":["GET"]}}],"collection":[{"href":"https:\/\/www.48hopenhousebarcelona.org\/es\/wp-json\/wp\/v2\/edificis"}],"about":[{"href":"https:\/\/www.48hopenhousebarcelona.org\/es\/wp-json\/wp\/v2\/types\/edificis"}],"wp:featuredmedia":[{"embeddable":true,"href":"https:\/\/www.48hopenhousebarcelona.org\/es\/wp-json\/wp\/v2\/media\/56476"}],"wp:attachment":[{"href":"https:\/\/www.48hopenhousebarcelona.org\/es\/wp-json\/wp\/v2\/media?parent=54521"}],"wp:term":[{"taxonomy":"post_tag","embeddable":true,"href":"https:\/\/www.48hopenhousebarcelona.org\/es\/wp-json\/wp\/v2\/tags?post=54521"},{"taxonomy":"edicions","embeddable":true,"href":"https:\/\/www.48hopenhousebarcelona.org\/es\/wp-json\/wp\/v2\/edicions?post=54521"},{"taxonomy":"obert_per","embeddable":true,"href":"https:\/\/www.48hopenhousebarcelona.org\/es\/wp-json\/wp\/v2\/obert_per?post=54521"},{"taxonomy":"zones","embeddable":true,"href":"https:\/\/www.48hopenhousebarcelona.org\/es\/wp-json\/wp\/v2\/zones?post=54521"},{"taxonomy":"seccions","embeddable":true,"href":"https:\/\/www.48hopenhousebarcelona.org\/es\/wp-json\/wp\/v2\/seccions?post=54521"},{"taxonomy":"transports","embeddable":true,"href":"https:\/\/www.48hopenhousebarcelona.org\/es\/wp-json\/wp\/v2\/transports?post=54521"},{"taxonomy":"estils","embeddable":true,"href":"https:\/\/www.48hopenhousebarcelona.org\/es\/wp-json\/wp\/v2\/estils?post=54521"},{"taxonomy":"usos_actuals","embeddable":true,"href":"https:\/\/www.48hopenhousebarcelona.org\/es\/wp-json\/wp\/v2\/usos_actuals?post=54521"},{"taxonomy":"graella","embeddable":true,"href":"https:\/\/www.48hopenhousebarcelona.org\/es\/wp-json\/wp\/v2\/graella?post=54521"}],"curies":[{"name":"wp","href":"https:\/\/api.w.org\/{rel}","templated":true}]}}

<p><span style="font-weight: 400;">Proyectada en el año 1901 por el arquitecto Jeroni F. Granell y finalizada en 1903, la Casa Granell es un edificio entre medianeras ubicado en la calle de Girona, 122, formado por planta baja, entresuelo, cinco pisos y azotea. Considerada bien cultural de interés local, representa una de las obras más personales de Granell, conocido por un modernismo sobrio pero rico en soluciones ornamentales inspiradas en la naturaleza.</span></p>
<p><span style="font-weight: 400;">La fachada presenta una composición singular, con balcones en los lados y aperturas centrales pareadas. Está decorada con esgrafiados florales en tonos verdes y rosados, y enmarcada con sinuosas molduras en piedra. Los vitrales y las contraventanas originales se conservan, y el coronamiento se resuelve con una cornisa ondulada con respiradores cuadrangulares.</span></p>
<p><span style="font-weight: 400;">En su interior, el vestíbulo y el patio de luces central destacan por su ornamentación en mármol, cerámica vidriada y estucos policromados con motivos vegetales, especialmente iris y plumas de pavo real. Granell, que residía en el edificio, intervino también como vidriero, a través del taller Rigalt i Granell, del que era socio.</span></p>
<p><span style="font-weight: 400;">En el año 1987, el arquitecto Antoni Solanas realizó una rehabilitación de las fachadas principal y posterior, y recuperó los colores originales de las persianas y el aspecto general de la finca, respetando su concepción modernista original.</span></p>
