{"id":54530,"date":"2025-08-06T10:38:43","date_gmt":"2025-08-06T10:38:43","guid":{"rendered":"https:\/\/www.48hopenhousebarcelona.org\/?post_type=edificis&#038;p=54530"},"modified":"2025-10-24T18:31:56","modified_gmt":"2025-10-24T18:31:56","slug":"casal-de-barri-can-carol","status":"publish","type":"edificis","link":"https:\/\/www.48hopenhousebarcelona.org\/es\/els-edificis\/casal-de-barri-can-carol\/","title":{"rendered":"CASAL DE BARRI CAN CAROL"},"content":{"rendered":"<p><span style=\"font-weight: 400;\">Antigua mas\u00eda y residencia del siglo XIX ubicada en la parte m\u00e1s profunda de Vallcarca, cerca de la confluencia entre la riera de Vallcarca y el torrente de la Farigola. Es uno de los edificios m\u00e1s antiguos de la parte baja de Vallcarca y uno de los m\u00e1s notables del barrio. Durante el primer tercio del siglo XX, acogi\u00f3 una escuela, el Colegio Nuevo, el segundo centro educativo que hubo en Vallcarca, adem\u00e1s de la escuela La Farigola.<\/span><\/p>\n<p><span style=\"font-weight: 400;\">Gracias al esfuerzo vecinal, que, en el marco de unas jornadas participativas, en 2014, estableci\u00f3 que este espacio fuera rehabilitado y convertido en equipamiento cultural de proximidad, se decidi\u00f3, a trav\u00e9s de un concurso p\u00fablico, rehabilitarlo con el objetivo de ubicar en \u00e9l un centro de barrio accesible a todo el mundo.<\/span><\/p>\n<p><span style=\"font-weight: 400;\">El objetivo principal de este proyecto es consolidar el Casal de Barri de Can Carol como un centro social y cultural autogestionado basado en la tradici\u00f3n de la cultura popular y alternativa en el barrio y su evoluci\u00f3n social. Siempre pendiente de adaptarse a las necesidades y tendencias actuales de las personas que hagan uso de \u00e9l, el centro busca apoyar a creadoras y difundir dicha cultura popular.<\/span><\/p>\n","protected":false},"featured_media":55761,"template":"","tags":[],"edicions":[1086],"obert_per":[550],"zones":[495,1075],"seccions":[808],"transports":[518],"estils":[570],"usos_actuals":[541],"graella":[],"class_list":["post-54530","edificis","type-edificis","status-publish","has-post-thumbnail","hentry","edicions-1086","obert_per-sabado-tarde","zones-gracia-es","zones-barcelona-es","seccions-open-pro-es","transports-l3-es","estils-estilos-contemporaneos","usos_actuals-cultural-es"],"acf":[],"_links":{"self":[{"href":"https:\/\/www.48hopenhousebarcelona.org\/es\/wp-json\/wp\/v2\/edificis\/54530","targetHints":{"allow":["GET"]}}],"collection":[{"href":"https:\/\/www.48hopenhousebarcelona.org\/es\/wp-json\/wp\/v2\/edificis"}],"about":[{"href":"https:\/\/www.48hopenhousebarcelona.org\/es\/wp-json\/wp\/v2\/types\/edificis"}],"wp:featuredmedia":[{"embeddable":true,"href":"https:\/\/www.48hopenhousebarcelona.org\/es\/wp-json\/wp\/v2\/media\/55761"}],"wp:attachment":[{"href":"https:\/\/www.48hopenhousebarcelona.org\/es\/wp-json\/wp\/v2\/media?parent=54530"}],"wp:term":[{"taxonomy":"post_tag","embeddable":true,"href":"https:\/\/www.48hopenhousebarcelona.org\/es\/wp-json\/wp\/v2\/tags?post=54530"},{"taxonomy":"edicions","embeddable":true,"href":"https:\/\/www.48hopenhousebarcelona.org\/es\/wp-json\/wp\/v2\/edicions?post=54530"},{"taxonomy":"obert_per","embeddable":true,"href":"https:\/\/www.48hopenhousebarcelona.org\/es\/wp-json\/wp\/v2\/obert_per?post=54530"},{"taxonomy":"zones","embeddable":true,"href":"https:\/\/www.48hopenhousebarcelona.org\/es\/wp-json\/wp\/v2\/zones?post=54530"},{"taxonomy":"seccions","embeddable":true,"href":"https:\/\/www.48hopenhousebarcelona.org\/es\/wp-json\/wp\/v2\/seccions?post=54530"},{"taxonomy":"transports","embeddable":true,"href":"https:\/\/www.48hopenhousebarcelona.org\/es\/wp-json\/wp\/v2\/transports?post=54530"},{"taxonomy":"estils","embeddable":true,"href":"https:\/\/www.48hopenhousebarcelona.org\/es\/wp-json\/wp\/v2\/estils?post=54530"},{"taxonomy":"usos_actuals","embeddable":true,"href":"https:\/\/www.48hopenhousebarcelona.org\/es\/wp-json\/wp\/v2\/usos_actuals?post=54530"},{"taxonomy":"graella","embeddable":true,"href":"https:\/\/www.48hopenhousebarcelona.org\/es\/wp-json\/wp\/v2\/graella?post=54530"}],"curies":[{"name":"wp","href":"https:\/\/api.w.org\/{rel}","templated":true}]}}

<p><span style="font-weight: 400;">Antigua masía y residencia del siglo XIX ubicada en la parte más profunda de Vallcarca, cerca de la confluencia entre la riera de Vallcarca y el torrente de la Farigola. Es uno de los edificios más antiguos de la parte baja de Vallcarca y uno de los más notables del barrio. Durante el primer tercio del siglo XX, acogió una escuela, el Colegio Nuevo, el segundo centro educativo que hubo en Vallcarca, además de la escuela La Farigola.</span></p>
<p><span style="font-weight: 400;">Gracias al esfuerzo vecinal, que, en el marco de unas jornadas participativas, en 2014, estableció que este espacio fuera rehabilitado y convertido en equipamiento cultural de proximidad, se decidió, a través de un concurso público, rehabilitarlo con el objetivo de ubicar en él un centro de barrio accesible a todo el mundo.</span></p>
<p><span style="font-weight: 400;">El objetivo principal de este proyecto es consolidar el Casal de Barri de Can Carol como un centro social y cultural autogestionado basado en la tradición de la cultura popular y alternativa en el barrio y su evolución social. Siempre pendiente de adaptarse a las necesidades y tendencias actuales de las personas que hagan uso de él, el centro busca apoyar a creadoras y difundir dicha cultura popular.</span></p>
