{"id":54537,"date":"2025-08-06T10:48:33","date_gmt":"2025-08-06T10:48:33","guid":{"rendered":"https:\/\/www.48hopenhousebarcelona.org\/?post_type=edificis&#038;p=54537"},"modified":"2025-09-25T09:27:04","modified_gmt":"2025-09-25T09:27:04","slug":"galeries-i-terrassa-del-parc-sanitari-pere-virgili","status":"publish","type":"edificis","link":"https:\/\/www.48hopenhousebarcelona.org\/es\/els-edificis\/galeries-i-terrassa-del-parc-sanitari-pere-virgili\/","title":{"rendered":"GALER\u00cdAS Y TERRAZA DEL PARC SANITARI PERE VIRGILI"},"content":{"rendered":"<p><span data-sheets-root=\"1\">Con origen en la d\u00e9cada de 1930 como hospital militar, el actual edificio hist\u00f3rico del Parc Sanitari Pere Virgili forma parte de un recinto sanitario con un marcado valor arquitect\u00f3nico y urban\u00edstico. Concebido inicialmente como infraestructura de uso exclusivamente militar, su arquitectura responde a los criterios constructivos de la \u00e9poca: solidez, funcionalidad y sobriedad formal. Destaca por la presencia de galer\u00edas subterr\u00e1neas, espacios de comunicaci\u00f3n vertical y grandes vol\u00famenes organizados en pabellones.<\/p>\n<p>Con su reconversi\u00f3n, a finales del siglo XX, el edificio se convierte en parte de un complejo p\u00fablico abierto a la ciudadan\u00eda, donde la accesibilidad, la luz natural y las zonas verdes pasan a tener un papel fundamental. Actualmente, alberga servicios sanitarios y gestiona infraestructuras dentro de un espacio de m\u00e1s de 50.000 m\u00b2, casi la mitad de ellos destinados a espacios verdes. Desde 1999, forma parte del Parc Sanitari Pere Virgili, una instituci\u00f3n p\u00fablica referente en salud, docencia e investigaci\u00f3n.<\/span><\/p>\n","protected":false},"featured_media":54734,"template":"","tags":[],"edicions":[1086],"obert_per":[551,552],"zones":[495,1075],"seccions":[],"transports":[518],"estils":[570],"usos_actuals":[579],"graella":[],"class_list":["post-54537","edificis","type-edificis","status-publish","has-post-thumbnail","hentry","edicions-1086","obert_per-domingo-manana","obert_per-domingo-tarde","zones-gracia-es","zones-barcelona-es","transports-l3-es","estils-estilos-contemporaneos","usos_actuals-sanitario"],"acf":[],"_links":{"self":[{"href":"https:\/\/www.48hopenhousebarcelona.org\/es\/wp-json\/wp\/v2\/edificis\/54537","targetHints":{"allow":["GET"]}}],"collection":[{"href":"https:\/\/www.48hopenhousebarcelona.org\/es\/wp-json\/wp\/v2\/edificis"}],"about":[{"href":"https:\/\/www.48hopenhousebarcelona.org\/es\/wp-json\/wp\/v2\/types\/edificis"}],"wp:featuredmedia":[{"embeddable":true,"href":"https:\/\/www.48hopenhousebarcelona.org\/es\/wp-json\/wp\/v2\/media\/54734"}],"wp:attachment":[{"href":"https:\/\/www.48hopenhousebarcelona.org\/es\/wp-json\/wp\/v2\/media?parent=54537"}],"wp:term":[{"taxonomy":"post_tag","embeddable":true,"href":"https:\/\/www.48hopenhousebarcelona.org\/es\/wp-json\/wp\/v2\/tags?post=54537"},{"taxonomy":"edicions","embeddable":true,"href":"https:\/\/www.48hopenhousebarcelona.org\/es\/wp-json\/wp\/v2\/edicions?post=54537"},{"taxonomy":"obert_per","embeddable":true,"href":"https:\/\/www.48hopenhousebarcelona.org\/es\/wp-json\/wp\/v2\/obert_per?post=54537"},{"taxonomy":"zones","embeddable":true,"href":"https:\/\/www.48hopenhousebarcelona.org\/es\/wp-json\/wp\/v2\/zones?post=54537"},{"taxonomy":"seccions","embeddable":true,"href":"https:\/\/www.48hopenhousebarcelona.org\/es\/wp-json\/wp\/v2\/seccions?post=54537"},{"taxonomy":"transports","embeddable":true,"href":"https:\/\/www.48hopenhousebarcelona.org\/es\/wp-json\/wp\/v2\/transports?post=54537"},{"taxonomy":"estils","embeddable":true,"href":"https:\/\/www.48hopenhousebarcelona.org\/es\/wp-json\/wp\/v2\/estils?post=54537"},{"taxonomy":"usos_actuals","embeddable":true,"href":"https:\/\/www.48hopenhousebarcelona.org\/es\/wp-json\/wp\/v2\/usos_actuals?post=54537"},{"taxonomy":"graella","embeddable":true,"href":"https:\/\/www.48hopenhousebarcelona.org\/es\/wp-json\/wp\/v2\/graella?post=54537"}],"curies":[{"name":"wp","href":"https:\/\/api.w.org\/{rel}","templated":true}]}}

GALERÍAS Y TERRAZA DEL PARC SANITARI PERE VIRGILI

<p><span data-sheets-root="1">Con origen en la década de 1930 como hospital militar, el actual edificio histórico del Parc Sanitari Pere Virgili forma parte de un recinto sanitario con un marcado valor arquitectónico y urbanístico. Concebido inicialmente como infraestructura de uso exclusivamente militar, su arquitectura responde a los criterios constructivos de la época: solidez, funcionalidad y sobriedad formal. Destaca por la presencia de galerías subterráneas, espacios de comunicación vertical y grandes volúmenes organizados en pabellones.</p>
<p>Con su reconversión, a finales del siglo XX, el edificio se convierte en parte de un complejo público abierto a la ciudadanía, donde la accesibilidad, la luz natural y las zonas verdes pasan a tener un papel fundamental. Actualmente, alberga servicios sanitarios y gestiona infraestructuras dentro de un espacio de más de 50.000 m², casi la mitad de ellos destinados a espacios verdes. Desde 1999, forma parte del Parc Sanitari Pere Virgili, una institución pública referente en salud, docencia e investigación.</span></p>
