{"id":54573,"date":"2025-08-07T10:06:44","date_gmt":"2025-08-07T10:06:44","guid":{"rendered":"https:\/\/www.48hopenhousebarcelona.org\/?post_type=edificis&#038;p=54573"},"modified":"2026-02-11T15:37:22","modified_gmt":"2026-02-11T15:37:22","slug":"seu-corporativa-amb","status":"publish","type":"edificis","link":"https:\/\/www.48hopenhousebarcelona.org\/es\/els-edificis\/seu-corporativa-amb\/","title":{"rendered":"SEU CORPORATIVA AMB"},"content":{"rendered":"<p><span data-sheets-root=\"1\">La sede de AMB se encuentra ubicada en un conjunto de cinco edificios \u2013uno aislado, el edificio A, y un conjunto de otros cuatro edificios concatenados\u2013, proyectados en 1973 por el estudio Mitjans-Borrell. El conjunto responde a una composici\u00f3n unitaria, con fachadas c\u00f3ncavas y planta alargada que genera un amplio espacio central. La estructura de hormig\u00f3n armado con pantallas perpendiculares a fachada permite grandes espacios di\u00e1fanos, mientras que el muro cortina original de vidrio y aluminio confer\u00eda transparencia y ritmo al edificio, con una imagen identitaria muy caracter\u00edstica, definida por las lamas blancas verticales y orientables de la piel de fachada. La propuesta arquitect\u00f3nica de Francesc Mitjans para los edificios de oficinas del Consorcio de la Zona Franca encuentra paralelismos evidentes con el edificio Estel, de la avenida de Roma, proyectado por el mismo arquitecto en la misma \u00e9poca.<\/span><\/p>\n<p>Recientemente, el estudio DATAAE ha rehabilitado parcialmente el edificio A, preservando su esencia. La intervenci\u00f3n en planta baja ha recuperado el vest\u00edbulo como espacio central y polivalente, organizado en torno a los servicios de atenci\u00f3n ciudadana, salas de reuni\u00f3n y una nueva cafeter\u00eda vinculada al jard\u00edn. La nueva fachada incorpora una piel de acero y vidrio con alta eficiencia energ\u00e9tica y posibilidad de apertura total en determinados puntos, mejorando la relaci\u00f3n con el exterior. El proyecto introduce criterios de sostenibilidad y flexibilidad \u2014con sistemas de ventilaci\u00f3n natural y alumbrado eficiente\u2014, adaptando un edificio emblem\u00e1tico de los a\u00f1os setenta, con una alta actividad diaria, a las necesidades contempor\u00e1neas de confort, eficiencia y servicio p\u00fablico.<\/p>\n","protected":false},"featured_media":57384,"template":"","tags":[],"edicions":[1086],"obert_per":[551],"zones":[933,1075],"seccions":[985,808],"transports":[515],"estils":[570],"usos_actuals":[559],"graella":[],"class_list":["post-54573","edificis","type-edificis","status-publish","has-post-thumbnail","hentry","edicions-1086","obert_per-domingo-manana","zones-montjuic","zones-barcelona-es","seccions-inscripcion-previa","seccions-open-pro-es","transports-l10s-es","estils-estilos-contemporaneos","usos_actuals-oficinas"],"acf":[],"_links":{"self":[{"href":"https:\/\/www.48hopenhousebarcelona.org\/es\/wp-json\/wp\/v2\/edificis\/54573","targetHints":{"allow":["GET"]}}],"collection":[{"href":"https:\/\/www.48hopenhousebarcelona.org\/es\/wp-json\/wp\/v2\/edificis"}],"about":[{"href":"https:\/\/www.48hopenhousebarcelona.org\/es\/wp-json\/wp\/v2\/types\/edificis"}],"wp:featuredmedia":[{"embeddable":true,"href":"https:\/\/www.48hopenhousebarcelona.org\/es\/wp-json\/wp\/v2\/media\/57384"}],"wp:attachment":[{"href":"https:\/\/www.48hopenhousebarcelona.org\/es\/wp-json\/wp\/v2\/media?parent=54573"}],"wp:term":[{"taxonomy":"post_tag","embeddable":true,"href":"https:\/\/www.48hopenhousebarcelona.org\/es\/wp-json\/wp\/v2\/tags?post=54573"},{"taxonomy":"edicions","embeddable":true,"href":"https:\/\/www.48hopenhousebarcelona.org\/es\/wp-json\/wp\/v2\/edicions?post=54573"},{"taxonomy":"obert_per","embeddable":true,"href":"https:\/\/www.48hopenhousebarcelona.org\/es\/wp-json\/wp\/v2\/obert_per?post=54573"},{"taxonomy":"zones","embeddable":true,"href":"https:\/\/www.48hopenhousebarcelona.org\/es\/wp-json\/wp\/v2\/zones?post=54573"},{"taxonomy":"seccions","embeddable":true,"href":"https:\/\/www.48hopenhousebarcelona.org\/es\/wp-json\/wp\/v2\/seccions?post=54573"},{"taxonomy":"transports","embeddable":true,"href":"https:\/\/www.48hopenhousebarcelona.org\/es\/wp-json\/wp\/v2\/transports?post=54573"},{"taxonomy":"estils","embeddable":true,"href":"https:\/\/www.48hopenhousebarcelona.org\/es\/wp-json\/wp\/v2\/estils?post=54573"},{"taxonomy":"usos_actuals","embeddable":true,"href":"https:\/\/www.48hopenhousebarcelona.org\/es\/wp-json\/wp\/v2\/usos_actuals?post=54573"},{"taxonomy":"graella","embeddable":true,"href":"https:\/\/www.48hopenhousebarcelona.org\/es\/wp-json\/wp\/v2\/graella?post=54573"}],"curies":[{"name":"wp","href":"https:\/\/api.w.org\/{rel}","templated":true}]}}

<p><span data-sheets-root="1">La sede de AMB se encuentra ubicada en un conjunto de cinco edificios –uno aislado, el edificio A, y un conjunto de otros cuatro edificios concatenados–, proyectados en 1973 por el estudio Mitjans-Borrell. El conjunto responde a una composición unitaria, con fachadas cóncavas y planta alargada que genera un amplio espacio central. La estructura de hormigón armado con pantallas perpendiculares a fachada permite grandes espacios diáfanos, mientras que el muro cortina original de vidrio y aluminio confería transparencia y ritmo al edificio, con una imagen identitaria muy característica, definida por las lamas blancas verticales y orientables de la piel de fachada. La propuesta arquitectónica de Francesc Mitjans para los edificios de oficinas del Consorcio de la Zona Franca encuentra paralelismos evidentes con el edificio Estel, de la avenida de Roma, proyectado por el mismo arquitecto en la misma época.</span></p>
<p>Recientemente, el estudio DATAAE ha rehabilitado parcialmente el edificio A, preservando su esencia. La intervención en planta baja ha recuperado el vestíbulo como espacio central y polivalente, organizado en torno a los servicios de atención ciudadana, salas de reunión y una nueva cafetería vinculada al jardín. La nueva fachada incorpora una piel de acero y vidrio con alta eficiencia energética y posibilidad de apertura total en determinados puntos, mejorando la relación con el exterior. El proyecto introduce criterios de sostenibilidad y flexibilidad —con sistemas de ventilación natural y alumbrado eficiente—, adaptando un edificio emblemático de los años setenta, con una alta actividad diaria, a las necesidades contemporáneas de confort, eficiencia y servicio público.</p>
