{"id":54586,"date":"2025-08-07T15:16:06","date_gmt":"2025-08-07T15:16:06","guid":{"rendered":"https:\/\/www.48hopenhousebarcelona.org\/?post_type=edificis&#038;p=54586"},"modified":"2025-10-20T11:55:10","modified_gmt":"2025-10-20T11:55:10","slug":"antic-hospital-de-sant-saver-seu-de-la-col%c2%b7leccio-casacuberta-marsans","status":"publish","type":"edificis","link":"https:\/\/www.48hopenhousebarcelona.org\/es\/els-edificis\/antic-hospital-de-sant-saver-seu-de-la-col%c2%b7leccio-casacuberta-marsans\/","title":{"rendered":"ANTIGUO HOSPITAL DE CL\u00c9RIGOS DE ST SAVER"},"content":{"rendered":"<p><span data-sheets-root=\"1\">Antiguo hospital de cl\u00e9rigos de Sant Saver, situado en el \u00e1rea de la antigua muralla romana y fundado en 1412 por Jaume Aldomar, presb\u00edtero y beneficiado de la catedral de Barcelona. Este centro sanitario, de estilo renacentista, ten\u00eda la finalidad de acoger a cl\u00e9rigos y religiosos sin recursos. Dicha instituci\u00f3n funcion\u00f3 como hospital hasta 1925, a\u00f1o en que se traslad\u00f3 a Les Corts. A partir de entonces, el edificio pas\u00f3 a manos privadas, hasta llegar a la familia Casacuberta-Marsans.<\/span><\/p>\n<p>Desde finales del a\u00f1o pasado, la Colecci\u00f3n Casacuberta Marsans tiene su sede en esta construcci\u00f3n de principios del siglo XV, ubicada en la calle de la Palla de Barcelona. Actualmente recuperada como sede expositiva, ocupa el espacio donde se encontraban la iglesia, las dependencias eclesi\u00e1sticas, el claustro y sus estancias anexas. La rehabilitaci\u00f3n, a cargo de Garc\u00e9s &#8211; De Seta &#8211; Bonet Arquitectes, ha tenido como idea central restituir la memoria del edificio y habilitar un nuevo espacio expositivo para albergar la Colecci\u00f3n Casacuberta Marsans y diferentes propuestas temporales relacionadas.<\/p>\n","protected":false},"featured_media":55875,"template":"","tags":[],"edicions":[1086],"obert_per":[549,550],"zones":[1075,996],"seccions":[808],"transports":[518,519],"estils":[587],"usos_actuals":[567],"graella":[],"class_list":["post-54586","edificis","type-edificis","status-publish","has-post-thumbnail","hentry","edicions-1086","obert_per-sabado-manana","obert_per-sabado-tarde","zones-barcelona-es","zones-centre","seccions-open-pro-es","transports-l3-es","transports-l4-es","estils-historico-contemporaneo","usos_actuals-museo"],"acf":[],"_links":{"self":[{"href":"https:\/\/www.48hopenhousebarcelona.org\/es\/wp-json\/wp\/v2\/edificis\/54586","targetHints":{"allow":["GET"]}}],"collection":[{"href":"https:\/\/www.48hopenhousebarcelona.org\/es\/wp-json\/wp\/v2\/edificis"}],"about":[{"href":"https:\/\/www.48hopenhousebarcelona.org\/es\/wp-json\/wp\/v2\/types\/edificis"}],"wp:featuredmedia":[{"embeddable":true,"href":"https:\/\/www.48hopenhousebarcelona.org\/es\/wp-json\/wp\/v2\/media\/55875"}],"wp:attachment":[{"href":"https:\/\/www.48hopenhousebarcelona.org\/es\/wp-json\/wp\/v2\/media?parent=54586"}],"wp:term":[{"taxonomy":"post_tag","embeddable":true,"href":"https:\/\/www.48hopenhousebarcelona.org\/es\/wp-json\/wp\/v2\/tags?post=54586"},{"taxonomy":"edicions","embeddable":true,"href":"https:\/\/www.48hopenhousebarcelona.org\/es\/wp-json\/wp\/v2\/edicions?post=54586"},{"taxonomy":"obert_per","embeddable":true,"href":"https:\/\/www.48hopenhousebarcelona.org\/es\/wp-json\/wp\/v2\/obert_per?post=54586"},{"taxonomy":"zones","embeddable":true,"href":"https:\/\/www.48hopenhousebarcelona.org\/es\/wp-json\/wp\/v2\/zones?post=54586"},{"taxonomy":"seccions","embeddable":true,"href":"https:\/\/www.48hopenhousebarcelona.org\/es\/wp-json\/wp\/v2\/seccions?post=54586"},{"taxonomy":"transports","embeddable":true,"href":"https:\/\/www.48hopenhousebarcelona.org\/es\/wp-json\/wp\/v2\/transports?post=54586"},{"taxonomy":"estils","embeddable":true,"href":"https:\/\/www.48hopenhousebarcelona.org\/es\/wp-json\/wp\/v2\/estils?post=54586"},{"taxonomy":"usos_actuals","embeddable":true,"href":"https:\/\/www.48hopenhousebarcelona.org\/es\/wp-json\/wp\/v2\/usos_actuals?post=54586"},{"taxonomy":"graella","embeddable":true,"href":"https:\/\/www.48hopenhousebarcelona.org\/es\/wp-json\/wp\/v2\/graella?post=54586"}],"curies":[{"name":"wp","href":"https:\/\/api.w.org\/{rel}","templated":true}]}}

ANTIGUO HOSPITAL DE CLÉRIGOS DE ST SAVER

<p><span data-sheets-root="1">Antiguo hospital de clérigos de Sant Saver, situado en el área de la antigua muralla romana y fundado en 1412 por Jaume Aldomar, presbítero y beneficiado de la catedral de Barcelona. Este centro sanitario, de estilo renacentista, tenía la finalidad de acoger a clérigos y religiosos sin recursos. Dicha institución funcionó como hospital hasta 1925, año en que se trasladó a Les Corts. A partir de entonces, el edificio pasó a manos privadas, hasta llegar a la familia Casacuberta-Marsans.</span></p>
<p>Desde finales del año pasado, la Colección Casacuberta Marsans tiene su sede en esta construcción de principios del siglo XV, ubicada en la calle de la Palla de Barcelona. Actualmente recuperada como sede expositiva, ocupa el espacio donde se encontraban la iglesia, las dependencias eclesiásticas, el claustro y sus estancias anexas. La rehabilitación, a cargo de Garcés &#8211; De Seta &#8211; Bonet Arquitectes, ha tenido como idea central restituir la memoria del edificio y habilitar un nuevo espacio expositivo para albergar la Colección Casacuberta Marsans y diferentes propuestas temporales relacionadas.</p>
