{"id":54631,"date":"2025-08-11T14:37:43","date_gmt":"2025-08-11T14:37:43","guid":{"rendered":"https:\/\/www.48hopenhousebarcelona.org\/?post_type=edificis&#038;p=54631"},"modified":"2025-10-14T16:43:18","modified_gmt":"2025-10-14T16:43:18","slug":"casa-de-la-vila-ajuntament","status":"publish","type":"edificis","link":"https:\/\/www.48hopenhousebarcelona.org\/es\/els-edificis\/casa-de-la-vila-ajuntament\/","title":{"rendered":"CASA DE LA VILA &#8211; AYUNTAMIENTO"},"content":{"rendered":"<p><span style=\"font-weight: 400;\">La Casa de la Vila fue construida por el arquitecto Francesc Marin\u00e9 en ocho meses e inaugurada en 1895, en los terrenos conocidos como <\/span><i><span style=\"font-weight: 400;\">camp del rector<\/span><\/i><span style=\"font-weight: 400;\">, propiedad de Rossend Ar\u00fas. El edificio formaba parte del proyecto de urbanizaci\u00f3n del primer ensanche de la ciudad. Se trata de un edificio de planta rectangular de planta baja y dos pisos con cubierta plana y fachada principal a la plaza de l\u2019Ajuntament. Destacan el gran portal y el balc\u00f3n corrido del piso principal. Delante de esta fachada, se conservan dos farolas de hierro originales. En 1932 fue reformado por el arquitecto Ramon Puig i Gairalt. Adem\u00e1s de casa consistorial, el edificio aloj\u00f3 las escuelas, el cuartel de la Guardia Civil y la biblioteca. El edificio se ampli\u00f3 en 1975 con un cuerpo adosado en su fachada posterior. Cuenta con la protecci\u00f3n de bien cultural de inter\u00e9s local.<\/span><\/p>\n","protected":false},"featured_media":56913,"template":"","tags":[],"edicions":[1086],"obert_per":[550],"zones":[936],"seccions":[],"transports":[512,523],"estils":[583],"usos_actuals":[562],"graella":[],"class_list":["post-54631","edificis","type-edificis","status-publish","has-post-thumbnail","hentry","edicions-1086","obert_per-sabado-tarde","zones-lhospitalet-de-llobregat-es","transports-l1-es","transports-l8-es","estils-neoclasicismo","usos_actuals-administrativo"],"acf":[],"_links":{"self":[{"href":"https:\/\/www.48hopenhousebarcelona.org\/es\/wp-json\/wp\/v2\/edificis\/54631","targetHints":{"allow":["GET"]}}],"collection":[{"href":"https:\/\/www.48hopenhousebarcelona.org\/es\/wp-json\/wp\/v2\/edificis"}],"about":[{"href":"https:\/\/www.48hopenhousebarcelona.org\/es\/wp-json\/wp\/v2\/types\/edificis"}],"wp:featuredmedia":[{"embeddable":true,"href":"https:\/\/www.48hopenhousebarcelona.org\/es\/wp-json\/wp\/v2\/media\/56913"}],"wp:attachment":[{"href":"https:\/\/www.48hopenhousebarcelona.org\/es\/wp-json\/wp\/v2\/media?parent=54631"}],"wp:term":[{"taxonomy":"post_tag","embeddable":true,"href":"https:\/\/www.48hopenhousebarcelona.org\/es\/wp-json\/wp\/v2\/tags?post=54631"},{"taxonomy":"edicions","embeddable":true,"href":"https:\/\/www.48hopenhousebarcelona.org\/es\/wp-json\/wp\/v2\/edicions?post=54631"},{"taxonomy":"obert_per","embeddable":true,"href":"https:\/\/www.48hopenhousebarcelona.org\/es\/wp-json\/wp\/v2\/obert_per?post=54631"},{"taxonomy":"zones","embeddable":true,"href":"https:\/\/www.48hopenhousebarcelona.org\/es\/wp-json\/wp\/v2\/zones?post=54631"},{"taxonomy":"seccions","embeddable":true,"href":"https:\/\/www.48hopenhousebarcelona.org\/es\/wp-json\/wp\/v2\/seccions?post=54631"},{"taxonomy":"transports","embeddable":true,"href":"https:\/\/www.48hopenhousebarcelona.org\/es\/wp-json\/wp\/v2\/transports?post=54631"},{"taxonomy":"estils","embeddable":true,"href":"https:\/\/www.48hopenhousebarcelona.org\/es\/wp-json\/wp\/v2\/estils?post=54631"},{"taxonomy":"usos_actuals","embeddable":true,"href":"https:\/\/www.48hopenhousebarcelona.org\/es\/wp-json\/wp\/v2\/usos_actuals?post=54631"},{"taxonomy":"graella","embeddable":true,"href":"https:\/\/www.48hopenhousebarcelona.org\/es\/wp-json\/wp\/v2\/graella?post=54631"}],"curies":[{"name":"wp","href":"https:\/\/api.w.org\/{rel}","templated":true}]}}

<p><span style="font-weight: 400;">La Casa de la Vila fue construida por el arquitecto Francesc Mariné en ocho meses e inaugurada en 1895, en los terrenos conocidos como </span><i><span style="font-weight: 400;">camp del rector</span></i><span style="font-weight: 400;">, propiedad de Rossend Arús. El edificio formaba parte del proyecto de urbanización del primer ensanche de la ciudad. Se trata de un edificio de planta rectangular de planta baja y dos pisos con cubierta plana y fachada principal a la plaza de l’Ajuntament. Destacan el gran portal y el balcón corrido del piso principal. Delante de esta fachada, se conservan dos farolas de hierro originales. En 1932 fue reformado por el arquitecto Ramon Puig i Gairalt. Además de casa consistorial, el edificio alojó las escuelas, el cuartel de la Guardia Civil y la biblioteca. El edificio se amplió en 1975 con un cuerpo adosado en su fachada posterior. Cuenta con la protección de bien cultural de interés local.</span></p>
